This is the mail archive of the
gcc-testresults@gcc.gnu.org
mailing list for the GCC project.
Results for [ssa] 3.5-tree-ssa 20030406 (experimental) testsuite on i686-pc-linux-gnu
- From: "Autocrasher" <autocrasher at devphil dot com>
- To: gcc-testresults at gcc dot gnu dot org
- Date: 1 May 2003 13:45:01 -0000
- Subject: Results for [ssa] 3.5-tree-ssa 20030406 (experimental) testsuite on i686-pc-linux-gnu
The configure/build/test log and libstdc++-v3 regression plots can be
found at http://www.devphil.com/build/
Host was specified as athlon_mp-pc-linux-gnu.
This particular run used standard (previously installed) binutils.
- The Autocrasher (Phil's Builder Bot, version 1.2)
LAST_UPDATED: Thu Jan 30 11:26:43 UTC 2003
Native configuration is i686-pc-linux-gnu
=== libstdc++-v3 tests ===
Running target unix
FAIL: 20_util/allocator_members.cc -DDEBUG_ASSERT execution test
FAIL: 23_containers/deque_ctor.cc -DDEBUG_ASSERT execution test
FAIL: 23_containers/vector_ctor.cc -DDEBUG_ASSERT execution test
FAIL: 27_io/ios_init.cc -DDEBUG_ASSERT execution test
=== libstdc++-v3 Summary ===
# of expected passes 312
# of unexpected failures 4
# of expected failures 2
=== g++ tests ===
Running target unix
FAIL: g++.dg/eh/cond1.C -ansi -pedantic-errors -Wno-long-long (test for excess errors)
WARNING: g++.dg/eh/cond1.C -ansi -pedantic-errors -Wno-long-long compilation failed to produce executable
FAIL: g++.dg/eh/simd-2.C -O (test for excess errors)
WARNING: g++.dg/eh/simd-2.C -O compilation failed to produce executable
FAIL: 213: expected branch percentages not found: 11
FAIL: 258: expected branch percentages not found: 20 25
FAIL: g++.dg/gcov/gcov-1.C gcov: 0 failures in line counts, 2 in branch percentages, 0 in return percentages
FAIL: pch/system-1.C -g assembly comparison
FAIL: pch/system-1.C -O2 -g assembly comparison
FAIL: pch/system-2.C -g assembly comparison
FAIL: pch/system-2.C -O2 -g assembly comparison
XPASS: g++.other/init5.C Execution test
FAIL: g++.other/vaarg3.C promote (test for errors, line 23)
FAIL: g++.other/vaarg3.C promote (test for errors, line 26)
=== g++ Summary ===
# of expected passes 8494
# of unexpected failures 11
# of unexpected successes 1
# of expected failures 68
# of untested testcases 9
# of unsupported tests 3
/home/pme/build/build-2003-05-01-ssa/gcc/testsuite/../g++ version 3.5-tree-ssa 20030406 (experimental)
Compiler version: 3.5-tree-ssa 20030406 (experimental)
Platform: i686-pc-linux-gnu
configure flags: --prefix=/home/pme/build/install-2003-05-01-ssa --enable-shared --disable-werror --host=athlon_mp-pc-linux-gnu --enable-threads=posix --enable-__cxa_atexit --enable-languages=c++ --with-dwarf2 --enable-cxx-flags=-march=athlon-mp