This is the mail archive of the
gcc-testresults@gcc.gnu.org
mailing list for the GCC project.
Results for 3.3 20030412 (Debian prerelease) testsuite on hppa-unknown-linux-gnu
- From: Matthias Klose <doko at auric dot debian dot org>
- To: gcc-testresults at gcc dot gnu dot org
- Cc: debian-gcc at lists dot debian dot org
- Date: Sun, 13 Apr 2003 17:54:09 -0400
- Subject: Results for 3.3 20030412 (Debian prerelease) testsuite on hppa-unknown-linux-gnu
- Reply-to: Matthias Klose <doko at debian dot org>
LAST_UPDATED: Sat Apr 12 19:08:07 UTC 2003
Native configuration is hppa-unknown-linux-gnu
=== g++ tests ===
Running target unix
FAIL: g++.dg/compat/break/bitfield7 y_tst.o compile
UNRESOLVED: g++.dg/compat/break/bitfield7 x_tst.o-y_tst.o link
UNRESOLVED: g++.dg/compat/break/bitfield7 x_tst.o-y_tst.o execute
FAIL: g++.dg/eh/forced1.C (test for excess errors)
WARNING: g++.dg/eh/forced1.C compilation failed to produce executable
FAIL: g++.dg/eh/forced2.C (test for excess errors)
WARNING: g++.dg/eh/forced2.C compilation failed to produce executable
FAIL: g++.dg/parse/crash2.C (test for errors, line 5)
FAIL: g++.dg/parse/crash2.C (test for excess errors)
XPASS: g++.other/init5.C Execution test
=== g++ Summary ===
# of expected passes 7887
# of unexpected failures 5
# of unexpected successes 1
# of expected failures 96
# of unresolved testcases 2
# of untested testcases 23
# of unsupported tests 17
/home/packages/gcc/3.3/gcc-3.3-3.3ds4/build/gcc/testsuite/../g++ version 3.3 20030412 (Debian prerelease)
=== g77 tests ===
Running target unix
=== g77 Summary ===
# of expected passes 1686
# of unsupported tests 8
/home/packages/gcc/3.3/gcc-3.3-3.3ds4/build/gcc/testsuite/../g77 version 3.3 20030412 (Debian prerelease)
=== gcc tests ===
Running target unix
FAIL: gcc.c-torture/compile/20030405-1.c, -O2
FAIL: gcc.c-torture/compile/20030405-1.c, -O3 -fomit-frame-pointer
FAIL: gcc.c-torture/compile/20030405-1.c, -O3 -g
FAIL: gcc.dg/duff-2.c (test for excess errors)
FAIL: gcc.dg/uninit-C.c (test for excess errors)
=== gcc Summary ===
# of expected passes 21189
# of unexpected failures 5
# of expected failures 67
# of unsupported tests 171
/home/packages/gcc/3.3/gcc-3.3-3.3ds4/build/gcc/xgcc version 3.3 20030412 (Debian prerelease)
=== objc tests ===
Running target unix
FAIL: objc.dg/naming-1.m (test for errors, line 20)
FAIL: objc.dg/naming-1.m (test for excess errors)
FAIL: objc.dg/naming-2.m (test for errors, line 7)
FAIL: objc.dg/naming-2.m (test for excess errors)
=== objc Summary ===
# of expected passes 1149
# of unexpected failures 4
/home/packages/gcc/3.3/gcc-3.3-3.3ds4/build/gcc/xgcc version 3.3 20030412 (Debian prerelease)
=== treelang tests ===
Running target unix
=== treelang Summary ===
# of expected passes 1
=== libstdc++-v3 tests ===
Running target unix
XPASS: 22_locale/collate_byname.cc execution test
XPASS: 22_locale/collate_members_char.cc execution test
XPASS: 22_locale/collate_members_wchar_t.cc execution test
XPASS: 22_locale/ctype_is_char.cc execution test
XPASS: 22_locale/members.cc execution test
XPASS: 22_locale/messages_byname.cc execution test
XPASS: 22_locale/messages_members_char.cc execution test
XPASS: 22_locale/moneypunct_byname.cc execution test
XPASS: 22_locale/moneypunct_members_char.cc execution test
XPASS: 22_locale/moneypunct_members_wchar_t.cc execution test
XPASS: 22_locale/numpunct_byname.cc execution test
XPASS: 22_locale/numpunct_members_char.cc execution test
XPASS: 22_locale/numpunct_members_wchar_t.cc execution test
FAIL: 26_numerics/c99_classification_macros_c.cc (test for excess errors)
=== libstdc++-v3 Summary ===
# of expected passes 452
# of unexpected failures 1
# of unexpected successes 13
# of expected failures 14
Compiler version: 3.3 20030412 (Debian prerelease)
Platform: hppa-unknown-linux-gnu
configure flags: --host=hppa-linux -v --enable-languages=c,c++,f77,objc,ada,treelang --prefix=/usr --mandir=/usr/share/man --infodir=/usr/share/info --with-gxx-include-dir=/usr/include/c++/3.3 --enable-shared --with-system-zlib --enable-nls --without-included-gettext --enable-__cxa_atexit --enable-sjlj-exceptions --enable-clocale=gnu --enable-debug --enable-objc-gc
BOOT_CFLAGS=-O2
Build Dependencies:
Desired=Unknown/Install/Remove/Purge/Hold
| Status=Not/Installed/Config-files/Unpacked/Failed-config/Half-installed
|/ Err?=(none)/Hold/Reinst-required/X=both-problems (Status,Err: uppercase=bad)
||/ Name Version Description
+++-==============-==============-============================================
ii binutils 2.13.90.0.18-1 The GNU assembler, linker and binary utiliti
ii libc6-dev 2.3.1-16 GNU C Library: Development Libraries and Hea
Patches that Debian applied in this version:
gcc-names:
versioned gcc names
gcc-version:
Add "(Debian)" to the gcc version string
libstdc++-pic:
Build and install libstdc++_pic.a library.
libstdc++-doclink:
link local libstdc++ documentation to local source-level documentation
gccbug:
Use sensible-editor instead of vi as fallback editor
gccbug-manpage:
add gccbug(1) manpage
libtool-rpath:
2003-03-10 Andreas Schwab <schwab at suse dot de>
With the introduction of multi-os-directory the libdir specification in
*.la files have /. appended to \$(libdir). This confuses libtool when it
tries to find out whether to add -rpath, because it only matches literally
against sys_lib_dlsearch_path members. Tested on i386-linux.
test-installed:
contrib/test_installed: add objc tests as well
deb-protoize:
build protoize/unprotoize by default
libobjc:
Find gc.h header in /usr/include/gc for --enable-objc-gc enabled builds.
g77-names:
versioned g77 names
treelang-names:
Install treelang info pages under versioned name
ada-gcc-name:
use gcc-3.3 instead of gcc and gnatXXX-3.15 instead of gnatXXX
as the command names.
reporting:
<compiler> --help gives hint to /usr/share/doc/debian/bug-reporting.txt
autoreconf:
autoreconf several directories for proper mipsen libtool support
Counting all warnings,
there are 280 warnings in stage3 of this bootstrap.
Number of warnings per file:
225 SYSCALLS.c
5 op8903.c
5 gcc/treelang/parse.c
5 c-p3654.c
4 gcc/gcc.c
4 gcc/ada/tracebak.c
4 ./intdoc.texi
3 gcc/unwind-sjlj.c
3 gcc/tlink.c
3 gcc/reload1.c
2 gengtype-yacc.c
2 gcc/f/sta.c
2 gcc/crtstuff.c
1 gt-ada-utils.h
1 gt-ada-decl.h
1 gcc/unwind-pe.h
1 gcc/reload.c
1 gcc/regmove.c
1 gcc/recog.c
1 gcc/protoize.c
1 gcc/objc/lang-specs.h
1 gcc/function.c
1 gcc/flow.c
1 gcc/emit-rtl.c
1 gcc/collect2.c
1 ada/b_gnatb.c
Number of warning types:
224 function declaration isn't a prototype
12 traditional C rejects ISO C style function definitions
9 comparison between signed and unsigned
4 comparison of unsigned expression < 0 is always false
3 unused parameter `???'
3 string length `???' is greater than the length `???' ISO C89 compilers are required to support
3 assignment makes pointer from integer without a cast
2 variable `???' might be clobbered by `longjmp' or `vfork'
2 unused variable `???'
2 unlikely character ) in @var.
2 unlikely character ( in @var.
2 passing arg ??? of `???' discards qualifiers from pointer target type
2 dereferencing type-punned pointer will break strict-aliasing rules
2 conflicting types for built-in function `???'
2 `???' might be used uninitialized in this function
2 `???' defined but not used
1 signed and unsigned type in conditional expression
1 return makes integer from pointer without a cast
1 initialization makes pointer from integer without a cast
1 implicit declaration of function `???'