This is the mail archive of the
gcc-testresults@gcc.gnu.org
mailing list for the GCC project.
Results for 3.2.2 testsuite on i686-pc-linux-gnu
- From: Jeffrey Stephens <jeffs at x1-6-00-80-ad-46-19-81>
- To: gcc-testresults at gcc dot gnu dot org
- Date: Sat, 8 Feb 2003 04:48:25 -0500
- Subject: Results for 3.2.2 testsuite on i686-pc-linux-gnu
System info on test results -
Pentium II 233MHz, w/196MB S100 SDRAM
RedHat 7.3
Kernel 2.4.18-24.7.x
binutils-2.11.93.0.2-11
dejagnu-1.4.2-3
expect-5.32.2-67
Configure command line used:
\$ ../gcc-3.2.2/configure --prefix=/opt --disable-multilib \\
--enable-threads --enable-version-specific-runtime-libs --enable-shared
Make command line used:
\$ make CFLAGS='-O' LIBCFLAGS='-g -O2' \\
LIBCXXFLAGS='-g -O2 -fno-implicit-templates' bootstrap-leanLAST_UPDATED:
Native configuration is i686-pc-linux-gnu
=== g77 tests ===
Running target unix
=== g77 Summary ===
# of expected passes 1474
gcc version 3.2.2
=== gcc tests ===
Running target unix
=== gcc Summary ===
# of expected passes 18659
# of expected failures 68
# of unsupported tests 44
gcc version 3.2.2
=== g++ tests ===
Running target unix
=== g++ Summary ===
# of expected passes 7368
# of expected failures 89
# of untested testcases 9
# of unsupported tests 3
gcc version 3.2.2
=== libstdc++-v3 tests ===
Running target unix
XPASS: 22_locale/collate_byname.cc execution test
XPASS: 22_locale/collate_members_char.cc execution test
XPASS: 22_locale/collate_members_wchar_t.cc execution test
XPASS: 22_locale/ctype_is_char.cc execution test
XPASS: 22_locale/ctype_is_wchar_t.cc execution test
XPASS: 22_locale/members.cc execution test
XPASS: 22_locale/messages_byname.cc execution test
XPASS: 22_locale/messages_members_char.cc execution test
XPASS: 22_locale/money_get_members_char.cc execution test
XPASS: 22_locale/money_get_members_wchar_t.cc execution test
XPASS: 22_locale/money_put_members_char.cc execution test
XPASS: 22_locale/money_put_members_wchar_t.cc execution test
XPASS: 22_locale/moneypunct_byname.cc execution test
XPASS: 22_locale/moneypunct_members_char.cc execution test
XPASS: 22_locale/moneypunct_members_wchar_t.cc execution test
XPASS: 22_locale/num_get_members_char.cc execution test
XPASS: 22_locale/num_get_members_wchar_t.cc execution test
XPASS: 22_locale/num_put_members_char.cc execution test
XPASS: 22_locale/num_put_members_wchar_t.cc execution test
XPASS: 22_locale/numpunct_byname.cc execution test
XPASS: 22_locale/numpunct_members_char.cc execution test
XPASS: 22_locale/numpunct_members_wchar_t.cc execution test
XPASS: 22_locale/time_get_members_char.cc execution test
XPASS: 22_locale/time_get_members_wchar_t.cc execution test
XPASS: 22_locale/time_put_members_char.cc execution test
XPASS: 22_locale/time_put_members_wchar_t.cc execution test
FAIL: 26_numerics/c99_classification_macros_c.cc (test for excess errors)
=== libstdc++-v3 Summary ===
# of expected passes 432
# of unexpected failures 1
# of unexpected successes 26
Compiler version: 3.2.2
Platform: i686-pc-linux-gnu
configure flags: --host=i686-pc-linux-gnu --prefix=/opt --disable-multilib --enable-threads --enable-version-specific-runtime-libs --enable-shared