This is the mail archive of the
gcc-testresults@gcc.gnu.org
mailing list for the GCC project.
Results for 3.3.pch 20030130 (prerelease) testsuite on powerpc-unknown-linux-gnu
- From: Kaoru Fukui <k_fukui at highway dot ne dot jp>
- To: gcc-testresults at gcc dot gnu dot org
- Date: Sun, 2 Feb 2003 06:47:55 +0900 (JST)
- Subject: Results for 3.3.pch 20030130 (prerelease) testsuite on powerpc-unknown-linux-gnu
- Reply-to: Kaoru Fukui <k_fukui at highway dot ne dot jp>
patch:pch patches, Christian's libffi/config.in,Mike's ggc_pop_context speedup
Native configuration is powerpc-unknown-linux-gnu
=== g++ tests ===
Running target unix
FAIL: g++.dg/compat/break/bitfield7 y_tst.o compile
UNRESOLVED: g++.dg/compat/break/bitfield7 x_tst.o-y_tst.o link
UNRESOLVED: g++.dg/compat/break/bitfield7 x_tst.o-y_tst.o execute
FAIL: g++.dg/warn/Wunused-2.C (test for warnings, line 5)
FAIL: pch/system-1.C -g assembly comparison
FAIL: pch/system-1.C -O2 -g assembly comparison
XPASS: g++.other/init5.C Execution test
=== g++ Summary ===
# of expected passes 7885
# of unexpected failures 4
# of unexpected successes 1
# of expected failures 91
# of unresolved testcases 2
# of untested testcases 23
# of unsupported tests 17
/usr/src/redhat/BUILD/gcc-3.3/obj-powerpc-unknown-linux-gnu/gcc/testsuite/../g++ version 3.3.pch 20030130 (prerelease)
=== g77 tests ===
Running target unix
=== g77 Summary ===
# of expected passes 1644
# of unsupported tests 8
/usr/src/redhat/BUILD/gcc-3.3/obj-powerpc-unknown-linux-gnu/gcc/testsuite/../g77 version 3.3.pch 20030130 (prerelease)
=== gcc tests ===
Running target unix
FAIL: gcc.dg/20020103-1.c scan-assembler-not LC
FAIL: gcc.dg/20020118-1.c execution test
FAIL: gcc.dg/altivec-5.c (test for excess errors)
FAIL: gcc.dg/duff-2.c (test for excess errors)
FAIL: gcc.dg/pch/inline-1.c (test for excess errors)
=== gcc Summary ===
# of expected passes 21546
# of unexpected failures 5
# of expected failures 67
# of untested testcases 1
# of unsupported tests 140
/usr/src/redhat/BUILD/gcc-3.3/obj-powerpc-unknown-linux-gnu/gcc/xgcc version 3.3.pch 20030130 (prerelease)
=== objc tests ===
Running target unix
=== objc Summary ===
# of expected passes 1153
/usr/src/redhat/BUILD/gcc-3.3/obj-powerpc-unknown-linux-gnu/gcc/xgcc version 3.3.pch 20030130 (prerelease)
=== libjava tests ===
Running target unix
FAIL: PR1343 compilation from bytecode
FAIL: PR1343 -O compilation from bytecode
FAIL: Array_3 -O execution - source compiled test
WARNING: program timed out.
FAIL: SyncTest execution - gij test
WARNING: program timed out.
FAIL: SyncTest execution - gij test
=== libjava Summary ===
# of expected passes 2917
# of unexpected failures 5
# of expected failures 16
# of untested testcases 15
=== libstdc++-v3 tests ===
Running target unix
XPASS: 22_locale/collate_byname.cc execution test
XPASS: 22_locale/collate_members_char.cc execution test
XPASS: 22_locale/collate_members_wchar_t.cc execution test
XPASS: 22_locale/ctype_is_char.cc execution test
XPASS: 22_locale/ctype_is_wchar_t.cc execution test
XPASS: 22_locale/members.cc execution test
XPASS: 22_locale/messages_byname.cc execution test
XPASS: 22_locale/messages_members_char.cc execution test
XPASS: 22_locale/money_get_members_char.cc execution test
XPASS: 22_locale/money_get_members_wchar_t.cc execution test
XPASS: 22_locale/money_put_members_char.cc execution test
XPASS: 22_locale/money_put_members_wchar_t.cc execution test
XPASS: 22_locale/moneypunct_byname.cc execution test
XPASS: 22_locale/moneypunct_members_char.cc execution test
XPASS: 22_locale/moneypunct_members_wchar_t.cc execution test
XPASS: 22_locale/num_get_members_char.cc execution test
XPASS: 22_locale/num_get_members_wchar_t.cc execution test
XPASS: 22_locale/num_put_members_char.cc execution test
XPASS: 22_locale/num_put_members_wchar_t.cc execution test
XPASS: 22_locale/numpunct_byname.cc execution test
XPASS: 22_locale/numpunct_members_char.cc execution test
XPASS: 22_locale/numpunct_members_wchar_t.cc execution test
XPASS: 22_locale/time_get_members_char.cc execution test
XPASS: 22_locale/time_get_members_wchar_t.cc execution test
XPASS: 22_locale/time_put_members_char.cc execution test
XPASS: 22_locale/time_put_members_wchar_t.cc execution test
FAIL: 26_numerics/c99_classification_macros_c.cc (test for excess errors)
=== libstdc++-v3 Summary ===
# of expected passes 439
# of unexpected failures 1
# of unexpected successes 26
# of expected failures 1
Compiler version: 3.3.pch 20030130 (prerelease)
Platform: powerpc-unknown-linux-gnu
configure flags: --mandir=/usr/share/man --infodir=/usr/share/info --enable-shared --disable-checking --enable-threads=posix --enable-__cxa_atexit --enable-altivec=no --prefix=/usr --with-system-zlib --host=powerpc-unknown-linux-gnu --enable-languages=c,c++,objc,f77,java