This is the mail archive of the
gcc-testresults@gcc.gnu.org
mailing list for the GCC project.
Results for 3.2 20020727 (experimental) testsuite on i686-pc-linux-gnu
- From: "H. J. Lu" <hjl at lucon dot org>
- To: gcc-testresults at gcc dot gnu dot org
- Date: Sat, 27 Jul 2002 18:45:18 -0700
- Subject: Results for 3.2 20020727 (experimental) testsuite on i686-pc-linux-gnu
LAST_UPDATED: Sat Jul 27 15:34:37 UTC 2002
Native configuration is i686-pc-linux-gnu
=== g77 tests ===
Running target unix
FAIL: g77.f-torture/execute/6367.f execution, -O0
FAIL: g77.f-torture/execute/6367.f execution, -O1
FAIL: g77.f-torture/execute/6367.f execution, -O2
FAIL: g77.f-torture/execute/6367.f execution, -O3 -fomit-frame-pointer
FAIL: g77.f-torture/execute/6367.f execution, -O3 -fomit-frame-pointer -funroll-loops
FAIL: g77.f-torture/execute/6367.f execution, -O3 -fomit-frame-pointer -funroll-all-loops -finline-functions
FAIL: g77.f-torture/execute/6367.f execution, -O3 -g
FAIL: g77.f-torture/execute/6367.f execution, -Os
=== g77 Summary ===
# of expected passes 1634
# of unexpected failures 8
/export/build/gnu/gcc/build-pentium3-rearden-linux/gcc/testsuite/../g77 version 3.2 20020727 (experimental)
=== gcc tests ===
Running target unix
FAIL: gcc.c-torture/compile/20010903-1.c, -O3 -fomit-frame-pointer -funroll-loops
FAIL: gcc.c-torture/compile/20010903-1.c, -O3 -fomit-frame-pointer -funroll-all-loops -finline-functions
FAIL: gcc.c-torture/compile/simd-1.c, -O1
FAIL: gcc.c-torture/compile/simd-1.c, -O2
FAIL: gcc.c-torture/compile/simd-1.c, -O3 -fomit-frame-pointer
FAIL: gcc.c-torture/compile/simd-1.c, -O3 -g
FAIL: gcc.c-torture/compile/simd-1.c, -Os
FAIL: gcc.c-torture/compile/simd-2.c, -O1
FAIL: gcc.c-torture/compile/simd-2.c, -O2
FAIL: gcc.c-torture/compile/simd-2.c, -O3 -fomit-frame-pointer
FAIL: gcc.c-torture/compile/simd-2.c, -O3 -g
FAIL: gcc.c-torture/compile/simd-2.c, -Os
FAIL: gcc.c-torture/compile/simd-3.c, -O0
FAIL: gcc.c-torture/compile/simd-3.c, -O1
FAIL: gcc.c-torture/compile/simd-3.c, -O2
FAIL: gcc.c-torture/compile/simd-3.c, -O3 -fomit-frame-pointer
FAIL: gcc.c-torture/compile/simd-3.c, -O3 -g
FAIL: gcc.c-torture/compile/simd-3.c, -Os
FAIL: gcc.c-torture/execute/20020720-1.c compilation, -O1
UNRESOLVED: gcc.c-torture/execute/20020720-1.c execution, -O1
FAIL: gcc.c-torture/execute/20020720-1.c compilation, -O2
UNRESOLVED: gcc.c-torture/execute/20020720-1.c execution, -O2
FAIL: gcc.c-torture/execute/20020720-1.c compilation, -O3 -fomit-frame-pointer
UNRESOLVED: gcc.c-torture/execute/20020720-1.c execution, -O3 -fomit-frame-pointer
FAIL: gcc.c-torture/execute/20020720-1.c compilation, -O3 -g
UNRESOLVED: gcc.c-torture/execute/20020720-1.c execution, -O3 -g
FAIL: gcc.c-torture/execute/20020720-1.c compilation, -Os
UNRESOLVED: gcc.c-torture/execute/20020720-1.c execution, -Os
FAIL: gcc.c-torture/execute/960512-1.c execution, -O1
FAIL: gcc.c-torture/execute/simd-1.c compilation, -O1
UNRESOLVED: gcc.c-torture/execute/simd-1.c execution, -O1
FAIL: gcc.c-torture/execute/simd-1.c compilation, -O2
UNRESOLVED: gcc.c-torture/execute/simd-1.c execution, -O2
FAIL: gcc.c-torture/execute/simd-1.c compilation, -O3 -fomit-frame-pointer
UNRESOLVED: gcc.c-torture/execute/simd-1.c execution, -O3 -fomit-frame-pointer
FAIL: gcc.c-torture/execute/simd-1.c compilation, -O3 -g
UNRESOLVED: gcc.c-torture/execute/simd-1.c execution, -O3 -g
FAIL: gcc.c-torture/execute/simd-1.c compilation, -Os
UNRESOLVED: gcc.c-torture/execute/simd-1.c execution, -Os
FAIL: gcc.c-torture/execute/simd-2.c compilation, -O1
UNRESOLVED: gcc.c-torture/execute/simd-2.c execution, -O1
FAIL: gcc.c-torture/execute/simd-2.c compilation, -O2
UNRESOLVED: gcc.c-torture/execute/simd-2.c execution, -O2
FAIL: gcc.c-torture/execute/simd-2.c compilation, -O3 -fomit-frame-pointer
UNRESOLVED: gcc.c-torture/execute/simd-2.c execution, -O3 -fomit-frame-pointer
FAIL: gcc.c-torture/execute/simd-2.c compilation, -O3 -g
UNRESOLVED: gcc.c-torture/execute/simd-2.c execution, -O3 -g
FAIL: gcc.c-torture/execute/simd-2.c compilation, -Os
UNRESOLVED: gcc.c-torture/execute/simd-2.c execution, -Os
FAIL: cmdlne-dM-M.c: #define line not printed
FAIL: gcc.dg/20010822-1.c execution test
FAIL: gcc.dg/i386-387-1.c scan-assembler call _?sin
FAIL: gcc.dg/i386-387-1.c scan-assembler call _?cos
FAIL: gcc.dg/i386-387-1.c scan-assembler call _?sqrt
FAIL: gcc.misc-tests/i386-pf-none-1.c scan-assembler-not fetch
FAIL: gcc.misc-tests/i386-pf-none-1.c scan-assembler-not fetch
FAIL: gcc.misc-tests/i386-pf-none-1.c scan-assembler-not fetch
FAIL: gcc.misc-tests/i386-pf-none-1.c scan-assembler-not fetch
FAIL: gcc.misc-tests/i386-pf-none-1.c scan-assembler-not fetch
FAIL: gcc.misc-tests/i386-pf-none-1.c scan-assembler-not fetch
FAIL: gcc.misc-tests/i386-pf-none-1.c scan-assembler-not fetch
FAIL: gcc.misc-tests/i386-pf-none-1.c scan-assembler-not fetch
=== gcc Summary ===
# of expected passes 19431
# of unexpected failures 47
# of expected failures 65
# of unresolved testcases 15
# of unsupported tests 61
/export/build/gnu/gcc/build-pentium3-rearden-linux/gcc/xgcc version 3.2 20020727 (experimental)
=== g++ tests ===
Running target unix
FAIL: g++.dg/warn/Wunused-2.C (test for warnings, line 5)
XPASS: g++.other/init5.C Execution test
=== g++ Summary ===
# of expected passes 7499
# of unexpected failures 1
# of unexpected successes 1
# of expected failures 86
# of untested testcases 9
# of unsupported tests 3
/export/build/gnu/gcc/build-pentium3-rearden-linux/gcc/testsuite/../g++ version 3.2 20020727 (experimental)
=== objc tests ===
Running target unix
=== objc Summary ===
# of expected passes 1043
# of expected failures 6
/export/build/gnu/gcc/build-pentium3-rearden-linux/gcc/xgcc version 3.2 20020727 (experimental)
=== libjava tests ===
Running target unix
FAIL: PR1343 compilation from bytecode
FAIL: PR1343 -O compilation from bytecode
FAIL: Array_3 compilation from bytecode
FAIL: Array_3 -O execution - source compiled test
FAIL: Array_3 -O compilation from bytecode
=== libjava Summary ===
# of expected passes 2681
# of unexpected failures 5
# of expected failures 14
# of untested testcases 13
=== libstdc++-v3 tests ===
Running target unix
FAIL: 22_locale/codecvt_members_char_char.cc execution test
FAIL: 22_locale/codecvt_members_wchar_t_char.cc execution test
FAIL: 22_locale/ctor_copy_dtor.cc execution test
FAIL: 22_locale/ctype_narrow_wchar_t.cc execution test
FAIL: 22_locale/ctype_to_char.cc execution test
FAIL: 22_locale/ctype_to_wchar_t.cc execution test
FAIL: 26_numerics/c99_classification_macros_c.cc (test for excess errors)
FAIL: 27_io/ostream_inserter_arith.cc execution test
=== libstdc++-v3 Summary ===
# of expected passes 409
# of unexpected failures 8
# of expected failures 27
Compiler version: 3.2 20020727 (experimental)
Platform: i686-pc-linux-gnu
configure flags: --host=i686-pc-linux-gnu --with-arch=pentium3 --with-cpu=pentium3 --enable-__cxa_atexit --enable-clocale=gnu --with-system-zlib --enable-shared --enable-threads=posix --enable-haifa --disable-checking --prefix=/usr/gcc-3.3 --with-local-prefix=/usr/local