This is the mail archive of the gcc-testresults@gcc.gnu.org mailing list for the GCC project.


Index Nav: [Date Index] [Subject Index] [Author Index] [Thread Index]
Message Nav: [Date Prev] [Date Next] [Thread Prev] [Thread Next]
Other format: [Raw text]

Results for 3.2 2002-07-26 (prerelease) testsuite on i586-pc-linux-gnu


LAST_UPDATED: Fri Jul 26 23:54:03 UTC 2002

Native configuration is i586-pc-linux-gnu

		=== g++ tests ===


Running target unix
XPASS: g++.other/init5.C  Execution test

		=== g++ Summary ===

# of expected passes		7269
# of unexpected successes	1
# of expected failures		87
# of untested testcases		9
# of unsupported tests		3
/export/build/gnu/gcc-3.2/build-i586-linux/gcc/testsuite/../g++ version 3.2 2002-07-26 (prerelease)

		=== g77 tests ===


Running target unix

		=== g77 Summary ===

# of expected passes		1452
# of unsupported tests		8
/export/build/gnu/gcc-3.2/build-i586-linux/gcc/testsuite/../g77 version 3.2 2002-07-26 (prerelease)

		=== gcc tests ===


Running target unix
FAIL: gcc.c-torture/execute/loop-2e.c execution,  -Os 
FAIL: gcc.c-torture/execute/loop-3c.c execution,  -Os 

		=== gcc Summary ===

# of expected passes		18591
# of unexpected failures	2
# of expected failures		66
# of unsupported tests		44
/export/build/gnu/gcc-3.2/build-i586-linux/gcc/xgcc version 3.2 2002-07-26 (prerelease)

		=== objc tests ===


Running target unix

		=== objc Summary ===

# of expected passes		1035
# of expected failures		6
/export/build/gnu/gcc-3.2/build-i586-linux/gcc/xgcc version 3.2 2002-07-26 (prerelease)

		=== libjava tests ===


Running target unix

		=== libjava Summary ===

# of expected passes		2075
# of expected failures		18
# of untested testcases		14
		=== libstdc++-v3 tests ===


Running target unix
XPASS: 22_locale/collate_byname.cc execution test
XPASS: 22_locale/collate_members_char.cc execution test
XPASS: 22_locale/collate_members_wchar_t.cc execution test
XPASS: 22_locale/ctype_is_char.cc execution test
XPASS: 22_locale/ctype_is_wchar_t.cc execution test
XPASS: 22_locale/members.cc execution test
XPASS: 22_locale/messages_byname.cc execution test
XPASS: 22_locale/messages_members_char.cc execution test
XPASS: 22_locale/money_get_members_char.cc execution test
XPASS: 22_locale/money_get_members_wchar_t.cc execution test
XPASS: 22_locale/money_put_members_char.cc execution test
XPASS: 22_locale/money_put_members_wchar_t.cc execution test
XPASS: 22_locale/moneypunct_byname.cc execution test
XPASS: 22_locale/moneypunct_members_char.cc execution test
XPASS: 22_locale/moneypunct_members_wchar_t.cc execution test
XPASS: 22_locale/num_get_members_char.cc execution test
XPASS: 22_locale/num_get_members_wchar_t.cc execution test
XPASS: 22_locale/num_put_members_char.cc execution test
XPASS: 22_locale/num_put_members_wchar_t.cc execution test
XPASS: 22_locale/numpunct_byname.cc execution test
XPASS: 22_locale/numpunct_members_char.cc execution test
XPASS: 22_locale/numpunct_members_wchar_t.cc execution test
XPASS: 22_locale/time_get_members_char.cc execution test
XPASS: 22_locale/time_get_members_wchar_t.cc execution test
XPASS: 22_locale/time_put_members_char.cc execution test
XPASS: 22_locale/time_put_members_wchar_t.cc execution test
FAIL: 26_numerics/c99_classification_macros_c.cc (test for excess errors)

		=== libstdc++-v3 Summary ===

# of expected passes		408
# of unexpected failures	1
# of unexpected successes	26

Compiler version: 3.2 2002-07-26 (prerelease) 
Platform: i586-pc-linux-gnu
configure flags: --host=i586-pc-linux-gnu --enable-clocale=gnu --enable-shared --enable-threads=posix --enable-haifa --disable-checking --prefix=/usr/gcc-3.2 --with-local-prefix=/usr/local


Index Nav: [Date Index] [Subject Index] [Author Index] [Thread Index]
Message Nav: [Date Prev] [Date Next] [Thread Prev] [Thread Next]