This is the mail archive of the gcc-testresults@gcc.gnu.org mailing list for the GCC project.


Index Nav: [Date Index] [Subject Index] [Author Index] [Thread Index]
Message Nav: [Date Prev] [Date Next] [Thread Prev] [Thread Next]
Other format: [Raw text]

Results for 3.220020722(experimental) testsuite on alpha-unknown-linux-gnu


LAST_UPDATED: Die Jul 23 07:15:19 UTC 2002

Native configuration is alpha-unknown-linux-gnu

		=== libjava tests ===


Running target unix
FAIL: PR1343 compilation from bytecode
FAIL: PR1343 -O compilation from bytecode
FAIL: calls run
FAIL: cxxtest run
FAIL: field run
FAIL: final_method run
FAIL: findclass run
FAIL: invoke run
FAIL: martin run
FAIL: noclass run
FAIL: overload run
FAIL: register run
FAIL: simple_int run
FAIL: throwit run
FAIL: virtual run
FAIL: Array_3 compilation from bytecode
FAIL: Array_3 -O execution - source compiled test
FAIL: Array_3 -O compilation from bytecode
FAIL: err10 output - gij test
FAIL: err10 output - gij test

		=== libjava Summary ===

# of expected passes		2666
# of unexpected failures	20
# of expected failures		14
# of untested testcases		26
		=== libstdc++-v3 tests ===


Running target unix
XPASS: 22_locale/ctype_is_wchar_t.cc execution test
FAIL: 26_numerics/c99_classification_macros_c.cc (test for excess errors)
FAIL: 27_io/filebuf_members.cc execution test
WARNING: program timed out.
FAIL: thread/pthread4.cc execution test

		=== libstdc++-v3 Summary ===

# of expected passes		403
# of unexpected failures	3
# of unexpected successes	1
# of expected failures		26
		=== g++ tests ===


Running target unix
FAIL: g++.dg/warn/Wunused-2.C  (test for warnings, line 5)

		=== g++ Summary ===

# of expected passes		7448
# of unexpected failures	1
# of expected failures		87
# of untested testcases		22
# of unsupported tests		5
/home/obj/alpha/gcc-HEAD/gcc/testsuite/../g++ version 3.2 20020722 (experimental)

		=== g77 tests ===


Running target unix
FAIL: g77.f-torture/execute/19981119-0.f execution,  -O3 -fomit-frame-pointer 
FAIL: g77.f-torture/execute/19981119-0.f execution,  -O3 -g 
FAIL: g77.f-torture/execute/6367.f execution,  -O0 
FAIL: g77.f-torture/execute/6367.f execution,  -O1 
FAIL: g77.f-torture/execute/6367.f execution,  -O2 
FAIL: g77.f-torture/execute/6367.f execution,  -O3 -fomit-frame-pointer 
FAIL: g77.f-torture/execute/6367.f execution,  -O3 -fomit-frame-pointer -funroll-loops 
FAIL: g77.f-torture/execute/6367.f execution,  -O3 -fomit-frame-pointer -funroll-all-loops -finline-functions 
FAIL: g77.f-torture/execute/6367.f execution,  -O3 -g 
FAIL: g77.f-torture/execute/6367.f execution,  -Os 

		=== g77 Summary ===

# of expected passes		1616
# of unexpected failures	10
# of unsupported tests		8
/home/obj/alpha/gcc-HEAD/gcc/testsuite/../g77 version 3.2 20020722 (experimental)

		=== gcc tests ===


Running target unix
FAIL: gcc.c-torture/compile/20010903-1.c,  -O3 -fomit-frame-pointer -funroll-loops  
FAIL: gcc.c-torture/compile/20010903-1.c,  -O3 -fomit-frame-pointer -funroll-all-loops -finline-functions  
WARNING: program timed out.
FAIL: gcc.c-torture/compile/20001226-1.c,  -O0  
WARNING: program timed out.
FAIL: gcc.c-torture/compile/20001226-1.c,  -O1  
WARNING: program timed out.
FAIL: gcc.c-torture/compile/20001226-1.c,  -O2  
WARNING: program timed out.
FAIL: gcc.c-torture/compile/20001226-1.c,  -O3 -fomit-frame-pointer  
WARNING: program timed out.
FAIL: gcc.c-torture/compile/20001226-1.c,  -O3 -g  
WARNING: program timed out.
FAIL: gcc.c-torture/compile/20001226-1.c,  -Os  
FAIL: gcc.c-torture/execute/931004-11.c execution,  -O3 -fomit-frame-pointer 
FAIL: gcc.c-torture/execute/931004-11.c execution,  -O3 -g 
FAIL: gcc.c-torture/unsorted/loop386.c,  -O3 -fomit-frame-pointer -funroll-loops  
FAIL: gcc.c-torture/unsorted/loop386.c,  -O3 -fomit-frame-pointer -funroll-all-loops -finline-functions  
FAIL: cmdlne-dM-M.c: #define line not printed
WARNING: program timed out.
WARNING: program timed out.
FAIL: gcc.dg/c99-intconst-1.c (test for excess errors)

		=== gcc Summary ===

# of expected passes		19258
# of unexpected failures	14
# of expected failures		73
# of unsupported tests		120
/home/obj/alpha/gcc-HEAD/gcc/xgcc version 3.2 20020722 (experimental)

		=== objc tests ===


Running target unix

		=== objc Summary ===

# of expected passes		1043
# of expected failures		6
/home/obj/alpha/gcc-HEAD/gcc/xgcc version 3.2 20020722 (experimental)


Compiler version: 3.220020722(experimental) 
Platform: alpha-unknown-linux-gnu
configure flags: --host=alpha-unknown-linux-gnu --enable-threads --prefix=/home/obj/alpha/install --disable-nls

Counting all warnings,
there are 65 warnings in stage3 of this bootstrap.

Number of warnings per file:
     16	gcc/gengtype-lex.c
     10	gcc/regclass.c
      3	gcc/unroll.c
      3	gcc/ra-rewrite.c
      3	gcc/optabs.c
      3	gcc/java/class.c
      2	gtype-desc.c
      2	gt-except.h
      2	gcc/ra-colorize.c
      2	gcc/ra-build.c
      2	gcc/libgcc2.c
      2	gcc/cp/decl.c
      2	/usr/share/bison/bison.simple
      1	gt-integrate.h
      1	gcc/varasm.c
      1	gcc/simplify-rtx.c
      1	gcc/reload.c
      1	gcc/regrename.c
      1	gcc/objc/objc-act.c
      1	gcc/java/jvspec.c
      1	gcc/ifcvt.c
      1	gcc/gcc.c
      1	gcc/function.c
      1	gcc/f/where.c
      1	gcc/df.c
      1	gcc/cp/lang-specs.h

Number of warning types:
     23	comparison between signed and unsigned
     17	traditional C rejects ISO C style function definitions
      6	cast from pointer to integer of different size
      4	signed and unsigned type in conditional expression
      4	`???' might be used uninitialized in this function
      3	string length `???' is greater than the length `???' ISO C89 compilers are required to support
      2	unused parameter `???'
      2	label `???' defined but not used
      1	comparison is always false due to limited range of data type
      1	`long' switch expression not converted to `int' in ISO C
      1	`???' defined but not used
      1	??? format, ??? arg (arg ???)


Index Nav: [Date Index] [Subject Index] [Author Index] [Thread Index]
Message Nav: [Date Prev] [Date Next] [Thread Prev] [Thread Next]