This is the mail archive of the gcc-testresults@gcc.gnu.org mailing list for the GCC project.


Index Nav: [Date Index] [Subject Index] [Author Index] [Thread Index]
Message Nav: [Date Prev] [Date Next] [Thread Prev] [Thread Next]
Other format: [Raw text]

Results for 3.1.1 20020719 (prerelease) testsuite on sparc-unknown-linux-gnu


LAST_UPDATED: 
Native configuration is sparc-unknown-linux-gnu

		=== g++ tests ===


Running target unix

		=== g++ Summary ===

# of expected passes		7237
# of expected failures		88
# of untested testcases		22
# of unsupported tests		4
/disk1/davem/GCC/test/build-sparc-linux/gcc/testsuite/../g++ version 3.1.1 20020719 (prerelease)

		=== g77 tests ===


Running target unix

		=== g77 Summary ===

# of expected passes		1452
# of unsupported tests		8
/disk1/davem/GCC/test/build-sparc-linux/gcc/testsuite/../g77 version 3.1.1 20020719 (prerelease)

		=== gcc tests ===


Running target unix

		=== gcc Summary ===

# of expected passes		18422
# of expected failures		66
# of unsupported tests		109
/disk1/davem/GCC/test/build-sparc-linux/gcc/xgcc version 3.1.1 20020719 (prerelease)

		=== objc tests ===


Running target unix

		=== objc Summary ===

# of expected passes		1035
# of expected failures		6
/disk1/davem/GCC/test/build-sparc-linux/gcc/xgcc version 3.1.1 20020719 (prerelease)

		=== libjava tests ===


Running target unix
FAIL: TLtest compilation from bytecode
FAIL: TLtest -O compilation from bytecode

		=== libjava Summary ===

# of expected passes		1993
# of unexpected failures	2
# of expected failures		18
# of untested testcases		94
		=== libstdc++-v3 tests ===


Running target unix
XPASS: 22_locale/collate_byname.cc execution test
XPASS: 22_locale/collate_members_char.cc execution test
XPASS: 22_locale/collate_members_wchar_t.cc execution test
XPASS: 22_locale/ctype_is_char.cc execution test
XPASS: 22_locale/ctype_is_wchar_t.cc execution test
XPASS: 22_locale/members.cc execution test
XPASS: 22_locale/messages_byname.cc execution test
XPASS: 22_locale/messages_members_char.cc execution test
XPASS: 22_locale/money_get_members_char.cc execution test
XPASS: 22_locale/money_put_members_char.cc execution test
XPASS: 22_locale/moneypunct_byname.cc execution test
XPASS: 22_locale/moneypunct_members_char.cc execution test
XPASS: 22_locale/moneypunct_members_wchar_t.cc execution test
XPASS: 22_locale/num_get_members_char.cc execution test
XPASS: 22_locale/num_get_members_wchar_t.cc execution test
XPASS: 22_locale/num_put_members_char.cc execution test
XPASS: 22_locale/num_put_members_wchar_t.cc execution test
XPASS: 22_locale/numpunct_byname.cc execution test
XPASS: 22_locale/numpunct_members_char.cc execution test
XPASS: 22_locale/numpunct_members_wchar_t.cc execution test
XPASS: 22_locale/time_get_members_char.cc execution test
XPASS: 22_locale/time_get_members_wchar_t.cc execution test
XPASS: 22_locale/time_put_members_char.cc execution test
XPASS: 22_locale/time_put_members_wchar_t.cc execution test
FAIL: 26_numerics/c99_classification_macros_c.cc (test for excess errors)

		=== libstdc++-v3 Summary ===

# of expected passes		397
# of unexpected failures	1
# of unexpected successes	24
# of expected failures		2

Compiler version: 3.1.1 20020719 (prerelease) 
Platform: sparc-unknown-linux-gnu
configure flags: --host=sparc-unknown-linux-gnu --prefix=/foo/bar


Index Nav: [Date Index] [Subject Index] [Author Index] [Thread Index]
Message Nav: [Date Prev] [Date Next] [Thread Prev] [Thread Next]