This is the mail archive of the
gcc-testresults@gcc.gnu.org
mailing list for the GCC project.
Results for 3.2 20020723 (experimental) testsuite on powerpc-unknown-linux-gnu
- From: Mark Wielaard <mark at wildebeest dot org>
- To: gcc-testresults at gcc dot gnu dot org, mark at wildebeest dot org
- Date: Tue, 23 Jul 2002 21:39:23 +0200
- Subject: Results for 3.2 20020723 (experimental) testsuite on powerpc-unknown-linux-gnu
Debian GNU/Linux 3.0
Linux 2.4.18-powerpc
binutils Version: 2.12.90.0.1-4
glibc Version: 2.2.5-6
Test results for libjava include the results of the Mauve testsuite
(see http://sources.redhat.com/mauve/)
LAST_UPDATED: Tue Jul 23 11:58:50 UTC 2002
Native configuration is powerpc-unknown-linux-gnu
=== gcc tests ===
Running target unix
WARNING: program timed out.
FAIL: gcc.c-torture/compile/20001226-1.c, -O3 -g
WARNING: program timed out.
FAIL: gcc.c-torture/compile/20001226-1.c, -Os
FAIL: gcc.c-torture/compile/20010903-1.c, -O3 -fomit-frame-pointer -funroll-loops
FAIL: gcc.c-torture/compile/20010903-1.c, -O3 -fomit-frame-pointer -funroll-all-loops -finline-functions
FAIL: gcc.c-torture/execute/20020720-1.c compilation, -O1
UNRESOLVED: gcc.c-torture/execute/20020720-1.c execution, -O1
FAIL: gcc.c-torture/execute/20020720-1.c compilation, -O2
UNRESOLVED: gcc.c-torture/execute/20020720-1.c execution, -O2
FAIL: gcc.c-torture/execute/20020720-1.c compilation, -O3 -fomit-frame-pointer
UNRESOLVED: gcc.c-torture/execute/20020720-1.c execution, -O3 -fomit-frame-pointer
FAIL: gcc.c-torture/execute/20020720-1.c compilation, -O3 -g
UNRESOLVED: gcc.c-torture/execute/20020720-1.c execution, -O3 -g
FAIL: gcc.c-torture/execute/20020720-1.c compilation, -Os
UNRESOLVED: gcc.c-torture/execute/20020720-1.c execution, -Os
FAIL: gcc.c-torture/execute/loop-2.c execution, -O3 -fomit-frame-pointer -funroll-loops
FAIL: gcc.c-torture/execute/loop-2.c execution, -O3 -fomit-frame-pointer -funroll-all-loops -finline-functions
FAIL: gcc.c-torture/execute/loop-2b.c execution, -O3 -fomit-frame-pointer
FAIL: gcc.c-torture/execute/loop-2b.c execution, -O3 -fomit-frame-pointer -funroll-loops
FAIL: gcc.c-torture/execute/loop-2b.c execution, -O3 -fomit-frame-pointer -funroll-all-loops -finline-functions
FAIL: gcc.c-torture/execute/loop-2b.c execution, -O3 -g
=== gcc Summary ===
# of expected passes 11531
# of unexpected failures 15
# of expected failures 12
# of unresolved testcases 5
# of unsupported tests 1
/home/mark/src/gcc32/obj/gcc/xgcc version 3.2 20020723 (experimental)
=== libjava tests ===
Running target unix
FAIL: PR1343 compilation from bytecode
FAIL: PR1343 -O compilation from bytecode
FAIL: calls run
FAIL: cxxtest run
FAIL: field run
FAIL: final_method run
FAIL: findclass run
FAIL: invoke run
FAIL: martin run
FAIL: noclass run
FAIL: overload run
FAIL: register run
FAIL: simple_int run
FAIL: throwit run
FAIL: virtual run
FAIL: ArrayStore execution - source compiled test
FAIL: ArrayStore execution - gij test
FAIL: ArrayStore execution - bytecode->native test
FAIL: ArrayStore -O execution - source compiled test
FAIL: ArrayStore execution - gij test
FAIL: ArrayStore -O execution - bytecode->native test
FAIL: ArrayStore2 execution - source compiled test
FAIL: ArrayStore2 execution - gij test
FAIL: ArrayStore2 execution - bytecode->native test
FAIL: ArrayStore2 -O execution - source compiled test
FAIL: ArrayStore2 execution - gij test
FAIL: ArrayStore2 -O execution - bytecode->native test
FAIL: Array_3 execution - source compiled test
FAIL: Array_3 execution - gij test
FAIL: Array_3 compilation from bytecode
FAIL: Array_3 -O execution - source compiled test
FAIL: Array_3 execution - gij test
FAIL: Array_3 -O compilation from bytecode
FAIL: Divide_1 execution - source compiled test
FAIL: Divide_1 execution - gij test
FAIL: Divide_1 execution - bytecode->native test
FAIL: Divide_1 -O execution - source compiled test
FAIL: Divide_1 execution - gij test
FAIL: Divide_1 -O execution - bytecode->native test
FAIL: Final execution - source compiled test
FAIL: Final execution - gij test
FAIL: Final execution - bytecode->native test
FAIL: Final -O execution - source compiled test
FAIL: Final execution - gij test
FAIL: Final -O execution - bytecode->native test
FAIL: G19990302_02 execution - source compiled test
FAIL: G19990302_02 execution - gij test
FAIL: G19990302_02 execution - bytecode->native test
FAIL: G19990302_02 -O execution - source compiled test
FAIL: G19990302_02 execution - gij test
FAIL: G19990302_02 -O execution - bytecode->native test
FAIL: G19990303_01 execution - source compiled test
FAIL: G19990303_01 execution - gij test
FAIL: G19990303_01 execution - bytecode->native test
FAIL: G19990303_01 -O execution - source compiled test
FAIL: G19990303_01 execution - gij test
FAIL: G19990303_01 -O execution - bytecode->native test
FAIL: G19990303_02 execution - source compiled test
FAIL: G19990303_02 execution - gij test
FAIL: G19990303_02 execution - bytecode->native test
FAIL: G19990303_02 -O execution - source compiled test
FAIL: G19990303_02 execution - gij test
FAIL: G19990303_02 -O execution - bytecode->native test
FAIL: G19990304_01 execution - source compiled test
FAIL: G19990304_01 execution - gij test
FAIL: G19990304_01 execution - bytecode->native test
FAIL: G19990304_01 -O execution - source compiled test
FAIL: G19990304_01 execution - gij test
FAIL: G19990304_01 -O execution - bytecode->native test
FAIL: InterfaceDispatch execution - source compiled test
FAIL: InterfaceDispatch execution - gij test
FAIL: InterfaceDispatch execution - bytecode->native test
FAIL: InterfaceDispatch -O execution - source compiled test
FAIL: InterfaceDispatch execution - gij test
FAIL: InterfaceDispatch -O execution - bytecode->native test
FAIL: Invoke_1 execution - source compiled test
FAIL: Invoke_1 execution - gij test
FAIL: Invoke_1 execution - bytecode->native test
FAIL: Invoke_1 -O execution - source compiled test
FAIL: Invoke_1 execution - gij test
FAIL: Invoke_1 -O execution - bytecode->native test
FAIL: PR141 execution - source compiled test
FAIL: PR141 execution - gij test
FAIL: PR141 execution - bytecode->native test
FAIL: PR141 -O execution - source compiled test
FAIL: PR141 execution - gij test
FAIL: PR141 -O execution - bytecode->native test
FAIL: PR218 execution - source compiled test
FAIL: PR218 execution - gij test
FAIL: PR218 execution - bytecode->native test
FAIL: PR218 -O execution - source compiled test
FAIL: PR218 execution - gij test
FAIL: PR218 -O execution - bytecode->native test
FAIL: StringBuffer_1 execution - source compiled test
FAIL: StringBuffer_1 execution - gij test
FAIL: StringBuffer_1 execution - bytecode->native test
FAIL: StringBuffer_1 -O execution - source compiled test
FAIL: StringBuffer_1 execution - gij test
FAIL: StringBuffer_1 -O execution - bytecode->native test
FAIL: Thread_Alive execution - source compiled test
FAIL: Thread_Alive execution - gij test
FAIL: Thread_Alive execution - bytecode->native test
FAIL: Thread_Alive -O execution - source compiled test
FAIL: Thread_Alive execution - gij test
FAIL: Thread_Alive -O execution - bytecode->native test
WARNING: program timed out.
FAIL: Thread_Interrupt execution - source compiled test
WARNING: program timed out.
FAIL: Thread_Interrupt execution - gij test
WARNING: program timed out.
FAIL: Thread_Interrupt execution - bytecode->native test
WARNING: program timed out.
FAIL: Thread_Interrupt -O execution - source compiled test
WARNING: program timed out.
FAIL: Thread_Interrupt execution - gij test
WARNING: program timed out.
FAIL: Thread_Interrupt -O execution - bytecode->native test
WARNING: program timed out.
FAIL: Thread_Wait_2 execution - source compiled test
WARNING: program timed out.
FAIL: Thread_Wait_2 execution - gij test
WARNING: program timed out.
FAIL: Thread_Wait_2 execution - bytecode->native test
WARNING: program timed out.
FAIL: Thread_Wait_2 -O execution - source compiled test
WARNING: program timed out.
FAIL: Thread_Wait_2 execution - gij test
WARNING: program timed out.
FAIL: Thread_Wait_2 -O execution - bytecode->native test
WARNING: program timed out.
FAIL: Thread_Wait_Interrupt execution - source compiled test
WARNING: program timed out.
FAIL: Thread_Wait_Interrupt execution - gij test
WARNING: program timed out.
FAIL: Thread_Wait_Interrupt execution - bytecode->native test
WARNING: program timed out.
FAIL: Thread_Wait_Interrupt -O execution - source compiled test
WARNING: program timed out.
FAIL: Thread_Wait_Interrupt execution - gij test
WARNING: program timed out.
FAIL: Thread_Wait_Interrupt -O execution - bytecode->native test
FAIL: Throw_1 execution - source compiled test
FAIL: Throw_1 execution - gij test
FAIL: Throw_1 execution - bytecode->native test
FAIL: Throw_1 -O execution - source compiled test
FAIL: Throw_1 execution - gij test
FAIL: Throw_1 -O execution - bytecode->native test
FAIL: Throw_2 execution - source compiled test
FAIL: Throw_2 execution - gij test
FAIL: Throw_2 execution - bytecode->native test
FAIL: Throw_2 -O execution - source compiled test
FAIL: Throw_2 execution - gij test
FAIL: Throw_2 -O execution - bytecode->native test
FAIL: instinit2 execution - source compiled test
FAIL: instinit2 execution - gij test
FAIL: instinit2 execution - bytecode->native test
FAIL: instinit2 -O execution - source compiled test
FAIL: instinit2 execution - gij test
FAIL: instinit2 -O execution - bytecode->native test
FAIL: invokethrow execution - source compiled test
FAIL: invokethrow execution - gij test
FAIL: invokethrow execution - bytecode->native test
FAIL: invokethrow -O execution - source compiled test
FAIL: invokethrow execution - gij test
FAIL: invokethrow -O execution - bytecode->native test
FAIL: pr184 execution - source compiled test
FAIL: pr184 execution - gij test
FAIL: pr184 execution - bytecode->native test
FAIL: pr184 -O execution - source compiled test
FAIL: pr184 execution - gij test
FAIL: pr184 -O execution - bytecode->native test
FAIL: pr83 execution - source compiled test
FAIL: pr83 execution - gij test
FAIL: pr83 execution - bytecode->native test
FAIL: pr83 -O execution - source compiled test
FAIL: pr83 execution - gij test
FAIL: pr83 -O execution - bytecode->native test
FAIL: gnu.testlet.java.lang.Integer.IntegerTest: Error: test_Basics failed - 1 (number 1)
FAIL: Compile gnu/testlet/java/text/DateFormatSymbols/Test.o for gnu.testlet.java.text.DateFormatSymbols.Test
=== libjava Summary ===
# of expected passes 5682
# of unexpected failures 161
# of expected failures 26
# of untested testcases 167
=== libstdc++-v3 tests ===
Running target unix
FAIL: 22_locale/codecvt_members_char_char.cc execution test
FAIL: 22_locale/codecvt_members_wchar_t_char.cc execution test
FAIL: 22_locale/ctor_copy_dtor.cc execution test
FAIL: 22_locale/ctype_to_char.cc execution test
FAIL: 22_locale/ctype_to_wchar_t.cc execution test
FAIL: 26_numerics/c99_classification_macros_c.cc (test for excess errors)
FAIL: 27_io/ostream_inserter_arith.cc execution test
WARNING: program timed out.
FAIL: thread/pthread4.cc execution test
=== libstdc++-v3 Summary ===
# of expected passes 398
# of unexpected failures 8
# of expected failures 27
Compiler version: 3.2 20020723 (experimental)
Platform: powerpc-unknown-linux-gnu
configure flags: --host=powerpc-unknown-linux-gnu --enable-clocale=gnu --enable-shared --enable-threads=posix --enable-languages=c++,java --disable-multilib --prefix=/usr/local/gcc32
time make
real 10355.54
user 8025.07
sys 1884.11
time check
Command terminated by signal 2
real 16460.43
user 6870.96
sys 2683.75