This is the mail archive of the gcc-testresults@gcc.gnu.org mailing list for the GCC project.


Index Nav: [Date Index] [Subject Index] [Author Index] [Thread Index]
Message Nav: [Date Prev] [Date Next] [Thread Prev] [Thread Next]
Other format: [Raw text]

Results for 3.1.1 20020721 (prerelease) testsuite on i586-pc-linux-gnu


LAST_UPDATED: 
Native configuration is i586-pc-linux-gnu

		=== g++ tests ===


Running target unix

		=== g++ Summary ===

# of expected passes		7258
# of expected failures		88
# of untested testcases		9
# of unsupported tests		3
/src/gcc-3.1/build/gcc/testsuite/../g++ version 3.1.1 20020721 (prerelease)

		=== gcc tests ===


Running target unix
WARNING: program timed out.
FAIL: gcc.c-torture/compile/20001226-1.c,  -O3 -g  
FAIL: gcc.c-torture/execute/loop-2e.c execution,  -Os 
FAIL: gcc.c-torture/execute/loop-3c.c execution,  -Os 

		=== gcc Summary ===

# of expected passes		18572
# of unexpected failures	3
# of expected failures		63
# of unsupported tests		44
/src/gcc-3.1/build/gcc/xgcc version 3.1.1 20020721 (prerelease)

		=== objc tests ===


Running target unix

		=== objc Summary ===

# of expected passes		1035
# of expected failures		6
/src/gcc-3.1/build/gcc/xgcc version 3.1.1 20020721 (prerelease)

		=== libstdc++-v3 tests ===


Running target unix
XPASS: 22_locale/collate_byname.cc execution test
FAIL: 22_locale/ctor_copy_dtor.cc execution test
XPASS: 22_locale/ctype_is_char.cc execution test
XPASS: 22_locale/ctype_is_wchar_t.cc execution test
XPASS: 22_locale/messages_byname.cc execution test
XPASS: 22_locale/moneypunct_byname.cc execution test
FAIL: 26_numerics/c99_classification_macros_c.cc (test for excess errors)

		=== libstdc++-v3 Summary ===

# of expected passes		396
# of unexpected failures	2
# of unexpected successes	5
# of expected failures		21

Compiler version: 3.1.1 20020721 (prerelease) 
Platform: i586-pc-linux-gnu
configure flags: --host=i586-pc-linux-gnu --enable-shared --enable-threads=posix --enable-languages=c,objc,c++


Index Nav: [Date Index] [Subject Index] [Author Index] [Thread Index]
Message Nav: [Date Prev] [Date Next] [Thread Prev] [Thread Next]