This is the mail archive of the gcc-testresults@gcc.gnu.org mailing list for the GCC project.


Index Nav: [Date Index] [Subject Index] [Author Index] [Thread Index]
Message Nav: [Date Prev] [Date Next] [Thread Prev] [Thread Next]
Other format: [Raw text]

Results for 3.2 20020718 (experimental) testsuite on i386-unknown-freebsd5.0


Using gmake with srcdir configuration on ref5 (see key)

LAST_UPDATED: Thu Jul 18 20:51:54 GMT 2002

Native configuration is i386-unknown-freebsd5.0

		=== g++ tests ===


Running target unix
FAIL: g++.dg/bprob/bprob-1.C compilation,  -g  -fprofile-arcs
UNRESOLVED: g++.dg/bprob/bprob-1.C execution,    -g  -fprofile-arcs
UNRESOLVED: g++.dg/bprob/bprob-1.C compilation,  -g  -fbranch-probabilities
UNRESOLVED: g++.dg/bprob/bprob-1.C execution,    -g  -fbranch-probabilities
FAIL: g++.dg/bprob/bprob-1.C compilation,  -O0  -fprofile-arcs
UNRESOLVED: g++.dg/bprob/bprob-1.C execution,    -O0  -fprofile-arcs
UNRESOLVED: g++.dg/bprob/bprob-1.C compilation,  -O0  -fbranch-probabilities
UNRESOLVED: g++.dg/bprob/bprob-1.C execution,    -O0  -fbranch-probabilities
FAIL: g++.dg/bprob/bprob-1.C compilation,  -O1  -fprofile-arcs
UNRESOLVED: g++.dg/bprob/bprob-1.C execution,    -O1  -fprofile-arcs
UNRESOLVED: g++.dg/bprob/bprob-1.C compilation,  -O1  -fbranch-probabilities
UNRESOLVED: g++.dg/bprob/bprob-1.C execution,    -O1  -fbranch-probabilities
FAIL: g++.dg/bprob/bprob-1.C compilation,  -O2  -fprofile-arcs
UNRESOLVED: g++.dg/bprob/bprob-1.C execution,    -O2  -fprofile-arcs
UNRESOLVED: g++.dg/bprob/bprob-1.C compilation,  -O2  -fbranch-probabilities
UNRESOLVED: g++.dg/bprob/bprob-1.C execution,    -O2  -fbranch-probabilities
FAIL: g++.dg/bprob/bprob-1.C compilation,  -O3  -fprofile-arcs
UNRESOLVED: g++.dg/bprob/bprob-1.C execution,    -O3  -fprofile-arcs
UNRESOLVED: g++.dg/bprob/bprob-1.C compilation,  -O3  -fbranch-probabilities
UNRESOLVED: g++.dg/bprob/bprob-1.C execution,    -O3  -fbranch-probabilities
FAIL: g++.dg/bprob/bprob-1.C compilation,  -O3 -g  -fprofile-arcs
UNRESOLVED: g++.dg/bprob/bprob-1.C execution,    -O3 -g  -fprofile-arcs
UNRESOLVED: g++.dg/bprob/bprob-1.C compilation,  -O3 -g  -fbranch-probabilities
UNRESOLVED: g++.dg/bprob/bprob-1.C execution,    -O3 -g  -fbranch-probabilities
FAIL: g++.dg/bprob/bprob-1.C compilation,  -Os  -fprofile-arcs
UNRESOLVED: g++.dg/bprob/bprob-1.C execution,    -Os  -fprofile-arcs
UNRESOLVED: g++.dg/bprob/bprob-1.C compilation,  -Os  -fbranch-probabilities
UNRESOLVED: g++.dg/bprob/bprob-1.C execution,    -Os  -fbranch-probabilities
FAIL: g++.dg/abi/vbase8-10.C (test for excess errors)
WARNING: g++.dg/abi/vbase8-10.C compilation failed to produce executable
FAIL: g++.dg/warn/Wunused-2.C  (test for warnings, line 5)
FAIL: g++.dg/gcov/gcov-1.C (test for excess errors)
WARNING: g++.dg/gcov/gcov-1.C compilation failed to produce executable
FAIL: g++.dg/gcov/gcov-1.C gcov failed: Could not open data file gcov-1.da.
FAIL: g++.dg/gcov/gcov-2.C (test for excess errors)
WARNING: g++.dg/gcov/gcov-2.C compilation failed to produce executable
FAIL: g++.dg/gcov/gcov-2.C gcov failed: Could not open data file gcov-2.da.
FAIL: g++.dg/gcov/gcov-3.C (test for excess errors)
WARNING: g++.dg/gcov/gcov-3.C compilation failed to produce executable
FAIL: g++.dg/gcov/gcov-3.C gcov failed: Could not open data file gcov-3.da.
FAIL: g++.eh/catch5p.C  Execution test
FAIL: g++.jason/pmf7.C  Execution test
FAIL: g++.jason/template26.C  Execution test
FAIL: g++.law/profile1.C (test for excess errors)
FAIL: g++.robertl/eb83.C (test for excess errors)

		=== g++ Summary ===

# of expected passes		7418
# of unexpected failures	20
# of expected failures		91
# of unresolved testcases	21
# of untested testcases		12
# of unsupported tests		3
/local0/scratch/ljrittle/gcc-build-ref5-in/gcc/testsuite/../g++ version 3.2 20020718 (experimental)

		=== g77 tests ===


Running target unix
FAIL: g77.dg/bprob/bprob-1.f compilation,  -g  -fprofile-arcs
UNRESOLVED: g77.dg/bprob/bprob-1.f execution,    -g  -fprofile-arcs
UNRESOLVED: g77.dg/bprob/bprob-1.f compilation,  -g  -fbranch-probabilities
UNRESOLVED: g77.dg/bprob/bprob-1.f execution,    -g  -fbranch-probabilities
FAIL: g77.dg/bprob/bprob-1.f compilation,  -O0  -fprofile-arcs
UNRESOLVED: g77.dg/bprob/bprob-1.f execution,    -O0  -fprofile-arcs
UNRESOLVED: g77.dg/bprob/bprob-1.f compilation,  -O0  -fbranch-probabilities
UNRESOLVED: g77.dg/bprob/bprob-1.f execution,    -O0  -fbranch-probabilities
FAIL: g77.dg/bprob/bprob-1.f compilation,  -O1  -fprofile-arcs
UNRESOLVED: g77.dg/bprob/bprob-1.f execution,    -O1  -fprofile-arcs
UNRESOLVED: g77.dg/bprob/bprob-1.f compilation,  -O1  -fbranch-probabilities
UNRESOLVED: g77.dg/bprob/bprob-1.f execution,    -O1  -fbranch-probabilities
FAIL: g77.dg/bprob/bprob-1.f compilation,  -O2  -fprofile-arcs
UNRESOLVED: g77.dg/bprob/bprob-1.f execution,    -O2  -fprofile-arcs
UNRESOLVED: g77.dg/bprob/bprob-1.f compilation,  -O2  -fbranch-probabilities
UNRESOLVED: g77.dg/bprob/bprob-1.f execution,    -O2  -fbranch-probabilities
FAIL: g77.dg/bprob/bprob-1.f compilation,  -O3  -fprofile-arcs
UNRESOLVED: g77.dg/bprob/bprob-1.f execution,    -O3  -fprofile-arcs
UNRESOLVED: g77.dg/bprob/bprob-1.f compilation,  -O3  -fbranch-probabilities
UNRESOLVED: g77.dg/bprob/bprob-1.f execution,    -O3  -fbranch-probabilities
FAIL: g77.dg/bprob/bprob-1.f compilation,  -O3 -g  -fprofile-arcs
UNRESOLVED: g77.dg/bprob/bprob-1.f execution,    -O3 -g  -fprofile-arcs
UNRESOLVED: g77.dg/bprob/bprob-1.f compilation,  -O3 -g  -fbranch-probabilities
UNRESOLVED: g77.dg/bprob/bprob-1.f execution,    -O3 -g  -fbranch-probabilities
FAIL: g77.dg/bprob/bprob-1.f compilation,  -Os  -fprofile-arcs
UNRESOLVED: g77.dg/bprob/bprob-1.f execution,    -Os  -fprofile-arcs
UNRESOLVED: g77.dg/bprob/bprob-1.f compilation,  -Os  -fbranch-probabilities
UNRESOLVED: g77.dg/bprob/bprob-1.f execution,    -Os  -fbranch-probabilities
FAIL: g77.dg/gcov/gcov-1.f (test for excess errors)
WARNING: g77.dg/gcov/gcov-1.f compilation failed to produce executable
FAIL: g77.dg/gcov/gcov-1.f gcov failed: Could not open data file gcov-1.da.
FAIL: g77.f-torture/execute/6367.f execution,  -O0 
FAIL: g77.f-torture/execute/6367.f execution,  -O1 
FAIL: g77.f-torture/execute/6367.f execution,  -O2 
FAIL: g77.f-torture/execute/6367.f execution,  -O3 -fomit-frame-pointer 
FAIL: g77.f-torture/execute/6367.f execution,  -O3 -fomit-frame-pointer -funroll-loops 
FAIL: g77.f-torture/execute/6367.f execution,  -O3 -fomit-frame-pointer -funroll-all-loops -finline-functions 
FAIL: g77.f-torture/execute/6367.f execution,  -O3 -g 
FAIL: g77.f-torture/execute/6367.f execution,  -Os 

		=== g77 Summary ===

# of expected passes		1587
# of unexpected failures	17
# of unresolved testcases	21
# of unsupported tests		8
/local0/scratch/ljrittle/gcc-build-ref5-in/gcc/testsuite/../g77 version 3.2 20020718 (experimental)

		=== gcc tests ===


Running target unix
WARNING: program timed out.
FAIL: gcc.c-torture/compile/20001226-1.c,  -O3 -g  
FAIL: gcc.c-torture/execute/conversion.c compilation,  -O0 
UNRESOLVED: gcc.c-torture/execute/conversion.c execution,  -O0 
FAIL: gcc.c-torture/execute/conversion.c compilation,  -O1 
UNRESOLVED: gcc.c-torture/execute/conversion.c execution,  -O1 
FAIL: gcc.c-torture/execute/conversion.c compilation,  -O2 
UNRESOLVED: gcc.c-torture/execute/conversion.c execution,  -O2 
FAIL: gcc.c-torture/execute/conversion.c compilation,  -O3 -fomit-frame-pointer 
UNRESOLVED: gcc.c-torture/execute/conversion.c execution,  -O3 -fomit-frame-pointer 
FAIL: gcc.c-torture/execute/conversion.c compilation,  -O3 -g 
UNRESOLVED: gcc.c-torture/execute/conversion.c execution,  -O3 -g 
FAIL: gcc.c-torture/execute/conversion.c compilation,  -Os 
UNRESOLVED: gcc.c-torture/execute/conversion.c execution,  -Os 
XPASS: gcc.c-torture/execute/loop-2e.c execution,  -Os 
FAIL: gcc.c-torture/execute/ieee/rbug.c compilation,  -O0 
UNRESOLVED: gcc.c-torture/execute/ieee/rbug.c execution,  -O0 
FAIL: gcc.c-torture/execute/ieee/rbug.c compilation,  -O1 
UNRESOLVED: gcc.c-torture/execute/ieee/rbug.c execution,  -O1 
FAIL: gcc.c-torture/execute/ieee/rbug.c compilation,  -O2 
UNRESOLVED: gcc.c-torture/execute/ieee/rbug.c execution,  -O2 
FAIL: gcc.c-torture/execute/ieee/rbug.c compilation,  -O3 -fomit-frame-pointer 
UNRESOLVED: gcc.c-torture/execute/ieee/rbug.c execution,  -O3 -fomit-frame-pointer 
FAIL: gcc.c-torture/execute/ieee/rbug.c compilation,  -O3 -g 
UNRESOLVED: gcc.c-torture/execute/ieee/rbug.c execution,  -O3 -g 
FAIL: gcc.c-torture/execute/ieee/rbug.c compilation,  -Os 
UNRESOLVED: gcc.c-torture/execute/ieee/rbug.c execution,  -Os 
FAIL: cmdlne-dM-M.c: #define line not printed
FAIL: gcc.dg/20010822-1.c execution test
FAIL: gcc.dg/20020201-1.c (test for excess errors)
WARNING: gcc.dg/20020201-1.c compilation failed to produce executable
FAIL: gcc.dg/nest.c (test for excess errors)
WARNING: gcc.dg/nest.c compilation failed to produce executable
FAIL: gcc.dg/simd-1.c (test for excess errors)
FAIL: gcc.dg/format/c99-scanf-3.c vfscanf (test for warnings, line 21)
FAIL: gcc.dg/format/c99-scanf-3.c vfscanf (test for warnings, line 21)
FAIL: gcc.dg/format/ext-6.c vfscanf (test for warnings, line 42)
FAIL: gcc.dg/format/ext-6.c vfscanf (test for warnings, line 42)
FAIL: gcc.misc-tests/bprob-1.c compilation,  -g  -fprofile-arcs
UNRESOLVED: gcc.misc-tests/bprob-1.c execution,    -g  -fprofile-arcs
UNRESOLVED: gcc.misc-tests/bprob-1.c compilation,  -g  -fbranch-probabilities
UNRESOLVED: gcc.misc-tests/bprob-1.c execution,    -g  -fbranch-probabilities
FAIL: gcc.misc-tests/bprob-1.c compilation,  -O0  -fprofile-arcs
UNRESOLVED: gcc.misc-tests/bprob-1.c execution,    -O0  -fprofile-arcs
UNRESOLVED: gcc.misc-tests/bprob-1.c compilation,  -O0  -fbranch-probabilities
UNRESOLVED: gcc.misc-tests/bprob-1.c execution,    -O0  -fbranch-probabilities
FAIL: gcc.misc-tests/bprob-1.c compilation,  -O1  -fprofile-arcs
UNRESOLVED: gcc.misc-tests/bprob-1.c execution,    -O1  -fprofile-arcs
UNRESOLVED: gcc.misc-tests/bprob-1.c compilation,  -O1  -fbranch-probabilities
UNRESOLVED: gcc.misc-tests/bprob-1.c execution,    -O1  -fbranch-probabilities
FAIL: gcc.misc-tests/bprob-1.c compilation,  -O2 -DPERFTIME  -fprofile-arcs
UNRESOLVED: gcc.misc-tests/bprob-1.c execution,    -O2 -DPERFTIME  -fprofile-arcs
UNRESOLVED: gcc.misc-tests/bprob-1.c compilation,  -O2 -DPERFTIME  -fbranch-probabilities
UNRESOLVED: gcc.misc-tests/bprob-1.c execution,    -O2 -DPERFTIME  -fbranch-probabilities
FAIL: gcc.misc-tests/bprob-1.c compilation,  -O3 -DPERFTIME  -fprofile-arcs
UNRESOLVED: gcc.misc-tests/bprob-1.c execution,    -O3 -DPERFTIME  -fprofile-arcs
UNRESOLVED: gcc.misc-tests/bprob-1.c compilation,  -O3 -DPERFTIME  -fbranch-probabilities
UNRESOLVED: gcc.misc-tests/bprob-1.c execution,    -O3 -DPERFTIME  -fbranch-probabilities
FAIL: gcc.misc-tests/bprob-1.c compilation,  -O3 -g -DPERFTIME  -fprofile-arcs
UNRESOLVED: gcc.misc-tests/bprob-1.c execution,    -O3 -g -DPERFTIME  -fprofile-arcs
UNRESOLVED: gcc.misc-tests/bprob-1.c compilation,  -O3 -g -DPERFTIME  -fbranch-probabilities
UNRESOLVED: gcc.misc-tests/bprob-1.c execution,    -O3 -g -DPERFTIME  -fbranch-probabilities
FAIL: gcc.misc-tests/bprob-1.c compilation,  -Os  -fprofile-arcs
UNRESOLVED: gcc.misc-tests/bprob-1.c execution,    -Os  -fprofile-arcs
UNRESOLVED: gcc.misc-tests/bprob-1.c compilation,  -Os  -fbranch-probabilities
UNRESOLVED: gcc.misc-tests/bprob-1.c execution,    -Os  -fbranch-probabilities
FAIL: gcc.misc-tests/bprob-2.c compilation,  -g  -fprofile-arcs
UNRESOLVED: gcc.misc-tests/bprob-2.c execution,    -g  -fprofile-arcs
UNRESOLVED: gcc.misc-tests/bprob-2.c compilation,  -g  -fbranch-probabilities
UNRESOLVED: gcc.misc-tests/bprob-2.c execution,    -g  -fbranch-probabilities
FAIL: gcc.misc-tests/bprob-2.c compilation,  -O0  -fprofile-arcs
UNRESOLVED: gcc.misc-tests/bprob-2.c execution,    -O0  -fprofile-arcs
UNRESOLVED: gcc.misc-tests/bprob-2.c compilation,  -O0  -fbranch-probabilities
UNRESOLVED: gcc.misc-tests/bprob-2.c execution,    -O0  -fbranch-probabilities
FAIL: gcc.misc-tests/bprob-2.c compilation,  -O1  -fprofile-arcs
UNRESOLVED: gcc.misc-tests/bprob-2.c execution,    -O1  -fprofile-arcs
UNRESOLVED: gcc.misc-tests/bprob-2.c compilation,  -O1  -fbranch-probabilities
UNRESOLVED: gcc.misc-tests/bprob-2.c execution,    -O1  -fbranch-probabilities
FAIL: gcc.misc-tests/bprob-2.c compilation,  -O2 -DPERFTIME  -fprofile-arcs
UNRESOLVED: gcc.misc-tests/bprob-2.c execution,    -O2 -DPERFTIME  -fprofile-arcs
UNRESOLVED: gcc.misc-tests/bprob-2.c compilation,  -O2 -DPERFTIME  -fbranch-probabilities
UNRESOLVED: gcc.misc-tests/bprob-2.c execution,    -O2 -DPERFTIME  -fbranch-probabilities
FAIL: gcc.misc-tests/bprob-2.c compilation,  -O3 -DPERFTIME  -fprofile-arcs
UNRESOLVED: gcc.misc-tests/bprob-2.c execution,    -O3 -DPERFTIME  -fprofile-arcs
UNRESOLVED: gcc.misc-tests/bprob-2.c compilation,  -O3 -DPERFTIME  -fbranch-probabilities
UNRESOLVED: gcc.misc-tests/bprob-2.c execution,    -O3 -DPERFTIME  -fbranch-probabilities
FAIL: gcc.misc-tests/bprob-2.c compilation,  -O3 -g -DPERFTIME  -fprofile-arcs
UNRESOLVED: gcc.misc-tests/bprob-2.c execution,    -O3 -g -DPERFTIME  -fprofile-arcs
UNRESOLVED: gcc.misc-tests/bprob-2.c compilation,  -O3 -g -DPERFTIME  -fbranch-probabilities
UNRESOLVED: gcc.misc-tests/bprob-2.c execution,    -O3 -g -DPERFTIME  -fbranch-probabilities
FAIL: gcc.misc-tests/bprob-2.c compilation,  -Os  -fprofile-arcs
UNRESOLVED: gcc.misc-tests/bprob-2.c execution,    -Os  -fprofile-arcs
UNRESOLVED: gcc.misc-tests/bprob-2.c compilation,  -Os  -fbranch-probabilities
UNRESOLVED: gcc.misc-tests/bprob-2.c execution,    -Os  -fbranch-probabilities
FAIL: gcc.misc-tests/gcov-1.c (test for excess errors)
WARNING: gcc.misc-tests/gcov-1.c compilation failed to produce executable
FAIL: gcc.misc-tests/gcov-1.c gcov failed: Could not open data file gcov-1.da.
FAIL: gcc.misc-tests/gcov-2.c (test for excess errors)
WARNING: gcc.misc-tests/gcov-2.c compilation failed to produce executable
FAIL: gcc.misc-tests/gcov-2.c gcov failed: Could not open data file gcov-2.da.
FAIL: gcc.misc-tests/gcov-3.c (test for excess errors)
WARNING: gcc.misc-tests/gcov-3.c compilation failed to produce executable
FAIL: gcc.misc-tests/gcov-3.c gcov failed: Could not open data file gcov-3.da.
FAIL: gcc.misc-tests/gcov-4.c (test for excess errors)
WARNING: gcc.misc-tests/gcov-4.c compilation failed to produce executable
FAIL: gcc.misc-tests/gcov-4.c gcov failed: Could not open data file gcov-4.da.
FAIL: gcc.misc-tests/gcov-4b.c (test for excess errors)
WARNING: gcc.misc-tests/gcov-4b.c compilation failed to produce executable
FAIL: gcc.misc-tests/gcov-4b.c gcov failed: Could not open data file gcov-4b.da.
FAIL: gcc.misc-tests/gcov-5b.c (test for excess errors)
WARNING: gcc.misc-tests/gcov-5b.c compilation failed to produce executable
FAIL: gcc.misc-tests/gcov-5b.c gcov failed: Could not open data file gcov-5b.da.
FAIL: gcc.misc-tests/gcov-6.c (test for excess errors)
WARNING: gcc.misc-tests/gcov-6.c compilation failed to produce executable
FAIL: gcc.misc-tests/gcov-6.c gcov failed: Could not open data file gcov-6.da.
FAIL: gcc.misc-tests/gcov-7.c (test for excess errors)
WARNING: gcc.misc-tests/gcov-7.c compilation failed to produce executable
FAIL: gcc.misc-tests/gcov-7.c gcov failed: Could not open data file gcov-7.da.

		=== gcc Summary ===

# of expected passes		19270
# of unexpected failures	52
# of unexpected successes	1
# of expected failures		63
# of unresolved testcases	54
# of unsupported tests		59
/local0/scratch/ljrittle/gcc-build-ref5-in/gcc/xgcc version 3.2 20020718 (experimental)

		=== objc tests ===


Running target unix

		=== objc Summary ===

# of expected passes		1043
# of expected failures		6
/local0/scratch/ljrittle/gcc-build-ref5-in/gcc/xgcc version 3.2 20020718 (experimental)

		=== libjava tests ===


Running target unix
FAIL: PR1343 compilation from bytecode
FAIL: PR1343 -O compilation from bytecode
FAIL: calls run
FAIL: cxxtest run
FAIL: field run
FAIL: final_method run
FAIL: findclass run
FAIL: invoke run
FAIL: martin run
FAIL: noclass run
FAIL: overload run
FAIL: register run
WARNING: program timed out.
FAIL: simple_int run
FAIL: throwit run
FAIL: virtual run
FAIL: Array_3 compilation from bytecode
FAIL: Array_3 -O compilation from bytecode
FAIL: Throw_2 execution - source compiled test
FAIL: Throw_2 execution - gij test
FAIL: Throw_2 execution - bytecode->native test
FAIL: Throw_2 -O execution - source compiled test
FAIL: Throw_2 execution - gij test
FAIL: Throw_2 -O execution - bytecode->native test
WARNING: program timed out.
FAIL: indirect_write execution - bytecode->native test

		=== libjava Summary ===

# of expected passes		2650
# of unexpected failures	24
# of expected failures		14
# of untested testcases		32
		=== libstdc++-v3 tests ===


Running target unix
XPASS: 22_locale/collate_members_wchar_t.cc execution test
XPASS: 22_locale/ctype_is_wchar_t.cc execution test
XPASS: 22_locale/money_get_members_wchar_t.cc execution test
XPASS: 22_locale/money_put_members_wchar_t.cc execution test
XPASS: 22_locale/moneypunct_members_wchar_t.cc execution test
XPASS: 22_locale/num_get_members_wchar_t.cc execution test
XPASS: 22_locale/num_put_members_wchar_t.cc execution test
XPASS: 22_locale/numpunct_members_wchar_t.cc execution test
XPASS: 22_locale/time_get_members_wchar_t.cc execution test
XPASS: 22_locale/time_put_members_wchar_t.cc execution test

		=== libstdc++-v3 Summary ===

# of expected passes		406
# of unexpected successes	10
# of expected failures		17

Compiler version: 3.2 20020718 (experimental) 
Platform: i386-unknown-freebsd5.0
configure flags: --host=i386-unknown-freebsd5.0 --prefix=/home/ljrittle/tmp-ref5/install-ref5 --with-gnu-as --with-as=/home/ljrittle/tmp-ref5/bootstrap-binutils/bin/as --with-gnu-ld --with-ld=/home/ljrittle/tmp-ref5/bootstrap-binutils/bin/ld
BOOT_CFLAGS=-g -O2
Key: gmake is GNU make
     make is BSD make as shipped on i386-unknown-freebsd5.0
     srcdir means in-source configuration was done within the gcc source tree
     objdir means out-source configuration was done within a fresh directory
ref4 (3.1) and ref5 (mainline) attempt to build gcc twice daily;
once for srcdir configuration and once for objdir configuration;
odd number days use GNU make; even days use BSD make; missing
reports infer breakage; partial reports are made when bootstap
completes in gcc but fails in a support library.
beast (3.1) builds gcc once daily using gmake with objdir conf.


Index Nav: [Date Index] [Subject Index] [Author Index] [Thread Index]
Message Nav: [Date Prev] [Date Next] [Thread Prev] [Thread Next]