This is the mail archive of the gcc-testresults@gcc.gnu.org mailing list for the GCC project.


Index Nav: [Date Index] [Subject Index] [Author Index] [Thread Index]
Message Nav: [Date Prev] [Date Next] [Thread Prev] [Thread Next]
Other format: [Raw text]

Results for 3.2 20020716 (experimental) testsuite on mips-sgi-irix6.5


LAST_UPDATED: Wed Jul 17 04:59:05 2002

Native configuration is mips-sgi-irix6.5

		=== g77 tests ===


Running target unix
FAIL: g77.f-torture/execute/6367.f execution,  -O0 
FAIL: g77.f-torture/execute/6367.f execution,  -O1 
FAIL: g77.f-torture/execute/6367.f execution,  -O2 
FAIL: g77.f-torture/execute/6367.f execution,  -O3 -fomit-frame-pointer 
FAIL: g77.f-torture/execute/6367.f execution,  -O3 -fomit-frame-pointer -funroll-loops 
FAIL: g77.f-torture/execute/6367.f execution,  -O3 -fomit-frame-pointer -funroll-all-loops -finline-functions 
FAIL: g77.f-torture/execute/6367.f execution,  -O3 -g 
FAIL: g77.f-torture/execute/6367.f execution,  -Os 

		=== g77 Summary for unix ===

# of expected passes		1618
# of unexpected failures	8
# of unsupported tests		8

Running target unix/-mabi=64
FAIL: g77.f-torture/execute/6367.f execution,  -O0 
FAIL: g77.f-torture/execute/6367.f execution,  -O1 
FAIL: g77.f-torture/execute/6367.f execution,  -O2 
FAIL: g77.f-torture/execute/6367.f execution,  -O3 -fomit-frame-pointer 
FAIL: g77.f-torture/execute/6367.f execution,  -O3 -fomit-frame-pointer -funroll-loops 
FAIL: g77.f-torture/execute/6367.f execution,  -O3 -fomit-frame-pointer -funroll-all-loops -finline-functions 
FAIL: g77.f-torture/execute/6367.f execution,  -O3 -g 
FAIL: g77.f-torture/execute/6367.f execution,  -Os 

		=== g77 Summary for unix/-mabi=64 ===

# of expected passes		1618
# of unexpected failures	8
# of unsupported tests		8

		=== g77 Summary ===

# of expected passes		3236
# of unexpected failures	16
# of unsupported tests		16
/exd4/billingd/obj/gcc/gcc/testsuite/../g77 version 3.2 20020716 (experimental)

		=== gcc tests ===


Running target unix
FAIL: gcc.c-torture/compile/simd-2.c,  -O1  
FAIL: gcc.c-torture/compile/simd-2.c,  -O2  
FAIL: gcc.c-torture/compile/simd-2.c,  -O3 -fomit-frame-pointer  
FAIL: gcc.c-torture/compile/simd-2.c,  -O3 -g  
FAIL: gcc.c-torture/compile/simd-2.c,  -Os  
WARNING: program timed out.
FAIL: gcc.c-torture/compile/20001226-1.c,  -O2  
WARNING: program timed out.
FAIL: gcc.c-torture/compile/20001226-1.c,  -O3 -fomit-frame-pointer  
WARNING: program timed out.
FAIL: gcc.c-torture/compile/20001226-1.c,  -O3 -g  
WARNING: program timed out.
FAIL: gcc.c-torture/compile/20001226-1.c,  -Os  
FAIL: gcc.c-torture/execute/20020412-1.c execution,  -O0 
FAIL: gcc.c-torture/execute/20020412-1.c execution,  -O1 
FAIL: gcc.c-torture/execute/20020412-1.c execution,  -O2 
FAIL: gcc.c-torture/execute/20020412-1.c execution,  -O3 -fomit-frame-pointer 
FAIL: gcc.c-torture/execute/20020412-1.c execution,  -O3 -fomit-frame-pointer -funroll-loops 
FAIL: gcc.c-torture/execute/20020412-1.c execution,  -O3 -fomit-frame-pointer -funroll-all-loops -finline-functions 
FAIL: gcc.c-torture/execute/20020412-1.c execution,  -O3 -g 
FAIL: gcc.c-torture/execute/20020412-1.c execution,  -Os 
XPASS: gcc.c-torture/execute/va-arg-15.c execution,  -O0 
XPASS: gcc.c-torture/execute/va-arg-15.c execution,  -O1 
XPASS: gcc.c-torture/execute/va-arg-15.c execution,  -O2 
XPASS: gcc.c-torture/execute/va-arg-15.c execution,  -O3 -fomit-frame-pointer 
XPASS: gcc.c-torture/execute/va-arg-15.c execution,  -O3 -fomit-frame-pointer -funroll-loops 
XPASS: gcc.c-torture/execute/va-arg-15.c execution,  -O3 -fomit-frame-pointer -funroll-all-loops -finline-functions 
XPASS: gcc.c-torture/execute/va-arg-15.c execution,  -O3 -g 
XPASS: gcc.c-torture/execute/va-arg-15.c execution,  -Os 
XPASS: gcc.c-torture/execute/va-arg-16.c execution,  -O0 
XPASS: gcc.c-torture/execute/va-arg-16.c execution,  -O1 
XPASS: gcc.c-torture/execute/va-arg-16.c execution,  -O2 
XPASS: gcc.c-torture/execute/va-arg-16.c execution,  -O3 -fomit-frame-pointer 
XPASS: gcc.c-torture/execute/va-arg-16.c execution,  -O3 -g 
XPASS: gcc.c-torture/execute/va-arg-16.c execution,  -Os 
XPASS: gcc.c-torture/execute/va-arg-17.c execution,  -O0 
XPASS: gcc.c-torture/execute/va-arg-17.c execution,  -O1 
XPASS: gcc.c-torture/execute/va-arg-17.c execution,  -O2 
XPASS: gcc.c-torture/execute/va-arg-17.c execution,  -O3 -fomit-frame-pointer 
XPASS: gcc.c-torture/execute/va-arg-17.c execution,  -O3 -g 
XPASS: gcc.c-torture/execute/va-arg-17.c execution,  -Os 
FAIL: cmdlne-dM-M.c: #define line not printed
FAIL: gcc.dg/unordered-1.c (test for excess errors)

		=== gcc Summary for unix ===

# of expected passes		18824
# of unexpected failures	19
# of unexpected successes	20
# of expected failures		94
# of unsupported tests		138

Running target unix/-mabi=64
FAIL: gcc.c-torture/compile/simd-2.c,  -O1  
FAIL: gcc.c-torture/compile/simd-2.c,  -O2  
FAIL: gcc.c-torture/compile/simd-2.c,  -O3 -fomit-frame-pointer  
FAIL: gcc.c-torture/compile/simd-2.c,  -O3 -g  
FAIL: gcc.c-torture/compile/simd-2.c,  -Os  
WARNING: program timed out.
FAIL: gcc.c-torture/compile/20001226-1.c,  -O2  
WARNING: program timed out.
FAIL: gcc.c-torture/compile/20001226-1.c,  -O3 -fomit-frame-pointer  
WARNING: program timed out.
FAIL: gcc.c-torture/compile/20001226-1.c,  -O3 -g  
WARNING: program timed out.
FAIL: gcc.c-torture/compile/20001226-1.c,  -Os  
FAIL: gcc.c-torture/execute/20020412-1.c execution,  -O0 
FAIL: gcc.c-torture/execute/20020412-1.c execution,  -O1 
FAIL: gcc.c-torture/execute/20020412-1.c execution,  -O2 
FAIL: gcc.c-torture/execute/20020412-1.c execution,  -O3 -fomit-frame-pointer 
FAIL: gcc.c-torture/execute/20020412-1.c execution,  -O3 -fomit-frame-pointer -funroll-loops 
FAIL: gcc.c-torture/execute/20020412-1.c execution,  -O3 -fomit-frame-pointer -funroll-all-loops -finline-functions 
FAIL: gcc.c-torture/execute/20020412-1.c execution,  -O3 -g 
FAIL: gcc.c-torture/execute/20020412-1.c execution,  -Os 
XPASS: gcc.c-torture/execute/va-arg-15.c execution,  -O0 
XPASS: gcc.c-torture/execute/va-arg-15.c execution,  -O1 
XPASS: gcc.c-torture/execute/va-arg-15.c execution,  -O2 
XPASS: gcc.c-torture/execute/va-arg-15.c execution,  -O3 -fomit-frame-pointer 
XPASS: gcc.c-torture/execute/va-arg-15.c execution,  -O3 -fomit-frame-pointer -funroll-loops 
XPASS: gcc.c-torture/execute/va-arg-15.c execution,  -O3 -fomit-frame-pointer -funroll-all-loops -finline-functions 
XPASS: gcc.c-torture/execute/va-arg-15.c execution,  -O3 -g 
XPASS: gcc.c-torture/execute/va-arg-15.c execution,  -Os 
XPASS: gcc.c-torture/execute/va-arg-16.c execution,  -O0 
XPASS: gcc.c-torture/execute/va-arg-16.c execution,  -O1 
XPASS: gcc.c-torture/execute/va-arg-16.c execution,  -O2 
XPASS: gcc.c-torture/execute/va-arg-16.c execution,  -O3 -fomit-frame-pointer 
XPASS: gcc.c-torture/execute/va-arg-16.c execution,  -O3 -g 
XPASS: gcc.c-torture/execute/va-arg-16.c execution,  -Os 
XPASS: gcc.c-torture/execute/va-arg-17.c execution,  -O0 
XPASS: gcc.c-torture/execute/va-arg-17.c execution,  -O1 
XPASS: gcc.c-torture/execute/va-arg-17.c execution,  -O2 
XPASS: gcc.c-torture/execute/va-arg-17.c execution,  -O3 -fomit-frame-pointer 
XPASS: gcc.c-torture/execute/va-arg-17.c execution,  -O3 -g 
XPASS: gcc.c-torture/execute/va-arg-17.c execution,  -Os 
FAIL: cmdlne-dM-M.c: #define line not printed
FAIL: gcc.dg/unordered-1.c (test for excess errors)

		=== gcc Summary for unix/-mabi=64 ===

# of expected passes		18824
# of unexpected failures	19
# of unexpected successes	20
# of expected failures		94
# of unsupported tests		138

		=== gcc Summary ===

# of expected passes		37648
# of unexpected failures	38
# of unexpected successes	40
# of expected failures		188
# of unsupported tests		276
/exd4/billingd/obj/gcc/gcc/xgcc version 3.2 20020716 (experimental)

		=== g++ tests ===


Running target unix
FAIL: g++.dg/ext/instantiate2.C scan-assembler 
FAIL: g++.dg/warn/Wunused-2.C  (test for warnings, line 5)

		=== g++ Summary for unix ===

# of expected passes		7188
# of unexpected failures	2
# of expected failures		97
# of untested testcases		23
# of unsupported tests		5

Running target unix/-mabi=64
FAIL: g++.dg/ext/instantiate2.C scan-assembler 
FAIL: g++.dg/warn/Wunused-2.C  (test for warnings, line 5)

		=== g++ Summary for unix/-mabi=64 ===

# of expected passes		7188
# of unexpected failures	2
# of expected failures		97
# of untested testcases		23
# of unsupported tests		5

		=== g++ Summary ===

# of expected passes		14376
# of unexpected failures	4
# of expected failures		194
# of untested testcases		46
# of unsupported tests		10
/exd4/billingd/obj/gcc/gcc/testsuite/../g++ version 3.2 20020716 (experimental)

		=== objc tests ===


Running target unix

		=== objc Summary for unix ===

# of expected passes		1043
# of expected failures		6

Running target unix/-mabi=64

		=== objc Summary for unix/-mabi=64 ===

# of expected passes		1043
# of expected failures		6

		=== objc Summary ===

# of expected passes		2086
# of expected failures		12
/exd4/billingd/obj/gcc/gcc/xgcc version 3.2 20020716 (experimental)

		=== libjava tests ===


Running target unix
FAIL: PR1343 compilation from bytecode
FAIL: PR1343 -O compilation from bytecode
FAIL: TLtest compilation from bytecode
FAIL: TLtest -O compilation from bytecode
FAIL: Array_3 compilation from bytecode
FAIL: Array_3 -O compilation from bytecode
FAIL: Throw_2 execution - source compiled test
FAIL: Throw_2 execution - bytecode->native test
FAIL: Throw_2 -O execution - source compiled test
FAIL: Throw_2 -O execution - bytecode->native test
FAIL: FileHandleGcTest execution - source compiled test
FAIL: FileHandleGcTest execution - bytecode->native test
FAIL: FileHandleGcTest -O execution - source compiled test
FAIL: FileHandleGcTest -O execution - bytecode->native test
FAIL: invokethrow execution - source compiled test
FAIL: invokethrow execution - bytecode->native test
FAIL: invokethrow -O execution - source compiled test
FAIL: invokethrow -O execution - bytecode->native test

		=== libjava Summary for unix ===

# of expected passes		2087
# of unexpected failures	18
# of expected failures		14
# of untested testcases		104

Running target unix/-mabi=64
FAIL: PR1343 compilation from bytecode
FAIL: PR1343 -O compilation from bytecode
FAIL: calls output
FAIL: martin output
FAIL: throwit output
FAIL: TLtest compilation from bytecode
FAIL: TLtest -O compilation from bytecode
FAIL: InvokeReturn output - source compiled test
FAIL: InvokeReturn output - bytecode->native test
FAIL: InvokeReturn -O output - source compiled test
FAIL: InvokeReturn -O output - bytecode->native test
FAIL: Array_3 compilation from bytecode
FAIL: Array_3 -O compilation from bytecode
FAIL: Throw_2 execution - source compiled test
FAIL: Throw_2 execution - bytecode->native test
FAIL: Throw_2 -O execution - source compiled test
FAIL: Throw_2 -O execution - bytecode->native test
FAIL: FileHandleGcTest execution - source compiled test
FAIL: FileHandleGcTest execution - bytecode->native test
FAIL: FileHandleGcTest -O execution - source compiled test
FAIL: FileHandleGcTest -O execution - bytecode->native test
FAIL: invokethrow output - source compiled test
FAIL: invokethrow output - bytecode->native test
FAIL: invokethrow -O output - source compiled test
FAIL: invokethrow -O output - bytecode->native test

		=== libjava Summary for unix/-mabi=64 ===

# of expected passes		2084
# of unexpected failures	25
# of expected failures		14
# of untested testcases		100

		=== libjava Summary ===

# of expected passes		4171
# of unexpected failures	43
# of expected failures		28
# of untested testcases		204
		=== libstdc++-v3 tests ===


Running target unix
XPASS: 22_locale/collate_members_wchar_t.cc execution test
XPASS: 22_locale/ctype_is_wchar_t.cc execution test
XPASS: 22_locale/money_get_members_wchar_t.cc execution test
XPASS: 22_locale/money_put_members_wchar_t.cc execution test
XPASS: 22_locale/moneypunct_members_wchar_t.cc execution test
XPASS: 22_locale/num_get_members_wchar_t.cc execution test
XPASS: 22_locale/num_put_members_wchar_t.cc execution test
XPASS: 22_locale/numpunct_members_wchar_t.cc execution test
XPASS: 22_locale/time_get_members_wchar_t.cc execution test
XPASS: 22_locale/time_put_members_wchar_t.cc execution test
FAIL: 27_io/ios_base_storage.cc execution test
FAIL: 27_io/ostream_inserter_arith.cc execution test

		=== libstdc++-v3 Summary for unix ===

# of expected passes		392
# of unexpected failures	2
# of unexpected successes	10
# of expected failures		17
# of unsupported tests		6

Running target unix/-mabi=64
XPASS: 22_locale/collate_members_wchar_t.cc execution test
XPASS: 22_locale/ctype_is_wchar_t.cc execution test
XPASS: 22_locale/money_get_members_wchar_t.cc execution test
XPASS: 22_locale/money_put_members_wchar_t.cc execution test
XPASS: 22_locale/moneypunct_members_wchar_t.cc execution test
XPASS: 22_locale/num_get_members_wchar_t.cc execution test
XPASS: 22_locale/num_put_members_wchar_t.cc execution test
XPASS: 22_locale/numpunct_members_wchar_t.cc execution test
XPASS: 22_locale/time_get_members_wchar_t.cc execution test
XPASS: 22_locale/time_put_members_wchar_t.cc execution test
FAIL: 27_io/ostream_inserter_arith.cc execution test

		=== libstdc++-v3 Summary for unix/-mabi=64 ===

# of expected passes		393
# of unexpected failures	1
# of unexpected successes	10
# of expected failures		17
# of unsupported tests		6

		=== libstdc++-v3 Summary ===

# of expected passes		785
# of unexpected failures	3
# of unexpected successes	20
# of expected failures		34
# of unsupported tests		12

Compiler version: 3.2 20020716 (experimental) 
Platform: mips-sgi-irix6.5
configure flags: --host=mips-sgi-irix6.5 --enable-shared --enable-haifa --enable-libgcj --enable-threads=single --disable-nls --prefix=/exd4/billingd/tmp/gcc
Counting all warnings,
there are 100 warnings in stage3 of this bootstrap.

Number of warnings per file:
  16 gcc/gengtype-lex.c
  14 gcc/ra-debug.c
  11 gcc/config/mips/mips.md
   9 gcc/ra-rewrite.c
   6 gcc/ra-build.c
   6 gcc/loop.c
   5 /usr/local/share/bison/bison.simple
   4 insn-attrtab.c
   4 gcc/reload.c
   3 gcc/unroll.c
   3 gcc/regclass.c
   3 gcc/optabs.c
   3 gcc/gcc.c
   2 gt-except.h
   2 gtype-desc.c
   1 gt-integrate.h
   1 gcc/simplify-rtx.c
   1 gcc/reload1.c
   1 gcc/objc/objc-act.c
   1 gcc/java/jvspec.c
   1 gcc/java/jcf-io.c
   1 gcc/f/where.c
   1 gcc/df.c
   1 gcc/cp/lang-specs.h

Number of warning types:
  25 comparison between signed and unsigned
  19 traditional C rejects ISO C style function definitions
   7 traditional C rejects string concatenation
   7 traditional C rejects automatic aggregate initialization
   6 operand 1 missing mode?
   5 ??? format, ??? arg (arg ???)
   5 string length \`???' is greater than the length \`???' ISO C89 compilers are required to support
   5 operand 0 missing mode?
   4 \`???' defined but not used
   4 signed and unsigned type in conditional expression
   3 label \`???' defined but not used
   2 \`???' might be used uninitialized in this function
   2 unused variable \`???'
   2 traditional C rejects the \`U' suffix
   1 passing arg ??? of \`???' from incompatible pointer type
   1 implicit declaration of function \`???'
   1 function \`???' was previously declared within a block
   1 comparison is always false due to limited range of data type


Index Nav: [Date Index] [Subject Index] [Author Index] [Thread Index]
Message Nav: [Date Prev] [Date Next] [Thread Prev] [Thread Next]