This is the mail archive of the
gcc-testresults@gcc.gnu.org
mailing list for the GCC project.
Results for 3.1.1 20020716 (prerelease) testsuite on ia64-unknown-linux-gnu
- From: "H. J. Lu" <hjl at lucon dot org>
- To: gcc-testresults at gcc dot gnu dot org
- Date: Wed, 17 Jul 2002 00:23:45 -0700
- Subject: Results for 3.1.1 20020716 (prerelease) testsuite on ia64-unknown-linux-gnu
LAST_UPDATED: Wed Jul 17 04:36:56 UTC 2002
Native configuration is ia64-unknown-linux-gnu
=== binutils tests ===
Running target unix
=== binutils Summary ===
# of expected passes 31
# of expected failures 1
=== gas tests ===
Running target unix
=== gas Summary ===
# of expected passes 44
=== g77 tests ===
Running target unix
=== g77 Summary ===
# of expected passes 1452
# of unsupported tests 8
/home/hjl/build/tools-3.1/build-ia64-linux/gcc/testsuite/../g77 version 3.1.1 20020716 (prerelease)
=== gcc tests ===
Running target unix
XPASS: gcc.dg/c99-intconst-1.c (test for excess errors)
=== gcc Summary ===
# of expected passes 18050
# of unexpected successes 1
# of expected failures 83
# of unsupported tests 108
/home/hjl/build/tools-3.1/build-ia64-linux/gcc/xgcc version 3.1.1 20020716 (prerelease)
=== g++ tests ===
Running target unix
FAIL: g++.law/profile1.C Execution test
=== g++ Summary ===
# of expected passes 7070
# of unexpected failures 1
# of expected failures 88
# of untested testcases 23
# of unsupported tests 5
/home/hjl/build/tools-3.1/build-ia64-linux/gcc/testsuite/../g++ version 3.1.1 20020716 (prerelease)
=== objc tests ===
Running target unix
=== objc Summary ===
# of expected passes 1035
# of expected failures 6
/home/hjl/build/tools-3.1/build-ia64-linux/gcc/xgcc version 3.1.1 20020716 (prerelease)
=== libjava tests ===
Running target unix
FAIL: Thread_Interrupt output from source compiled test
FAIL: Thread_Interrupt -O output from source compiled test
=== libjava Summary ===
# of expected passes 2073
# of unexpected failures 2
# of expected failures 18
# of untested testcases 14
=== libstdc++-v3 tests ===
Running target unix
XPASS: 22_locale/ctype_is_wchar_t.cc execution test
XPASS: 22_locale/time_put_members_char.cc execution test
XPASS: 22_locale/time_put_members_wchar_t.cc execution test
FAIL: 26_numerics/c99_classification_macros_c.cc (test for excess errors)
=== libstdc++-v3 Summary ===
# of expected passes 397
# of unexpected failures 1
# of unexpected successes 3
# of expected failures 23
=== ld tests ===
Running target unix
FAIL: selective1
FAIL: selective2
FAIL: selective3
ERROR: /home/hjl/src/tools-3.1/tools/ld/testsuite/ld-selective/3.cc: compilation failed
UNRESOLVED: selective4
ERROR: /home/hjl/src/tools-3.1/tools/ld/testsuite/ld-selective/4.cc: compilation failed
UNRESOLVED: selective5
ERROR: /home/hjl/src/tools-3.1/tools/ld/testsuite/ld-selective/5.cc: compilation failed
UNRESOLVED: selective6
FAIL: S-records
FAIL: S-records with constructors
=== ld Summary ===
# of expected passes 100
# of unexpected failures 5
# of expected failures 39
# of unresolved testcases 3
Compiler version: 3.1.1 20020716 (prerelease)
Platform: ia64-unknown-linux-gnu
configure flags: --host=ia64-unknown-linux --enable-shared --enable-threads=posix --enable-haifa --disable-checking --with-system-zlib --prefix=/home/hjl/tools --with-local-prefix=/usr/local