This is the mail archive of the gcc-testresults@gcc.gnu.org mailing list for the GCC project.


Index Nav: [Date Index] [Subject Index] [Author Index] [Thread Index]
Message Nav: [Date Prev] [Date Next] [Thread Prev] [Thread Next]
Other format: [Raw text]

Results for 3.1.1 20020715 (prerelease) testsuite on ia64-unknown-linux-gnu


-- 
Tim Prince

Native configuration is ia64-unknown-linux-gnu

                === g77 tests ===


Running target unix

                === g77 Summary ===

# of expected passes            1452
# of unsupported tests          8
/home/tim/src/gcc-20020603/l64/gcc/testsuite/../g77 version 3.1.1 20020715 
(prerelease)

                === gcc tests ===


Running target unix
FAIL: gcc.c-torture/execute/ieee/fp-cmp-5.c compilation,  -O1
UNRESOLVED: gcc.c-torture/execute/ieee/fp-cmp-5.c execution,  -O1
FAIL: gcc.c-torture/execute/ieee/fp-cmp-5.c compilation,  -O2
UNRESOLVED: gcc.c-torture/execute/ieee/fp-cmp-5.c execution,  -O2
FAIL: gcc.c-torture/execute/ieee/fp-cmp-5.c compilation,  -O3 
-fomit-frame-pointer
UNRESOLVED: gcc.c-torture/execute/ieee/fp-cmp-5.c execution,  -O3 
-fomit-frame-pointer
FAIL: gcc.c-torture/execute/ieee/fp-cmp-5.c compilation,  -O3 
-fomit-frame-pointer -funroll-loops
UNRESOLVED: gcc.c-torture/execute/ieee/fp-cmp-5.c execution,  -O3 
-fomit-frame-pointer -funroll-loops
FAIL: gcc.c-torture/execute/ieee/fp-cmp-5.c compilation,  -O3 
-fomit-frame-pointer -funroll-all-loops -finline-functions
UNRESOLVED: gcc.c-torture/execute/ieee/fp-cmp-5.c execution,  -O3 
-fomit-frame-pointer -funroll-all-loops -finline-functions
FAIL: gcc.c-torture/execute/ieee/fp-cmp-5.c compilation,  -O3 -g
UNRESOLVED: gcc.c-torture/execute/ieee/fp-cmp-5.c execution,  -O3 -g
FAIL: gcc.c-torture/execute/ieee/fp-cmp-5.c compilation,  -Os
UNRESOLVED: gcc.c-torture/execute/ieee/fp-cmp-5.c execution,  -Os
XPASS: gcc.dg/c99-intconst-1.c (test for excess errors)

                === gcc Summary ===

# of expected passes            18030
# of unexpected failures        7
# of unexpected successes       1
# of expected failures          83
# of unresolved testcases       7
# of unsupported tests          108
/home/tim/src/gcc-20020603/l64/gcc/xgcc version 3.1.1 20020715 (prerelease)

                === g++ tests ===


Running target unix
FAIL: g++.law/profile1.C  Execution test

                === g++ Summary ===

# of expected passes            7070
# of unexpected failures        1
# of expected failures          88
# of untested testcases         23
# of unsupported tests          5
/home/tim/src/gcc-20020603/l64/gcc/testsuite/../g++ version 3.1.1 20020715 
(prerelease)

                === objc tests ===


Running target unix

                === objc Summary ===

# of expected passes            1035
# of expected failures          6
/home/tim/src/gcc-20020603/l64/gcc/xgcc version 3.1.1 20020715 (prerelease)

                === libjava tests ===


Running target unix
FAIL: TLtest compilation from bytecode
FAIL: TLtest -O compilation from bytecode

                === libjava Summary ===

# of expected passes            1993
# of unexpected failures        2
# of expected failures          18
# of untested testcases         94
                === libstdc++-v3 tests ===


Running target unix
XPASS: 22_locale/ctype_is_char.cc execution test
XPASS: 22_locale/ctype_is_wchar_t.cc execution test
XPASS: 22_locale/members.cc execution test
XPASS: 22_locale/messages_byname.cc execution test
XPASS: 22_locale/messages_members_char.cc execution test
XPASS: 22_locale/money_get_members_char.cc execution test
XPASS: 22_locale/money_put_members_char.cc execution test
XPASS: 22_locale/moneypunct_byname.cc execution test
XPASS: 22_locale/moneypunct_members_char.cc execution test
XPASS: 22_locale/moneypunct_members_wchar_t.cc execution test
XPASS: 22_locale/num_get_members_char.cc execution test
XPASS: 22_locale/num_get_members_wchar_t.cc execution test
XPASS: 22_locale/num_put_members_char.cc execution test
XPASS: 22_locale/num_put_members_wchar_t.cc execution test
XPASS: 22_locale/numpunct_byname.cc execution test
XPASS: 22_locale/numpunct_members_char.cc execution test
XPASS: 22_locale/numpunct_members_wchar_t.cc execution test
XPASS: 22_locale/time_get_members_char.cc execution test
XPASS: 22_locale/time_get_members_wchar_t.cc execution test
XPASS: 22_locale/time_put_members_char.cc execution test
XPASS: 22_locale/time_put_members_wchar_t.cc execution test
FAIL: 26_numerics/c99_classification_macros_c.cc (test for excess errors)

                === libstdc++-v3 Summary ===

# of expected passes            397
# of unexpected failures        1
# of unexpected successes       21
# of expected failures          5

Compiler version: 3.1.1 20020715 (prerelease)
Platform: ia64-unknown-linux-gnu
configure flags: --host=ia64-unknown-linux
BOOT_CFLAGS=-O2 -pipe
E


Index Nav: [Date Index] [Subject Index] [Author Index] [Thread Index]
Message Nav: [Date Prev] [Date Next] [Thread Prev] [Thread Next]