This is the mail archive of the gcc-testresults@gcc.gnu.org mailing list for the GCC project.


Index Nav: [Date Index] [Subject Index] [Author Index] [Thread Index]
Message Nav: [Date Prev] [Date Next] [Thread Prev] [Thread Next]
Other format: [Raw text]

Results for 3.2 20020714 (experimental) testsuite on mips-sgi-irix6.2


LAST_UPDATED: 
Native configuration is mips-sgi-irix6.2

		=== g++ tests ===


Running target unix/-mabi=64
FAIL: g++.dg/ext/instantiate2.C scan-assembler 
FAIL: g++.dg/warn/Wunused-2.C  (test for warnings, line 5)

		=== g++ Summary for unix/-mabi=64 ===

# of expected passes		7188
# of unexpected failures	2
# of expected failures		97
# of untested testcases		23
# of unsupported tests		5

Running target unix/-mips4
FAIL: g++.dg/ext/instantiate2.C scan-assembler 
FAIL: g++.dg/warn/Wunused-2.C  (test for warnings, line 5)

		=== g++ Summary for unix/-mips4 ===

# of expected passes		7188
# of unexpected failures	2
# of expected failures		97
# of untested testcases		23
# of unsupported tests		5

Running target unix
FAIL: g++.dg/ext/instantiate2.C scan-assembler 
FAIL: g++.dg/warn/Wunused-2.C  (test for warnings, line 5)

		=== g++ Summary for unix ===

# of expected passes		7188
# of unexpected failures	2
# of expected failures		97
# of untested testcases		23
# of unsupported tests		5

		=== g++ Summary ===

# of expected passes		21564
# of unexpected failures	6
# of expected failures		291
# of untested testcases		69
# of unsupported tests		15
/caip/u99/ghazi/gcc-testing/build/gcc/testsuite/../g++ version 3.2 20020714 (experimental)

		=== g77 tests ===


Running target unix/-mabi=64
FAIL: g77.f-torture/execute/6367.f execution,  -O0 
FAIL: g77.f-torture/execute/6367.f execution,  -O1 
FAIL: g77.f-torture/execute/6367.f execution,  -O2 
FAIL: g77.f-torture/execute/6367.f execution,  -O3 -fomit-frame-pointer 
FAIL: g77.f-torture/execute/6367.f execution,  -O3 -fomit-frame-pointer -funroll-loops 
FAIL: g77.f-torture/execute/6367.f execution,  -O3 -fomit-frame-pointer -funroll-all-loops -finline-functions 
FAIL: g77.f-torture/execute/6367.f execution,  -O3 -g 
FAIL: g77.f-torture/execute/6367.f execution,  -Os 

		=== g77 Summary for unix/-mabi=64 ===

# of expected passes		1618
# of unexpected failures	8
# of unsupported tests		8

Running target unix/-mips4
FAIL: g77.f-torture/execute/6367.f execution,  -O0 
FAIL: g77.f-torture/execute/6367.f execution,  -O1 
FAIL: g77.f-torture/execute/6367.f execution,  -O2 
FAIL: g77.f-torture/execute/6367.f execution,  -O3 -fomit-frame-pointer 
FAIL: g77.f-torture/execute/6367.f execution,  -O3 -fomit-frame-pointer -funroll-loops 
FAIL: g77.f-torture/execute/6367.f execution,  -O3 -fomit-frame-pointer -funroll-all-loops -finline-functions 
FAIL: g77.f-torture/execute/6367.f execution,  -O3 -g 
FAIL: g77.f-torture/execute/6367.f execution,  -Os 
FAIL: g77.f-torture/execute/intrinsic77.f compilation,  -O3 -fomit-frame-pointer 
FAIL: g77.f-torture/execute/intrinsic77.f compilation,  -O3 -g 

		=== g77 Summary for unix/-mips4 ===

# of expected passes		1614
# of unexpected failures	10
# of untested testcases		2
# of unsupported tests		8

Running target unix
FAIL: g77.f-torture/execute/6367.f execution,  -O0 
FAIL: g77.f-torture/execute/6367.f execution,  -O1 
FAIL: g77.f-torture/execute/6367.f execution,  -O2 
FAIL: g77.f-torture/execute/6367.f execution,  -O3 -fomit-frame-pointer 
FAIL: g77.f-torture/execute/6367.f execution,  -O3 -fomit-frame-pointer -funroll-loops 
FAIL: g77.f-torture/execute/6367.f execution,  -O3 -fomit-frame-pointer -funroll-all-loops -finline-functions 
FAIL: g77.f-torture/execute/6367.f execution,  -O3 -g 
FAIL: g77.f-torture/execute/6367.f execution,  -Os 

		=== g77 Summary for unix ===

# of expected passes		1618
# of unexpected failures	8
# of unsupported tests		8

		=== g77 Summary ===

# of expected passes		4850
# of unexpected failures	26
# of untested testcases		2
# of unsupported tests		24
/caip/u99/ghazi/gcc-testing/build/gcc/testsuite/../g77 version 3.2 20020714 (experimental)

		=== gcc tests ===


Running target unix/-mabi=64
FAIL: gcc.c-torture/compile/simd-2.c,  -O0  
FAIL: gcc.c-torture/compile/simd-2.c,  -O1  
FAIL: gcc.c-torture/compile/simd-2.c,  -O2  
FAIL: gcc.c-torture/compile/simd-2.c,  -O3 -fomit-frame-pointer  
FAIL: gcc.c-torture/compile/simd-2.c,  -O3 -g  
FAIL: gcc.c-torture/compile/simd-2.c,  -Os  
FAIL: gcc.c-torture/compile/simd-1.c,  -O0  
FAIL: gcc.c-torture/compile/simd-1.c,  -O1  
FAIL: gcc.c-torture/compile/simd-1.c,  -O2  
FAIL: gcc.c-torture/compile/simd-1.c,  -O3 -fomit-frame-pointer  
FAIL: gcc.c-torture/compile/simd-1.c,  -O3 -g  
FAIL: gcc.c-torture/compile/simd-1.c,  -Os  
WARNING: program timed out.
FAIL: gcc.c-torture/compile/20001226-1.c,  -O2  
WARNING: program timed out.
FAIL: gcc.c-torture/compile/20001226-1.c,  -O3 -fomit-frame-pointer  
WARNING: program timed out.
FAIL: gcc.c-torture/compile/20001226-1.c,  -O3 -g  
WARNING: program timed out.
FAIL: gcc.c-torture/compile/20001226-1.c,  -Os  
FAIL: gcc.c-torture/execute/20020412-1.c execution,  -O0 
FAIL: gcc.c-torture/execute/20020412-1.c execution,  -O1 
FAIL: gcc.c-torture/execute/20020412-1.c execution,  -O2 
FAIL: gcc.c-torture/execute/20020412-1.c execution,  -O3 -fomit-frame-pointer 
FAIL: gcc.c-torture/execute/20020412-1.c execution,  -O3 -fomit-frame-pointer -funroll-loops 
FAIL: gcc.c-torture/execute/20020412-1.c execution,  -O3 -fomit-frame-pointer -funroll-all-loops -finline-functions 
FAIL: gcc.c-torture/execute/20020412-1.c execution,  -O3 -g 
FAIL: gcc.c-torture/execute/20020412-1.c execution,  -Os 
FAIL: cmdlne-dM-M.c: #define line not printed
FAIL: gcc.dg/simd-1.c (test for excess errors)
FAIL: gcc.dg/unordered-1.c (test for excess errors)

		=== gcc Summary for unix/-mabi=64 ===

# of expected passes		18815
# of unexpected failures	27
# of expected failures		114
# of unsupported tests		138

Running target unix/-mips4
FAIL: gcc.c-torture/compile/simd-2.c,  -O0  
FAIL: gcc.c-torture/compile/simd-2.c,  -O1  
FAIL: gcc.c-torture/compile/simd-2.c,  -O2  
FAIL: gcc.c-torture/compile/simd-2.c,  -O3 -fomit-frame-pointer  
FAIL: gcc.c-torture/compile/simd-2.c,  -O3 -g  
FAIL: gcc.c-torture/compile/simd-2.c,  -Os  
FAIL: gcc.c-torture/compile/simd-1.c,  -O0  
FAIL: gcc.c-torture/compile/simd-1.c,  -O1  
FAIL: gcc.c-torture/compile/simd-1.c,  -O2  
FAIL: gcc.c-torture/compile/simd-1.c,  -O3 -fomit-frame-pointer  
FAIL: gcc.c-torture/compile/simd-1.c,  -O3 -g  
FAIL: gcc.c-torture/compile/simd-1.c,  -Os  
WARNING: program timed out.
FAIL: gcc.c-torture/compile/20001226-1.c,  -O2  
WARNING: program timed out.
FAIL: gcc.c-torture/compile/20001226-1.c,  -O3 -fomit-frame-pointer  
WARNING: program timed out.
FAIL: gcc.c-torture/compile/20001226-1.c,  -O3 -g  
WARNING: program timed out.
FAIL: gcc.c-torture/compile/20001226-1.c,  -Os  
FAIL: gcc.c-torture/compile/920501-4.c,  -O1  
FAIL: gcc.c-torture/execute/20020412-1.c execution,  -O0 
FAIL: gcc.c-torture/execute/20020412-1.c execution,  -O1 
FAIL: gcc.c-torture/execute/20020412-1.c execution,  -O2 
FAIL: gcc.c-torture/execute/20020412-1.c execution,  -O3 -fomit-frame-pointer 
FAIL: gcc.c-torture/execute/20020412-1.c execution,  -O3 -fomit-frame-pointer -funroll-loops 
FAIL: gcc.c-torture/execute/20020412-1.c execution,  -O3 -fomit-frame-pointer -funroll-all-loops -finline-functions 
FAIL: gcc.c-torture/execute/20020412-1.c execution,  -O3 -g 
FAIL: gcc.c-torture/execute/20020412-1.c execution,  -Os 
FAIL: gcc.c-torture/execute/gofast.c compilation,  -O3 -fomit-frame-pointer 
UNRESOLVED: gcc.c-torture/execute/gofast.c execution,  -O3 -fomit-frame-pointer 
FAIL: gcc.c-torture/execute/gofast.c compilation,  -O3 -g 
UNRESOLVED: gcc.c-torture/execute/gofast.c execution,  -O3 -g 
FAIL: gcc.c-torture/execute/ieee/fp-cmp-5.c compilation,  -O1 
UNRESOLVED: gcc.c-torture/execute/ieee/fp-cmp-5.c execution,  -O1 
FAIL: gcc.c-torture/execute/ieee/fp-cmp-5.c compilation,  -O2 
UNRESOLVED: gcc.c-torture/execute/ieee/fp-cmp-5.c execution,  -O2 
FAIL: gcc.c-torture/execute/ieee/fp-cmp-5.c compilation,  -O3 -fomit-frame-pointer 
UNRESOLVED: gcc.c-torture/execute/ieee/fp-cmp-5.c execution,  -O3 -fomit-frame-pointer 
FAIL: gcc.c-torture/execute/ieee/fp-cmp-5.c compilation,  -O3 -fomit-frame-pointer -funroll-loops 
UNRESOLVED: gcc.c-torture/execute/ieee/fp-cmp-5.c execution,  -O3 -fomit-frame-pointer -funroll-loops 
FAIL: gcc.c-torture/execute/ieee/fp-cmp-5.c compilation,  -O3 -fomit-frame-pointer -funroll-all-loops -finline-functions 
UNRESOLVED: gcc.c-torture/execute/ieee/fp-cmp-5.c execution,  -O3 -fomit-frame-pointer -funroll-all-loops -finline-functions 
FAIL: gcc.c-torture/execute/ieee/fp-cmp-5.c compilation,  -O3 -g 
UNRESOLVED: gcc.c-torture/execute/ieee/fp-cmp-5.c execution,  -O3 -g 
FAIL: gcc.c-torture/execute/ieee/fp-cmp-5.c compilation,  -Os 
UNRESOLVED: gcc.c-torture/execute/ieee/fp-cmp-5.c execution,  -Os 
FAIL: gcc.c-torture/unsorted/conv_tst.c,  -O3 -fomit-frame-pointer  
FAIL: gcc.c-torture/unsorted/conv_tst.c,  -O3 -g  
FAIL: cmdlne-dM-M.c: #define line not printed
FAIL: gcc.dg/simd-1.c (test for excess errors)
FAIL: gcc.dg/unordered-1.c (test for excess errors)

		=== gcc Summary for unix/-mips4 ===

# of expected passes		18794
# of unexpected failures	39
# of expected failures		114
# of unresolved testcases	9
# of unsupported tests		138

Running target unix
FAIL: gcc.c-torture/compile/simd-2.c,  -O0  
FAIL: gcc.c-torture/compile/simd-2.c,  -O1  
FAIL: gcc.c-torture/compile/simd-2.c,  -O2  
FAIL: gcc.c-torture/compile/simd-2.c,  -O3 -fomit-frame-pointer  
FAIL: gcc.c-torture/compile/simd-2.c,  -O3 -g  
FAIL: gcc.c-torture/compile/simd-2.c,  -Os  
FAIL: gcc.c-torture/compile/simd-1.c,  -O0  
FAIL: gcc.c-torture/compile/simd-1.c,  -O1  
FAIL: gcc.c-torture/compile/simd-1.c,  -O2  
FAIL: gcc.c-torture/compile/simd-1.c,  -O3 -fomit-frame-pointer  
FAIL: gcc.c-torture/compile/simd-1.c,  -O3 -g  
FAIL: gcc.c-torture/compile/simd-1.c,  -Os  
WARNING: program timed out.
FAIL: gcc.c-torture/compile/20001226-1.c,  -O2  
WARNING: program timed out.
FAIL: gcc.c-torture/compile/20001226-1.c,  -O3 -fomit-frame-pointer  
WARNING: program timed out.
FAIL: gcc.c-torture/compile/20001226-1.c,  -O3 -g  
WARNING: program timed out.
FAIL: gcc.c-torture/compile/20001226-1.c,  -Os  
FAIL: gcc.c-torture/execute/20020412-1.c execution,  -O0 
FAIL: gcc.c-torture/execute/20020412-1.c execution,  -O1 
FAIL: gcc.c-torture/execute/20020412-1.c execution,  -O2 
FAIL: gcc.c-torture/execute/20020412-1.c execution,  -O3 -fomit-frame-pointer 
FAIL: gcc.c-torture/execute/20020412-1.c execution,  -O3 -fomit-frame-pointer -funroll-loops 
FAIL: gcc.c-torture/execute/20020412-1.c execution,  -O3 -fomit-frame-pointer -funroll-all-loops -finline-functions 
FAIL: gcc.c-torture/execute/20020412-1.c execution,  -O3 -g 
FAIL: gcc.c-torture/execute/20020412-1.c execution,  -Os 
FAIL: cmdlne-dM-M.c: #define line not printed
FAIL: gcc.dg/simd-1.c (test for excess errors)
FAIL: gcc.dg/unordered-1.c (test for excess errors)

		=== gcc Summary for unix ===

# of expected passes		18815
# of unexpected failures	27
# of expected failures		114
# of unsupported tests		138

		=== gcc Summary ===

# of expected passes		56424
# of unexpected failures	93
# of expected failures		342
# of unresolved testcases	9
# of unsupported tests		414
/caip/u99/ghazi/gcc-testing/build/gcc/xgcc version 3.2 20020714 (experimental)

		=== objc tests ===


Running target unix/-mabi=64

		=== objc Summary for unix/-mabi=64 ===

# of expected passes		1043
# of expected failures		6

Running target unix/-mips4

		=== objc Summary for unix/-mips4 ===

# of expected passes		1043
# of expected failures		6

Running target unix

		=== objc Summary for unix ===

# of expected passes		1043
# of expected failures		6

		=== objc Summary ===

# of expected passes		3129
# of expected failures		18
/caip/u99/ghazi/gcc-testing/build/gcc/xgcc version 3.2 20020714 (experimental)

		=== libstdc++-v3 tests ===


Running target unix/-mabi=64
XPASS: 22_locale/collate_members_wchar_t.cc execution test
XPASS: 22_locale/ctype_is_wchar_t.cc execution test
XPASS: 22_locale/money_get_members_wchar_t.cc execution test
XPASS: 22_locale/money_put_members_wchar_t.cc execution test
XPASS: 22_locale/moneypunct_members_wchar_t.cc execution test
XPASS: 22_locale/num_get_members_wchar_t.cc execution test
XPASS: 22_locale/num_put_members_wchar_t.cc execution test
XPASS: 22_locale/numpunct_members_wchar_t.cc execution test
XPASS: 22_locale/time_get_members_wchar_t.cc execution test
XPASS: 22_locale/time_put_members_wchar_t.cc execution test
FAIL: 27_io/ostream_inserter_arith.cc execution test

		=== libstdc++-v3 Summary for unix/-mabi=64 ===

# of expected passes		391
# of unexpected failures	1
# of unexpected successes	10
# of expected failures		17
# of unsupported tests		6

Running target unix/-mips4
XPASS: 22_locale/collate_members_wchar_t.cc execution test
XPASS: 22_locale/ctype_is_wchar_t.cc execution test
XPASS: 22_locale/money_get_members_wchar_t.cc execution test
XPASS: 22_locale/money_put_members_wchar_t.cc execution test
XPASS: 22_locale/moneypunct_members_wchar_t.cc execution test
XPASS: 22_locale/num_get_members_wchar_t.cc execution test
XPASS: 22_locale/num_put_members_wchar_t.cc execution test
XPASS: 22_locale/numpunct_members_wchar_t.cc execution test
XPASS: 22_locale/time_get_members_wchar_t.cc execution test
XPASS: 22_locale/time_put_members_wchar_t.cc execution test
FAIL: 27_io/ios_base_storage.cc execution test
FAIL: 27_io/ostream_inserter_arith.cc execution test

		=== libstdc++-v3 Summary for unix/-mips4 ===

# of expected passes		390
# of unexpected failures	2
# of unexpected successes	10
# of expected failures		17
# of unsupported tests		6

Running target unix
XPASS: 22_locale/collate_members_wchar_t.cc execution test
XPASS: 22_locale/ctype_is_wchar_t.cc execution test
XPASS: 22_locale/money_get_members_wchar_t.cc execution test
XPASS: 22_locale/money_put_members_wchar_t.cc execution test
XPASS: 22_locale/moneypunct_members_wchar_t.cc execution test
XPASS: 22_locale/num_get_members_wchar_t.cc execution test
XPASS: 22_locale/num_put_members_wchar_t.cc execution test
XPASS: 22_locale/numpunct_members_wchar_t.cc execution test
XPASS: 22_locale/time_get_members_wchar_t.cc execution test
XPASS: 22_locale/time_put_members_wchar_t.cc execution test
FAIL: 27_io/ios_base_storage.cc execution test
FAIL: 27_io/ostream_inserter_arith.cc execution test

		=== libstdc++-v3 Summary for unix ===

# of expected passes		390
# of unexpected failures	2
# of unexpected successes	10
# of expected failures		17
# of unsupported tests		6

		=== libstdc++-v3 Summary ===

# of expected passes		1171
# of unexpected failures	5
# of unexpected successes	30
# of expected failures		51
# of unsupported tests		18

Compiler version: 3.2 20020714 (experimental) 
Platform: mips-sgi-irix6.2
configure flags: --host=mips-sgi-irix6.2 --verbose


Index Nav: [Date Index] [Subject Index] [Author Index] [Thread Index]
Message Nav: [Date Prev] [Date Next] [Thread Prev] [Thread Next]