This is the mail archive of the gcc-testresults@gcc.gnu.org mailing list for the GCC project.


Index Nav: [Date Index] [Subject Index] [Author Index] [Thread Index]
Message Nav: [Date Prev] [Date Next] [Thread Prev] [Thread Next]
Other format: [Raw text]

Results for 3.2 20020711 (experimental) testsuite on sparc-sun-solaris2.7 (RTL check)


LAST_UPDATED: 
Native configuration is sparc-sun-solaris2.7

		=== g++ tests ===


Running target unix/-m64
FAIL: g++.dg/template/conv1.C (test for excess errors)
FAIL: g++.dg/warn/Wunused-2.C  (test for warnings, line 5)
FAIL: g++.dg/special/conpr-2.C execution test
FAIL: g++.dg/special/conpr-3.C execution test
FAIL: g++.dg/special/initp1.C execution test
FAIL: g++.pt/auto_ptr.C candidate (test for errors, line 11)
FAIL: g++.pt/auto_ptr.C candidate (test for errors, line 13)
FAIL: g++.pt/auto_ptr.C candidate (test for errors, line 32)
FAIL: g++.pt/auto_ptr.C (test for excess errors)
FAIL: g++.pt/ptrmem5.C (test for excess errors)
FAIL: g++.pt/spec29.C (test for excess errors)

		=== g++ Summary for unix/-m64 ===

# of expected passes		7418
# of unexpected failures	11
# of expected failures		90
# of untested testcases		21
# of unsupported tests		3

Running target unix/-fPIC
FAIL: g++.dg/template/conv1.C (test for excess errors)
FAIL: g++.dg/warn/Wunused-2.C  (test for warnings, line 5)
FAIL: g++.dg/special/conpr-2.C execution test
FAIL: g++.dg/special/conpr-3.C execution test
FAIL: g++.dg/special/initp1.C execution test
FAIL: g++.pt/auto_ptr.C candidate (test for errors, line 11)
FAIL: g++.pt/auto_ptr.C candidate (test for errors, line 13)
FAIL: g++.pt/auto_ptr.C candidate (test for errors, line 32)
FAIL: g++.pt/auto_ptr.C (test for excess errors)
FAIL: g++.pt/ptrmem5.C (test for excess errors)
FAIL: g++.pt/spec29.C (test for excess errors)

		=== g++ Summary for unix/-fPIC ===

# of expected passes		7418
# of unexpected failures	11
# of expected failures		90
# of untested testcases		21
# of unsupported tests		3

Running target unix/-fpic
FAIL: g++.dg/template/conv1.C (test for excess errors)
FAIL: g++.dg/warn/Wunused-2.C  (test for warnings, line 5)
FAIL: g++.dg/special/conpr-2.C execution test
FAIL: g++.dg/special/conpr-3.C execution test
FAIL: g++.dg/special/initp1.C execution test
FAIL: g++.pt/auto_ptr.C candidate (test for errors, line 11)
FAIL: g++.pt/auto_ptr.C candidate (test for errors, line 13)
FAIL: g++.pt/auto_ptr.C candidate (test for errors, line 32)
FAIL: g++.pt/auto_ptr.C (test for excess errors)
FAIL: g++.pt/ptrmem5.C (test for excess errors)
FAIL: g++.pt/spec29.C (test for excess errors)

		=== g++ Summary for unix/-fpic ===

# of expected passes		7418
# of unexpected failures	11
# of expected failures		90
# of untested testcases		21
# of unsupported tests		3

Running target unix
FAIL: g++.dg/template/conv1.C (test for excess errors)
FAIL: g++.dg/warn/Wunused-2.C  (test for warnings, line 5)
FAIL: g++.dg/special/conpr-2.C execution test
FAIL: g++.dg/special/conpr-3.C execution test
FAIL: g++.dg/special/initp1.C execution test
FAIL: g++.pt/auto_ptr.C candidate (test for errors, line 11)
FAIL: g++.pt/auto_ptr.C candidate (test for errors, line 13)
FAIL: g++.pt/auto_ptr.C candidate (test for errors, line 32)
FAIL: g++.pt/auto_ptr.C (test for excess errors)
FAIL: g++.pt/ptrmem5.C (test for excess errors)
FAIL: g++.pt/spec29.C (test for excess errors)

		=== g++ Summary for unix ===

# of expected passes		7418
# of unexpected failures	11
# of expected failures		90
# of untested testcases		21
# of unsupported tests		3

		=== g++ Summary ===

# of expected passes		29672
# of unexpected failures	44
# of expected failures		360
# of untested testcases		84
# of unsupported tests		12
/teal/caip5/ghazi/gcc-testing/build/gcc/testsuite/../g++ version 3.2 20020711 (experimental)

		=== g77 tests ===


Running target unix/-m64
FAIL: g77.f-torture/execute/6367.f execution,  -O0 
FAIL: g77.f-torture/execute/6367.f execution,  -O1 
FAIL: g77.f-torture/execute/6367.f execution,  -O2 
FAIL: g77.f-torture/execute/6367.f execution,  -O3 -fomit-frame-pointer 
FAIL: g77.f-torture/execute/6367.f execution,  -O3 -fomit-frame-pointer -funroll-loops 
FAIL: g77.f-torture/execute/6367.f execution,  -O3 -fomit-frame-pointer -funroll-all-loops -finline-functions 
FAIL: g77.f-torture/execute/6367.f execution,  -O3 -g 
FAIL: g77.f-torture/execute/6367.f execution,  -Os 

		=== g77 Summary for unix/-m64 ===

# of expected passes		1618
# of unexpected failures	8
# of unsupported tests		8

Running target unix/-fPIC
FAIL: g77.f-torture/execute/6367.f execution,  -O0 
FAIL: g77.f-torture/execute/6367.f execution,  -O1 
FAIL: g77.f-torture/execute/6367.f execution,  -O2 
FAIL: g77.f-torture/execute/6367.f execution,  -O3 -fomit-frame-pointer 
FAIL: g77.f-torture/execute/6367.f execution,  -O3 -fomit-frame-pointer -funroll-loops 
FAIL: g77.f-torture/execute/6367.f execution,  -O3 -fomit-frame-pointer -funroll-all-loops -finline-functions 
FAIL: g77.f-torture/execute/6367.f execution,  -O3 -g 
FAIL: g77.f-torture/execute/6367.f execution,  -Os 

		=== g77 Summary for unix/-fPIC ===

# of expected passes		1618
# of unexpected failures	8
# of unsupported tests		8

Running target unix/-fpic
FAIL: g77.f-torture/execute/6367.f execution,  -O0 
FAIL: g77.f-torture/execute/6367.f execution,  -O1 
FAIL: g77.f-torture/execute/6367.f execution,  -O2 
FAIL: g77.f-torture/execute/6367.f execution,  -O3 -fomit-frame-pointer 
FAIL: g77.f-torture/execute/6367.f execution,  -O3 -fomit-frame-pointer -funroll-loops 
FAIL: g77.f-torture/execute/6367.f execution,  -O3 -fomit-frame-pointer -funroll-all-loops -finline-functions 
FAIL: g77.f-torture/execute/6367.f execution,  -O3 -g 
FAIL: g77.f-torture/execute/6367.f execution,  -Os 

		=== g77 Summary for unix/-fpic ===

# of expected passes		1618
# of unexpected failures	8
# of unsupported tests		8

Running target unix
FAIL: g77.f-torture/execute/6367.f execution,  -O0 
FAIL: g77.f-torture/execute/6367.f execution,  -O1 
FAIL: g77.f-torture/execute/6367.f execution,  -O2 
FAIL: g77.f-torture/execute/6367.f execution,  -O3 -fomit-frame-pointer 
FAIL: g77.f-torture/execute/6367.f execution,  -O3 -fomit-frame-pointer -funroll-loops 
FAIL: g77.f-torture/execute/6367.f execution,  -O3 -fomit-frame-pointer -funroll-all-loops -finline-functions 
FAIL: g77.f-torture/execute/6367.f execution,  -O3 -g 
FAIL: g77.f-torture/execute/6367.f execution,  -Os 

		=== g77 Summary for unix ===

# of expected passes		1618
# of unexpected failures	8
# of unsupported tests		8

		=== g77 Summary ===

# of expected passes		6472
# of unexpected failures	32
# of unsupported tests		32
/teal/caip5/ghazi/gcc-testing/build/gcc/testsuite/../g77 version 3.2 20020711 (experimental)

		=== gcc tests ===


Running target unix/-m64
FAIL: gcc.c-torture/compile/simd-2.c,  -O0  
FAIL: gcc.c-torture/compile/simd-2.c,  -O1  
FAIL: gcc.c-torture/compile/simd-2.c,  -O2  
FAIL: gcc.c-torture/compile/simd-2.c,  -O3 -fomit-frame-pointer  
FAIL: gcc.c-torture/compile/simd-2.c,  -O3 -g  
FAIL: gcc.c-torture/compile/simd-2.c,  -Os  
FAIL: gcc.c-torture/compile/960704-1.c,  -O1  
FAIL: gcc.c-torture/compile/960704-1.c,  -O2  
FAIL: gcc.c-torture/compile/960704-1.c,  -O3 -fomit-frame-pointer  
FAIL: gcc.c-torture/compile/960704-1.c,  -O3 -g  
FAIL: gcc.c-torture/compile/960704-1.c,  -Os  
FAIL: gcc.c-torture/compile/simd-1.c,  -O0  
FAIL: gcc.c-torture/compile/simd-1.c,  -O1  
FAIL: gcc.c-torture/compile/simd-1.c,  -O2  
FAIL: gcc.c-torture/compile/simd-1.c,  -O3 -fomit-frame-pointer  
FAIL: gcc.c-torture/compile/simd-1.c,  -O3 -g  
FAIL: gcc.c-torture/compile/simd-1.c,  -Os  
XPASS: gcc.c-torture/execute/20020227-1.c execution,  -O0 
XPASS: gcc.c-torture/execute/20020227-1.c execution,  -O1 
FAIL: gcc.c-torture/execute/991019-1.c compilation,  -O1 
UNRESOLVED: gcc.c-torture/execute/991019-1.c execution,  -O1 
FAIL: gcc.c-torture/execute/991019-1.c compilation,  -O2 
UNRESOLVED: gcc.c-torture/execute/991019-1.c execution,  -O2 
FAIL: gcc.c-torture/execute/991019-1.c compilation,  -Os 
UNRESOLVED: gcc.c-torture/execute/991019-1.c execution,  -Os 
FAIL: cmdlne-dM-M.c: #define line not printed
FAIL: gcc.dg/simd-1.c (test for excess errors)
FAIL: gcc.dg/sparc-ret.c (test for excess errors)
ERROR: gcc.dg/sparc-ret.c: error executing dg-final: couldn't open "sparc-ret.s": no such file or directory
UNRESOLVED: gcc.dg/sparc-ret.c: error executing dg-final: couldn't open "sparc-ret.s": no such file or directory
UNRESOLVED: weak-1.c
UNRESOLVED: weak-2.c
UNRESOLVED: wkali-1.c
UNRESOLVED: wkali-2.c

		=== gcc Summary for unix/-m64 ===

# of expected passes		19187
# of unexpected failures	23
# of unexpected successes	2
# of expected failures		67
# of unresolved testcases	8
# of unsupported tests		125

Running target unix/-fPIC
FAIL: cmdlne-dM-M.c: #define line not printed
FAIL: gcc.dg/20020312-2.c (test for excess errors)
WARNING: gcc.dg/20020312-2.c compilation failed to produce executable
UNRESOLVED: weak-1.c
UNRESOLVED: weak-2.c
UNRESOLVED: wkali-1.c
UNRESOLVED: wkali-2.c

		=== gcc Summary for unix/-fPIC ===

# of expected passes		19218
# of unexpected failures	2
# of expected failures		63
# of unresolved testcases	4
# of unsupported tests		125

Running target unix/-fpic
FAIL: cmdlne-dM-M.c: #define line not printed
FAIL: gcc.dg/20020312-2.c (test for excess errors)
WARNING: gcc.dg/20020312-2.c compilation failed to produce executable
UNRESOLVED: weak-1.c
UNRESOLVED: weak-2.c
UNRESOLVED: wkali-1.c
UNRESOLVED: wkali-2.c

		=== gcc Summary for unix/-fpic ===

# of expected passes		19218
# of unexpected failures	2
# of expected failures		63
# of unresolved testcases	4
# of unsupported tests		125

Running target unix
FAIL: cmdlne-dM-M.c: #define line not printed
UNRESOLVED: weak-1.c
UNRESOLVED: weak-2.c
UNRESOLVED: wkali-1.c
UNRESOLVED: wkali-2.c

		=== gcc Summary for unix ===

# of expected passes		19220
# of unexpected failures	1
# of expected failures		63
# of unresolved testcases	4
# of unsupported tests		125

		=== gcc Summary ===

# of expected passes		76843
# of unexpected failures	28
# of unexpected successes	2
# of expected failures		256
# of unresolved testcases	20
# of unsupported tests		500
/teal/caip5/ghazi/gcc-testing/build/gcc/xgcc version 3.2 20020711 (experimental)

		=== objc tests ===


Running target unix/-m64

		=== objc Summary for unix/-m64 ===

# of expected passes		1043
# of expected failures		6

Running target unix/-fPIC

		=== objc Summary for unix/-fPIC ===

# of expected passes		1043
# of expected failures		6

Running target unix/-fpic

		=== objc Summary for unix/-fpic ===

# of expected passes		1043
# of expected failures		6

Running target unix

		=== objc Summary for unix ===

# of expected passes		1043
# of expected failures		6

		=== objc Summary ===

# of expected passes		4172
# of expected failures		24
/teal/caip5/ghazi/gcc-testing/build/gcc/xgcc version 3.2 20020711 (experimental)

		=== libjava tests ===


Running target unix/-m64
FAIL: PR1343 compilation from bytecode
FAIL: PR1343 -O compilation from bytecode
FAIL: calls output
FAIL: Array_3 compilation from bytecode
FAIL: Array_3 -O compilation from bytecode
FAIL: FileHandleGcTest execution - source compiled test
FAIL: FileHandleGcTest execution - bytecode->native test
FAIL: FileHandleGcTest -O execution - source compiled test
FAIL: FileHandleGcTest -O execution - bytecode->native test
FAIL: InvokeReturn output - source compiled test
FAIL: InvokeReturn output - bytecode->native test
FAIL: InvokeReturn -O output - source compiled test
FAIL: InvokeReturn -O output - bytecode->native test

		=== libjava Summary for unix/-m64 ===

# of expected passes		2180
# of unexpected failures	13
# of expected failures		14
# of untested testcases		16

Running target unix/-fPIC
FAIL: PR1343 compilation from bytecode
FAIL: PR1343 -O compilation from bytecode
FAIL: Throw_2 execution - source compiled test
FAIL: Throw_2 execution - bytecode->native test
FAIL: Throw_2 -O execution - source compiled test
FAIL: Throw_2 -O execution - bytecode->native test
FAIL: Array_3 compilation from bytecode
FAIL: Array_3 -O compilation from bytecode
FAIL: FileHandleGcTest execution - source compiled test
FAIL: FileHandleGcTest execution - bytecode->native test
FAIL: FileHandleGcTest -O execution - source compiled test
FAIL: FileHandleGcTest -O execution - bytecode->native test

		=== libjava Summary for unix/-fPIC ===

# of expected passes		2177
# of unexpected failures	12
# of expected failures		14
# of untested testcases		20

Running target unix/-fpic
FAIL: PR1343 compilation from bytecode
FAIL: PR1343 -O compilation from bytecode
FAIL: Throw_2 execution - source compiled test
FAIL: Throw_2 execution - bytecode->native test
FAIL: Throw_2 -O execution - source compiled test
FAIL: Throw_2 -O execution - bytecode->native test
FAIL: Array_3 compilation from bytecode
FAIL: Array_3 -O compilation from bytecode
FAIL: FileHandleGcTest execution - source compiled test
FAIL: FileHandleGcTest execution - bytecode->native test
FAIL: FileHandleGcTest -O execution - source compiled test
FAIL: FileHandleGcTest -O execution - bytecode->native test

		=== libjava Summary for unix/-fpic ===

# of expected passes		2177
# of unexpected failures	12
# of expected failures		14
# of untested testcases		20

Running target unix
FAIL: PR1343 compilation from bytecode
FAIL: PR1343 -O compilation from bytecode
FAIL: Throw_2 execution - source compiled test
FAIL: Throw_2 execution - bytecode->native test
FAIL: Throw_2 -O execution - source compiled test
FAIL: Throw_2 -O execution - bytecode->native test
FAIL: Array_3 compilation from bytecode
FAIL: Array_3 -O compilation from bytecode
FAIL: FileHandleGcTest execution - source compiled test
FAIL: FileHandleGcTest execution - bytecode->native test
FAIL: FileHandleGcTest -O execution - source compiled test
FAIL: FileHandleGcTest -O execution - bytecode->native test

		=== libjava Summary for unix ===

# of expected passes		2177
# of unexpected failures	12
# of expected failures		14
# of untested testcases		20

		=== libjava Summary ===

# of expected passes		8711
# of unexpected failures	49
# of expected failures		56
# of untested testcases		76
		=== libstdc++-v3 tests ===


Running target unix/-m64
FAIL: 20_util/auto_ptr.cc (test for excess errors)
WARNING: 20_util/auto_ptr.cc compilation failed to produce executable
FAIL: 21_strings/capacity.cc execution test
XPASS: 22_locale/collate_members_wchar_t.cc execution test
XPASS: 22_locale/ctype_is_wchar_t.cc execution test
XPASS: 22_locale/money_get_members_wchar_t.cc execution test
XPASS: 22_locale/money_put_members_wchar_t.cc execution test
XPASS: 22_locale/moneypunct_members_wchar_t.cc execution test
XPASS: 22_locale/num_get_members_wchar_t.cc execution test
XPASS: 22_locale/num_put_members_wchar_t.cc execution test
XPASS: 22_locale/numpunct_members_wchar_t.cc execution test
XPASS: 22_locale/time_get_members_wchar_t.cc execution test
XPASS: 22_locale/time_put_members_wchar_t.cc execution test
WARNING: program timed out.
FAIL: 27_io/ios_base_storage.cc execution test
FAIL: 27_io/istream_extractor_arith.cc execution test

		=== libstdc++-v3 Summary for unix/-m64 ===

# of expected passes		399
# of unexpected failures	4
# of unexpected successes	10
# of expected failures		17

Running target unix/-fPIC
FAIL: 20_util/auto_ptr.cc (test for excess errors)
WARNING: 20_util/auto_ptr.cc compilation failed to produce executable
FAIL: 21_strings/capacity.cc execution test
XPASS: 22_locale/collate_members_wchar_t.cc execution test
XPASS: 22_locale/ctype_is_wchar_t.cc execution test
XPASS: 22_locale/money_get_members_wchar_t.cc execution test
XPASS: 22_locale/money_put_members_wchar_t.cc execution test
XPASS: 22_locale/moneypunct_members_wchar_t.cc execution test
XPASS: 22_locale/num_get_members_wchar_t.cc execution test
XPASS: 22_locale/num_put_members_wchar_t.cc execution test
XPASS: 22_locale/numpunct_members_wchar_t.cc execution test
XPASS: 22_locale/time_get_members_wchar_t.cc execution test
XPASS: 22_locale/time_put_members_wchar_t.cc execution test
FAIL: 27_io/istream_extractor_arith.cc execution test

		=== libstdc++-v3 Summary for unix/-fPIC ===

# of expected passes		400
# of unexpected failures	3
# of unexpected successes	10
# of expected failures		17

Running target unix/-fpic
FAIL: 20_util/auto_ptr.cc (test for excess errors)
WARNING: 20_util/auto_ptr.cc compilation failed to produce executable
FAIL: 21_strings/capacity.cc execution test
XPASS: 22_locale/collate_members_wchar_t.cc execution test
XPASS: 22_locale/ctype_is_wchar_t.cc execution test
XPASS: 22_locale/money_get_members_wchar_t.cc execution test
XPASS: 22_locale/money_put_members_wchar_t.cc execution test
XPASS: 22_locale/moneypunct_members_wchar_t.cc execution test
XPASS: 22_locale/num_get_members_wchar_t.cc execution test
XPASS: 22_locale/num_put_members_wchar_t.cc execution test
XPASS: 22_locale/numpunct_members_wchar_t.cc execution test
XPASS: 22_locale/time_get_members_wchar_t.cc execution test
XPASS: 22_locale/time_put_members_wchar_t.cc execution test
FAIL: 27_io/istream_extractor_arith.cc execution test

		=== libstdc++-v3 Summary for unix/-fpic ===

# of expected passes		400
# of unexpected failures	3
# of unexpected successes	10
# of expected failures		17

Running target unix
FAIL: 20_util/auto_ptr.cc (test for excess errors)
WARNING: 20_util/auto_ptr.cc compilation failed to produce executable
FAIL: 21_strings/capacity.cc execution test
XPASS: 22_locale/collate_members_wchar_t.cc execution test
XPASS: 22_locale/ctype_is_wchar_t.cc execution test
XPASS: 22_locale/money_get_members_wchar_t.cc execution test
XPASS: 22_locale/money_put_members_wchar_t.cc execution test
XPASS: 22_locale/moneypunct_members_wchar_t.cc execution test
XPASS: 22_locale/num_get_members_wchar_t.cc execution test
XPASS: 22_locale/num_put_members_wchar_t.cc execution test
XPASS: 22_locale/numpunct_members_wchar_t.cc execution test
XPASS: 22_locale/time_get_members_wchar_t.cc execution test
XPASS: 22_locale/time_put_members_wchar_t.cc execution test
FAIL: 27_io/istream_extractor_arith.cc execution test

		=== libstdc++-v3 Summary for unix ===

# of expected passes		400
# of unexpected failures	3
# of unexpected successes	10
# of expected failures		17

		=== libstdc++-v3 Summary ===

# of expected passes		1599
# of unexpected failures	13
# of unexpected successes	40
# of expected failures		68

Compiler version: 3.2 20020711 (experimental) 
Platform: sparc-sun-solaris2.7
configure flags: --host=sparc-sun-solaris2.7 --verbose --enable-checking=misc,tree,rtl,rtlflag,gc


Index Nav: [Date Index] [Subject Index] [Author Index] [Thread Index]
Message Nav: [Date Prev] [Date Next] [Thread Prev] [Thread Next]