This is the mail archive of the gcc-testresults@gcc.gnu.org mailing list for the GCC project.


Index Nav: [Date Index] [Subject Index] [Author Index] [Thread Index]
Message Nav: [Date Prev] [Date Next] [Thread Prev] [Thread Next]
Other format: [Raw text]

Results for 3.2 20020712 (experimental) testsuite on hppa64-hp-hpux11.11


LAST_UPDATED: Fri Jul 12 17:15:37 UTC 2002

Native configuration is hppa64-hp-hpux11.11

		=== g++ tests ===


Running target unix
FAIL: g++.dg/abi/vague1.C scan-assembler-not _ZN1AIiE1tE
FAIL: g++.dg/eh/ctor1.C (test for excess errors)
FAIL: g++.dg/eh/ctor2.C (test for excess errors)
FAIL: g++.dg/eh/dtor1.C (test for excess errors)
FAIL: g++.dg/eh/loop1.C (test for excess errors)
FAIL: g++.dg/eh/new1.C (test for excess errors)
FAIL: g++.dg/eh/registers1.C (test for excess errors)
FAIL: g++.dg/init/array5.C (test for excess errors)
FAIL: g++.dg/opt/reg-stack.C (test for excess errors)
FAIL: g++.dg/parse/stack1.C (test for excess errors)
FAIL: g++.dg/warn/Wunused-2.C  (test for warnings, line 5)
FAIL: g++.dg/special/conpr-1.C execution test
FAIL: g++.dg/special/conpr-2.C execution test
FAIL: g++.dg/special/conpr-3.C execution test
FAIL: g++.dg/special/conpr-3.C execution test
FAIL: g++.dg/special/initp1.C execution test
FAIL: g++.abi/cxa_vec.C (test for excess errors)
FAIL: g++.abi/cxa_vec.C  Execution test
FAIL: g++.abi/ptrflags.C (test for excess errors)
FAIL: g++.abi/vmihint.C (test for excess errors)
FAIL: g++.brendan/eh1.C (test for excess errors)
FAIL: g++.brendan/new3.C  Execution test
FAIL: g++.eh/badalloc1.C (test for excess errors)
FAIL: g++.eh/catchptr1.C (test for excess errors)
FAIL: g++.eh/cleanup2.C (test for excess errors)
FAIL: g++.eh/flow1.C (test for excess errors)
FAIL: g++.eh/fntry1.C (test for excess errors)
FAIL: g++.eh/ia64-1.C (test for excess errors)
FAIL: g++.eh/inline2.C (test for excess errors)
FAIL: g++.eh/new1.C (test for excess errors)
FAIL: g++.eh/new2.C (test for excess errors)
FAIL: g++.eh/pdel1.C (test for excess errors)
FAIL: g++.eh/pdel2.C (test for excess errors)
FAIL: g++.eh/ptrmem1.C (test for excess errors)
FAIL: g++.eh/rethrow3.C (test for excess errors)
FAIL: g++.eh/spec1.C (test for excess errors)
FAIL: g++.eh/spec2.C (test for excess errors)
FAIL: g++.eh/spec3.C (test for excess errors)
FAIL: g++.eh/spec4.C (test for excess errors)
FAIL: g++.eh/terminate1.C (test for excess errors)
FAIL: g++.eh/terminate2.C (test for excess errors)
FAIL: g++.eh/tmpl1.C (test for excess errors)
FAIL: g++.eh/unwind1.C (test for excess errors)
FAIL: g++.eh/vbase1.C (test for excess errors)
FAIL: g++.eh/vbase2.C (test for excess errors)
FAIL: g++.ext/attrib5.C (test for excess errors)
FAIL: g++.law/profile1.C (test for excess errors)
FAIL: g++.law/virtual3.C (test for excess errors)
FAIL: g++.martin/new1.C (test for excess errors)
FAIL: g++.mike/dyncast1.C (test for excess errors)
FAIL: g++.mike/dyncast2.C (test for excess errors)
FAIL: g++.mike/dyncast7.C (test for excess errors)
FAIL: g++.mike/eh10.C (test for excess errors)
FAIL: g++.mike/eh16.C (test for excess errors)
FAIL: g++.mike/eh17.C (test for excess errors)
FAIL: g++.mike/eh21.C (test for excess errors)
FAIL: g++.mike/eh24.C (test for excess errors)
FAIL: g++.mike/eh25.C (test for excess errors)
FAIL: g++.mike/eh29.C (test for excess errors)
XPASS: g++.mike/eh33.C  Execution test
FAIL: g++.mike/eh34.C (test for excess errors)
FAIL: g++.mike/eh35.C (test for excess errors)
FAIL: g++.mike/eh38.C (test for excess errors)
FAIL: g++.mike/eh39.C (test for excess errors)
FAIL: g++.mike/eh40.C (test for excess errors)
FAIL: g++.mike/eh41.C (test for excess errors)
FAIL: g++.mike/eh42.C (test for excess errors)
FAIL: g++.mike/eh44.C (test for excess errors)
FAIL: g++.mike/eh47.C (test for excess errors)
FAIL: g++.mike/eh48.C (test for excess errors)
FAIL: g++.mike/eh49.C (test for excess errors)
FAIL: g++.mike/eh5.C (test for excess errors)
XPASS: g++.mike/eh50.C  Execution test
FAIL: g++.mike/eh51.C (test for excess errors)
FAIL: g++.mike/eh55.C (test for excess errors)
FAIL: g++.mike/eh6.C (test for excess errors)
FAIL: g++.mike/eh8.C (test for excess errors)
FAIL: g++.mike/p755.C (test for excess errors)
FAIL: g++.ns/new1.C (test for excess errors)
FAIL: g++.oliva/delete3.C (test for excess errors)
FAIL: g++.oliva/new1.C (test for excess errors)
FAIL: g++.other/array1.C (test for excess errors)
FAIL: g++.other/init7.C (test for excess errors)
FAIL: g++.other/new7.C (test for excess errors)
FAIL: g++.other/rtti1.C (test for excess errors)
FAIL: g++.other/singleton.C (test for excess errors)
FAIL: g++.other/vbase2.C (test for excess errors)
FAIL: g++.pt/fntry1.C (test for excess errors)
XPASS: g++.pt/static3.C (test for excess errors)
XPASS: g++.pt/static3.C  Execution test
XPASS: g++.pt/static6.C (test for excess errors)
FAIL: g++.robertl/eb31.C (test for excess errors)
FAIL: g++.robertl/eb66.C (test for excess errors)
FAIL: g++.robertl/eb88.C (test for excess errors)
FAIL: g++.robertl/eh990323-1.C (test for excess errors)
FAIL: g++.robertl/eh990323-4.C (test for excess errors)
FAIL: g++.robertl/eh990323-5.C (test for excess errors)

		=== g++ Summary ===

# of expected passes		7103
# of unexpected failures	92
# of unexpected successes	5
# of expected failures		93
# of untested testcases		23
# of unsupported tests		5
/xxx/gnu/gcc-3.2/objdir/gcc/testsuite/../g++ version 3.2 20020712 (experimental)

		=== g77 tests ===


Running target unix
FAIL: g77.f-torture/execute/6367.f execution,  -O0 
FAIL: g77.f-torture/execute/6367.f execution,  -O1 
FAIL: g77.f-torture/execute/6367.f execution,  -O2 
FAIL: g77.f-torture/execute/6367.f execution,  -O3 -fomit-frame-pointer 
FAIL: g77.f-torture/execute/6367.f execution,  -O3 -fomit-frame-pointer -funroll-loops 
FAIL: g77.f-torture/execute/6367.f execution,  -O3 -fomit-frame-pointer -funroll-all-loops -finline-functions 
FAIL: g77.f-torture/execute/6367.f execution,  -O3 -g 
FAIL: g77.f-torture/execute/6367.f execution,  -Os 

		=== g77 Summary ===

# of expected passes		1618
# of unexpected failures	8
# of unsupported tests		8
/xxx/gnu/gcc-3.2/objdir/gcc/testsuite/../g77 version 3.2 20020712 (experimental)

		=== gcc tests ===


Running target unix
FAIL: gcc.c-torture/compile/simd-1.c,  -O0  
FAIL: gcc.c-torture/compile/simd-1.c,  -O1  
FAIL: gcc.c-torture/compile/simd-1.c,  -O2  
FAIL: gcc.c-torture/compile/simd-1.c,  -O3 -fomit-frame-pointer  
FAIL: gcc.c-torture/compile/simd-1.c,  -O3 -g  
FAIL: gcc.c-torture/compile/simd-1.c,  -Os  
FAIL: gcc.c-torture/compile/simd-2.c,  -O0  
FAIL: gcc.c-torture/compile/simd-2.c,  -O1  
FAIL: gcc.c-torture/compile/simd-2.c,  -O2  
FAIL: gcc.c-torture/compile/simd-2.c,  -O3 -fomit-frame-pointer  
FAIL: gcc.c-torture/compile/simd-2.c,  -O3 -g  
FAIL: gcc.c-torture/compile/simd-2.c,  -Os  
FAIL: gcc.c-torture/execute/20020412-1.c compilation,  -O0 
UNRESOLVED: gcc.c-torture/execute/20020412-1.c execution,  -O0 
FAIL: gcc.c-torture/execute/20020412-1.c compilation,  -O1 
UNRESOLVED: gcc.c-torture/execute/20020412-1.c execution,  -O1 
FAIL: gcc.c-torture/execute/20020412-1.c compilation,  -O2 
UNRESOLVED: gcc.c-torture/execute/20020412-1.c execution,  -O2 
FAIL: gcc.c-torture/execute/20020412-1.c compilation,  -O3 -fomit-frame-pointer 
UNRESOLVED: gcc.c-torture/execute/20020412-1.c execution,  -O3 -fomit-frame-pointer 
FAIL: gcc.c-torture/execute/20020412-1.c compilation,  -O3 -fomit-frame-pointer -funroll-loops 
UNRESOLVED: gcc.c-torture/execute/20020412-1.c execution,  -O3 -fomit-frame-pointer -funroll-loops 
FAIL: gcc.c-torture/execute/20020412-1.c compilation,  -O3 -fomit-frame-pointer -funroll-all-loops -finline-functions 
UNRESOLVED: gcc.c-torture/execute/20020412-1.c execution,  -O3 -fomit-frame-pointer -funroll-all-loops -finline-functions 
FAIL: gcc.c-torture/execute/20020412-1.c compilation,  -O3 -g 
UNRESOLVED: gcc.c-torture/execute/20020412-1.c execution,  -O3 -g 
FAIL: gcc.c-torture/execute/20020412-1.c compilation,  -Os 
UNRESOLVED: gcc.c-torture/execute/20020412-1.c execution,  -Os 
FAIL: gcc.c-torture/execute/built-in-setjmp.c execution,  -O2 
FAIL: gcc.c-torture/execute/built-in-setjmp.c execution,  -O3 -fomit-frame-pointer 
FAIL: gcc.c-torture/execute/built-in-setjmp.c execution,  -O3 -fomit-frame-pointer -funroll-loops 
FAIL: gcc.c-torture/execute/built-in-setjmp.c execution,  -O3 -fomit-frame-pointer -funroll-all-loops -finline-functions 
FAIL: gcc.c-torture/execute/built-in-setjmp.c execution,  -O3 -g 
FAIL: gcc.c-torture/execute/built-in-setjmp.c execution,  -Os 
FAIL: gcc.c-torture/execute/conversion.c execution,  -O3 -fomit-frame-pointer 
FAIL: gcc.c-torture/execute/conversion.c execution,  -O3 -g 
XPASS: gcc.c-torture/execute/strct-stdarg-1.c execution,  -O0 
XPASS: gcc.c-torture/execute/strct-stdarg-1.c execution,  -O1 
XPASS: gcc.c-torture/execute/strct-stdarg-1.c execution,  -O2 
XPASS: gcc.c-torture/execute/strct-stdarg-1.c execution,  -O3 -fomit-frame-pointer 
XPASS: gcc.c-torture/execute/strct-stdarg-1.c execution,  -O3 -fomit-frame-pointer -funroll-loops 
XPASS: gcc.c-torture/execute/strct-stdarg-1.c execution,  -O3 -fomit-frame-pointer -funroll-all-loops -finline-functions 
XPASS: gcc.c-torture/execute/strct-stdarg-1.c execution,  -O3 -g 
XPASS: gcc.c-torture/execute/strct-stdarg-1.c execution,  -Os 
FAIL: gcc.c-torture/execute/va-arg-22.c execution,  -O0 
FAIL: gcc.c-torture/execute/va-arg-22.c execution,  -O1 
FAIL: gcc.c-torture/execute/va-arg-22.c execution,  -O2 
FAIL: gcc.c-torture/execute/va-arg-22.c execution,  -O3 -fomit-frame-pointer 
FAIL: gcc.c-torture/execute/va-arg-22.c execution,  -O3 -fomit-frame-pointer -funroll-loops 
FAIL: gcc.c-torture/execute/va-arg-22.c execution,  -O3 -fomit-frame-pointer -funroll-all-loops -finline-functions 
FAIL: gcc.c-torture/execute/va-arg-22.c execution,  -O3 -g 
FAIL: gcc.c-torture/execute/va-arg-22.c execution,  -Os 
FAIL: gcc.c-torture/execute/ieee/rbug.c execution,  -O3 -fomit-frame-pointer 
FAIL: gcc.c-torture/execute/ieee/rbug.c execution,  -O3 -g 
FAIL: cmdlne-dM-M.c: #define line not printed
FAIL: gcc.dg/20020219-1.c execution test
FAIL: gcc.dg/20020312-2.c (test for excess errors)
WARNING: gcc.dg/20020312-2.c compilation failed to produce executable
FAIL: gcc.dg/asm-names.c (test for excess errors)
FAIL: gcc.dg/inline-1.c scan-assembler-not xyzzy
FAIL: gcc.dg/simd-1.c (test for excess errors)
FAIL: gcc.dg/struct-ret-1.c (test for excess errors)
WARNING: gcc.dg/struct-ret-1.c compilation failed to produce executable
FAIL: gcc.dg/weak-1.c scan-assembler weak[^ 	]*[ 	]_?a
FAIL: gcc.dg/weak-1.c scan-assembler weak[^ 	]*[ 	]_?b
FAIL: gcc.dg/weak-1.c scan-assembler weak[^ 	]*[ 	]_?c
FAIL: gcc.dg/weak-1.c scan-assembler weak[^ 	]*[ 	]_?d
FAIL: gcc.dg/weak-1.c scan-assembler weak[^ 	]*[ 	]_?e
FAIL: gcc.dg/weak-1.c scan-assembler weak[^ 	]*[ 	]_?g
FAIL: gcc.dg/weak-1.c scan-assembler weak[^ 	]*[ 	]_?j
FAIL: gcc.dg/weak-2.c applying #pragma weak (test for warnings, line 33)
FAIL: gcc.dg/weak-2.c scan-assembler weak[^ 	]*[ 	]_?ffoo1a
FAIL: gcc.dg/weak-2.c scan-assembler weak[^ 	]*[ 	]_?ffoo1b
FAIL: gcc.dg/weak-2.c scan-assembler weak[^ 	]*[ 	]_?ffoo1c
FAIL: gcc.dg/weak-2.c scan-assembler weak[^ 	]*[ 	]_?ffoo1e
FAIL: gcc.dg/weak-3.c (test for excess errors)
FAIL: gcc.dg/weak-4.c applying #pragma weak (test for warnings, line 41)
FAIL: gcc.dg/weak-4.c applying #pragma weak (test for warnings, line 73)
FAIL: gcc.dg/weak-4.c scan-assembler weak[^ 	]*[ 	]_?vfoo1a
FAIL: gcc.dg/weak-4.c scan-assembler weak[^ 	]*[ 	]_?vfoo1b
FAIL: gcc.dg/weak-4.c scan-assembler weak[^ 	]*[ 	]_?vfoo1c
FAIL: gcc.dg/weak-4.c scan-assembler weak[^ 	]*[ 	]_?vfoo1d
FAIL: gcc.dg/weak-4.c scan-assembler weak[^ 	]*[ 	]_?vfoo1e
FAIL: gcc.dg/weak-4.c scan-assembler weak[^ 	]*[ 	]_?vfoo1f
FAIL: gcc.dg/weak-4.c scan-assembler weak[^ 	]*[ 	]_?vfoo1g
FAIL: gcc.dg/weak-4.c scan-assembler weak[^ 	]*[ 	]_?vfoo1h
FAIL: gcc.dg/weak-4.c scan-assembler weak[^ 	]*[ 	]_?vfoo1i
FAIL: gcc.dg/weak-4.c scan-assembler weak[^ 	]*[ 	]_?vfoo1j
FAIL: gcc.dg/weak-4.c scan-assembler weak[^ 	]*[ 	]_?vfoo1k
FAIL: gcc.dg/weak-5.c (test for excess errors)
FAIL: gcc.dg/weak-6.c  (test for errors, line 4)
FAIL: gcc.dg/weak-9.c (test for excess errors)
FAIL: gcc.dg/weak-9.c scan-assembler weak[^ 	]*[ 	]_?f3
FAIL: gcc.dg/weak-9.c scan-assembler weak[^ 	]*[ 	]_?f4
FAIL: gcc.dg/weak-9.c scan-assembler notf1
FAIL: gcc.dg/weak-9.c scan-assembler notf2
FAIL: gcc.dg/weak-9.c scan-assembler notf3
FAIL: gcc.dg/weak-9.c scan-assembler notf4
FAIL: alias-1.c
FAIL: alias-2.c
FAIL: wkali-1.c
FAIL: wkali-2a.o
FAIL: gcc.dg/special/gcsec-1.c (test for excess errors)
WARNING: gcc.dg/special/gcsec-1.c compilation failed to produce executable
FAIL: 20000419-2.c

		=== gcc Summary ===

# of expected passes		18753
# of unexpected failures	86
# of unexpected successes	8
# of expected failures		69
# of unresolved testcases	8
# of unsupported tests		132
/xxx/gnu/gcc-3.2/objdir/gcc/xgcc version 3.2 20020712 (experimental)

		=== objc tests ===


Running target unix
FAIL: objc/execute/_cmd.m execution,  -O0 
FAIL: objc/execute/_cmd.m execution,  -O1 
FAIL: objc/execute/_cmd.m execution,  -O2 
FAIL: objc/execute/_cmd.m execution,  -O3 -fomit-frame-pointer 
FAIL: objc/execute/_cmd.m execution,  -O3 -g 
FAIL: objc/execute/_cmd.m execution,  -Os 
FAIL: objc/execute/accessing_ivars.m execution,  -O0 
FAIL: objc/execute/accessing_ivars.m execution,  -O1 
FAIL: objc/execute/accessing_ivars.m execution,  -O2 
FAIL: objc/execute/accessing_ivars.m execution,  -O3 -fomit-frame-pointer 
FAIL: objc/execute/accessing_ivars.m execution,  -O3 -g 
FAIL: objc/execute/accessing_ivars.m execution,  -Os 
FAIL: objc/execute/bf-1.m execution,  -O0 
FAIL: objc/execute/bf-1.m execution,  -O1 
FAIL: objc/execute/bf-1.m execution,  -O2 
FAIL: objc/execute/bf-1.m execution,  -O3 -fomit-frame-pointer 
FAIL: objc/execute/bf-1.m execution,  -O3 -g 
FAIL: objc/execute/bf-1.m execution,  -Os 
FAIL: objc/execute/bf-10.m execution,  -O0 
FAIL: objc/execute/bf-10.m execution,  -O1 
FAIL: objc/execute/bf-10.m execution,  -O2 
FAIL: objc/execute/bf-10.m execution,  -O3 -fomit-frame-pointer 
FAIL: objc/execute/bf-10.m execution,  -O3 -g 
FAIL: objc/execute/bf-10.m execution,  -Os 
FAIL: objc/execute/bf-11.m execution,  -O0 
FAIL: objc/execute/bf-11.m execution,  -O1 
FAIL: objc/execute/bf-11.m execution,  -O2 
FAIL: objc/execute/bf-11.m execution,  -O3 -fomit-frame-pointer 
FAIL: objc/execute/bf-11.m execution,  -O3 -g 
FAIL: objc/execute/bf-11.m execution,  -Os 
FAIL: objc/execute/bf-12.m execution,  -O0 
FAIL: objc/execute/bf-12.m execution,  -O1 
FAIL: objc/execute/bf-12.m execution,  -O2 
FAIL: objc/execute/bf-12.m execution,  -O3 -fomit-frame-pointer 
FAIL: objc/execute/bf-12.m execution,  -O3 -g 
FAIL: objc/execute/bf-12.m execution,  -Os 
FAIL: objc/execute/bf-13.m execution,  -O0 
FAIL: objc/execute/bf-13.m execution,  -O1 
FAIL: objc/execute/bf-13.m execution,  -O2 
FAIL: objc/execute/bf-13.m execution,  -O3 -fomit-frame-pointer 
FAIL: objc/execute/bf-13.m execution,  -O3 -g 
FAIL: objc/execute/bf-13.m execution,  -Os 
FAIL: objc/execute/bf-14.m execution,  -O0 
FAIL: objc/execute/bf-14.m execution,  -O1 
FAIL: objc/execute/bf-14.m execution,  -O2 
FAIL: objc/execute/bf-14.m execution,  -O3 -fomit-frame-pointer 
FAIL: objc/execute/bf-14.m execution,  -O3 -g 
FAIL: objc/execute/bf-14.m execution,  -Os 
FAIL: objc/execute/bf-15.m execution,  -O0 
FAIL: objc/execute/bf-15.m execution,  -O1 
FAIL: objc/execute/bf-15.m execution,  -O2 
FAIL: objc/execute/bf-15.m execution,  -O3 -fomit-frame-pointer 
FAIL: objc/execute/bf-15.m execution,  -O3 -g 
FAIL: objc/execute/bf-15.m execution,  -Os 
FAIL: objc/execute/bf-16.m execution,  -O0 
FAIL: objc/execute/bf-16.m execution,  -O1 
FAIL: objc/execute/bf-16.m execution,  -O2 
FAIL: objc/execute/bf-16.m execution,  -O3 -fomit-frame-pointer 
FAIL: objc/execute/bf-16.m execution,  -O3 -g 
FAIL: objc/execute/bf-16.m execution,  -Os 
FAIL: objc/execute/bf-17.m execution,  -O0 
FAIL: objc/execute/bf-17.m execution,  -O1 
FAIL: objc/execute/bf-17.m execution,  -O2 
FAIL: objc/execute/bf-17.m execution,  -O3 -fomit-frame-pointer 
FAIL: objc/execute/bf-17.m execution,  -O3 -g 
FAIL: objc/execute/bf-17.m execution,  -Os 
FAIL: objc/execute/bf-18.m execution,  -O0 
FAIL: objc/execute/bf-18.m execution,  -O1 
FAIL: objc/execute/bf-18.m execution,  -O2 
FAIL: objc/execute/bf-18.m execution,  -O3 -fomit-frame-pointer 
FAIL: objc/execute/bf-18.m execution,  -O3 -g 
FAIL: objc/execute/bf-18.m execution,  -Os 
FAIL: objc/execute/bf-19.m execution,  -O0 
FAIL: objc/execute/bf-19.m execution,  -O1 
FAIL: objc/execute/bf-19.m execution,  -O2 
FAIL: objc/execute/bf-19.m execution,  -O3 -fomit-frame-pointer 
FAIL: objc/execute/bf-19.m execution,  -O3 -g 
FAIL: objc/execute/bf-19.m execution,  -Os 
FAIL: objc/execute/bf-2.m execution,  -O0 
FAIL: objc/execute/bf-2.m execution,  -O1 
FAIL: objc/execute/bf-2.m execution,  -O2 
FAIL: objc/execute/bf-2.m execution,  -O3 -fomit-frame-pointer 
FAIL: objc/execute/bf-2.m execution,  -O3 -g 
FAIL: objc/execute/bf-2.m execution,  -Os 
FAIL: objc/execute/bf-20.m execution,  -O0 
FAIL: objc/execute/bf-20.m execution,  -O1 
FAIL: objc/execute/bf-20.m execution,  -O2 
FAIL: objc/execute/bf-20.m execution,  -O3 -fomit-frame-pointer 
FAIL: objc/execute/bf-20.m execution,  -O3 -g 
FAIL: objc/execute/bf-20.m execution,  -Os 
FAIL: objc/execute/bf-21.m execution,  -O0 
FAIL: objc/execute/bf-21.m execution,  -O1 
FAIL: objc/execute/bf-21.m execution,  -O2 
FAIL: objc/execute/bf-21.m execution,  -O3 -fomit-frame-pointer 
FAIL: objc/execute/bf-21.m execution,  -O3 -g 
FAIL: objc/execute/bf-21.m execution,  -Os 
FAIL: objc/execute/bf-3.m execution,  -O0 
FAIL: objc/execute/bf-3.m execution,  -O1 
FAIL: objc/execute/bf-3.m execution,  -O2 
FAIL: objc/execute/bf-3.m execution,  -O3 -fomit-frame-pointer 
FAIL: objc/execute/bf-3.m execution,  -O3 -g 
FAIL: objc/execute/bf-3.m execution,  -Os 
FAIL: objc/execute/bf-4.m execution,  -O0 
FAIL: objc/execute/bf-4.m execution,  -O1 
FAIL: objc/execute/bf-4.m execution,  -O2 
FAIL: objc/execute/bf-4.m execution,  -O3 -fomit-frame-pointer 
FAIL: objc/execute/bf-4.m execution,  -O3 -g 
FAIL: objc/execute/bf-4.m execution,  -Os 
FAIL: objc/execute/bf-5.m execution,  -O0 
FAIL: objc/execute/bf-5.m execution,  -O1 
FAIL: objc/execute/bf-5.m execution,  -O2 
FAIL: objc/execute/bf-5.m execution,  -O3 -fomit-frame-pointer 
FAIL: objc/execute/bf-5.m execution,  -O3 -g 
FAIL: objc/execute/bf-5.m execution,  -Os 
FAIL: objc/execute/bf-6.m execution,  -O0 
FAIL: objc/execute/bf-6.m execution,  -O1 
FAIL: objc/execute/bf-6.m execution,  -O2 
FAIL: objc/execute/bf-6.m execution,  -O3 -fomit-frame-pointer 
FAIL: objc/execute/bf-6.m execution,  -O3 -g 
FAIL: objc/execute/bf-6.m execution,  -Os 
FAIL: objc/execute/bf-7.m execution,  -O0 
FAIL: objc/execute/bf-7.m execution,  -O1 
FAIL: objc/execute/bf-7.m execution,  -O2 
FAIL: objc/execute/bf-7.m execution,  -O3 -fomit-frame-pointer 
FAIL: objc/execute/bf-7.m execution,  -O3 -g 
FAIL: objc/execute/bf-7.m execution,  -Os 
FAIL: objc/execute/bf-8.m execution,  -O0 
FAIL: objc/execute/bf-8.m execution,  -O1 
FAIL: objc/execute/bf-8.m execution,  -O2 
FAIL: objc/execute/bf-8.m execution,  -O3 -fomit-frame-pointer 
FAIL: objc/execute/bf-8.m execution,  -O3 -g 
FAIL: objc/execute/bf-8.m execution,  -Os 
FAIL: objc/execute/bf-9.m execution,  -O0 
FAIL: objc/execute/bf-9.m execution,  -O1 
FAIL: objc/execute/bf-9.m execution,  -O2 
FAIL: objc/execute/bf-9.m execution,  -O3 -fomit-frame-pointer 
FAIL: objc/execute/bf-9.m execution,  -O3 -g 
FAIL: objc/execute/bf-9.m execution,  -Os 
FAIL: objc/execute/bycopy-2.m execution,  -O0 
FAIL: objc/execute/bycopy-2.m execution,  -O1 
FAIL: objc/execute/bycopy-2.m execution,  -O2 
FAIL: objc/execute/bycopy-2.m execution,  -O3 -fomit-frame-pointer 
FAIL: objc/execute/bycopy-2.m execution,  -O3 -g 
FAIL: objc/execute/bycopy-2.m execution,  -Os 
FAIL: objc/execute/bycopy-3.m execution,  -O0 
FAIL: objc/execute/bycopy-3.m execution,  -O1 
FAIL: objc/execute/bycopy-3.m execution,  -O2 
FAIL: objc/execute/bycopy-3.m execution,  -O3 -fomit-frame-pointer 
FAIL: objc/execute/bycopy-3.m execution,  -O3 -g 
FAIL: objc/execute/bycopy-3.m execution,  -Os 
FAIL: objc/execute/class-1.m execution,  -O0 
FAIL: objc/execute/class-1.m execution,  -O1 
FAIL: objc/execute/class-1.m execution,  -O2 
FAIL: objc/execute/class-1.m execution,  -O3 -fomit-frame-pointer 
FAIL: objc/execute/class-1.m execution,  -O3 -g 
FAIL: objc/execute/class-1.m execution,  -Os 
FAIL: objc/execute/class-10.m execution,  -O0 
FAIL: objc/execute/class-10.m execution,  -O1 
FAIL: objc/execute/class-10.m execution,  -O2 
FAIL: objc/execute/class-10.m execution,  -O3 -fomit-frame-pointer 
FAIL: objc/execute/class-10.m execution,  -O3 -g 
FAIL: objc/execute/class-10.m execution,  -Os 
FAIL: objc/execute/class-11.m execution,  -O0 
FAIL: objc/execute/class-11.m execution,  -O1 
FAIL: objc/execute/class-11.m execution,  -O2 
FAIL: objc/execute/class-11.m execution,  -O3 -fomit-frame-pointer 
FAIL: objc/execute/class-11.m execution,  -O3 -g 
FAIL: objc/execute/class-11.m execution,  -Os 
FAIL: objc/execute/class-12.m execution,  -O0 
FAIL: objc/execute/class-12.m execution,  -O1 
FAIL: objc/execute/class-12.m execution,  -O2 
FAIL: objc/execute/class-12.m execution,  -O3 -fomit-frame-pointer 
FAIL: objc/execute/class-12.m execution,  -O3 -g 
FAIL: objc/execute/class-12.m execution,  -Os 
FAIL: objc/execute/class-13.m execution,  -O0 
FAIL: objc/execute/class-13.m execution,  -O1 
FAIL: objc/execute/class-13.m execution,  -O2 
FAIL: objc/execute/class-13.m execution,  -O3 -fomit-frame-pointer 
FAIL: objc/execute/class-13.m execution,  -O3 -g 
FAIL: objc/execute/class-13.m execution,  -Os 
FAIL: objc/execute/class-14.m execution,  -O0 
FAIL: objc/execute/class-14.m execution,  -O1 
FAIL: objc/execute/class-14.m execution,  -O2 
FAIL: objc/execute/class-14.m execution,  -O3 -fomit-frame-pointer 
FAIL: objc/execute/class-14.m execution,  -O3 -g 
FAIL: objc/execute/class-14.m execution,  -Os 
FAIL: objc/execute/class-2.m execution,  -O0 
FAIL: objc/execute/class-2.m execution,  -O1 
FAIL: objc/execute/class-2.m execution,  -O2 
FAIL: objc/execute/class-2.m execution,  -O3 -fomit-frame-pointer 
FAIL: objc/execute/class-2.m execution,  -O3 -g 
FAIL: objc/execute/class-2.m execution,  -Os 
FAIL: objc/execute/class-3.m execution,  -O0 
FAIL: objc/execute/class-3.m execution,  -O1 
FAIL: objc/execute/class-3.m execution,  -O2 
FAIL: objc/execute/class-3.m execution,  -O3 -fomit-frame-pointer 
FAIL: objc/execute/class-3.m execution,  -O3 -g 
FAIL: objc/execute/class-3.m execution,  -Os 
FAIL: objc/execute/class-4.m execution,  -O0 
FAIL: objc/execute/class-4.m execution,  -O1 
FAIL: objc/execute/class-4.m execution,  -O2 
FAIL: objc/execute/class-4.m execution,  -O3 -fomit-frame-pointer 
FAIL: objc/execute/class-4.m execution,  -O3 -g 
FAIL: objc/execute/class-4.m execution,  -Os 
FAIL: objc/execute/class-5.m execution,  -O0 
FAIL: objc/execute/class-5.m execution,  -O1 
FAIL: objc/execute/class-5.m execution,  -O2 
FAIL: objc/execute/class-5.m execution,  -O3 -fomit-frame-pointer 
FAIL: objc/execute/class-5.m execution,  -O3 -g 
FAIL: objc/execute/class-5.m execution,  -Os 
FAIL: objc/execute/class-6.m execution,  -O0 
FAIL: objc/execute/class-6.m execution,  -O1 
FAIL: objc/execute/class-6.m execution,  -O2 
FAIL: objc/execute/class-6.m execution,  -O3 -fomit-frame-pointer 
FAIL: objc/execute/class-6.m execution,  -O3 -g 
FAIL: objc/execute/class-6.m execution,  -Os 
FAIL: objc/execute/class-7.m execution,  -O0 
FAIL: objc/execute/class-7.m execution,  -O1 
FAIL: objc/execute/class-7.m execution,  -O2 
FAIL: objc/execute/class-7.m execution,  -O3 -fomit-frame-pointer 
FAIL: objc/execute/class-7.m execution,  -O3 -g 
FAIL: objc/execute/class-7.m execution,  -Os 
FAIL: objc/execute/class-8.m execution,  -O0 
FAIL: objc/execute/class-8.m execution,  -O1 
FAIL: objc/execute/class-8.m execution,  -O2 
FAIL: objc/execute/class-8.m execution,  -O3 -fomit-frame-pointer 
FAIL: objc/execute/class-8.m execution,  -O3 -g 
FAIL: objc/execute/class-8.m execution,  -Os 
FAIL: objc/execute/class-9.m execution,  -O0 
FAIL: objc/execute/class-9.m execution,  -O1 
FAIL: objc/execute/class-9.m execution,  -O2 
FAIL: objc/execute/class-9.m execution,  -O3 -fomit-frame-pointer 
FAIL: objc/execute/class-9.m execution,  -O3 -g 
FAIL: objc/execute/class-9.m execution,  -Os 
FAIL: objc/execute/class_self-1.m execution,  -O0 
FAIL: objc/execute/class_self-1.m execution,  -O1 
FAIL: objc/execute/class_self-1.m execution,  -O2 
FAIL: objc/execute/class_self-1.m execution,  -O3 -fomit-frame-pointer 
FAIL: objc/execute/class_self-1.m execution,  -O3 -g 
FAIL: objc/execute/class_self-1.m execution,  -Os 
FAIL: objc/execute/class_self-2.m execution,  -O0 
FAIL: objc/execute/class_self-2.m execution,  -O1 
FAIL: objc/execute/class_self-2.m execution,  -O2 
FAIL: objc/execute/class_self-2.m execution,  -O3 -fomit-frame-pointer 
FAIL: objc/execute/class_self-2.m execution,  -O3 -g 
FAIL: objc/execute/class_self-2.m execution,  -Os 
FAIL: objc/execute/compatibility_alias.m execution,  -O0 
FAIL: objc/execute/compatibility_alias.m execution,  -O1 
FAIL: objc/execute/compatibility_alias.m execution,  -O2 
FAIL: objc/execute/compatibility_alias.m execution,  -O3 -fomit-frame-pointer 
FAIL: objc/execute/compatibility_alias.m execution,  -O3 -g 
FAIL: objc/execute/compatibility_alias.m execution,  -Os 
FAIL: objc/execute/enumeration-1.m execution,  -O0 
FAIL: objc/execute/enumeration-1.m execution,  -O1 
FAIL: objc/execute/enumeration-1.m execution,  -O2 
FAIL: objc/execute/enumeration-1.m execution,  -O3 -fomit-frame-pointer 
FAIL: objc/execute/enumeration-1.m execution,  -O3 -g 
FAIL: objc/execute/enumeration-1.m execution,  -Os 
FAIL: objc/execute/enumeration-2.m execution,  -O0 
FAIL: objc/execute/enumeration-2.m execution,  -O1 
FAIL: objc/execute/enumeration-2.m execution,  -O2 
FAIL: objc/execute/enumeration-2.m execution,  -O3 -fomit-frame-pointer 
FAIL: objc/execute/enumeration-2.m execution,  -O3 -g 
FAIL: objc/execute/enumeration-2.m execution,  -Os 
FAIL: objc/execute/formal_protocol-1.m execution,  -O0 
FAIL: objc/execute/formal_protocol-1.m execution,  -O1 
FAIL: objc/execute/formal_protocol-1.m execution,  -O2 
FAIL: objc/execute/formal_protocol-1.m execution,  -O3 -fomit-frame-pointer 
FAIL: objc/execute/formal_protocol-1.m execution,  -O3 -g 
FAIL: objc/execute/formal_protocol-1.m execution,  -Os 
FAIL: objc/execute/formal_protocol-2.m execution,  -O0 
FAIL: objc/execute/formal_protocol-2.m execution,  -O1 
FAIL: objc/execute/formal_protocol-2.m execution,  -O2 
FAIL: objc/execute/formal_protocol-2.m execution,  -O3 -fomit-frame-pointer 
FAIL: objc/execute/formal_protocol-2.m execution,  -O3 -g 
FAIL: objc/execute/formal_protocol-2.m execution,  -Os 
FAIL: objc/execute/formal_protocol-3.m execution,  -O0 
FAIL: objc/execute/formal_protocol-3.m execution,  -O1 
FAIL: objc/execute/formal_protocol-3.m execution,  -O2 
FAIL: objc/execute/formal_protocol-3.m execution,  -O3 -fomit-frame-pointer 
FAIL: objc/execute/formal_protocol-3.m execution,  -O3 -g 
FAIL: objc/execute/formal_protocol-3.m execution,  -Os 
FAIL: objc/execute/formal_protocol-4.m execution,  -O0 
FAIL: objc/execute/formal_protocol-4.m execution,  -O1 
FAIL: objc/execute/formal_protocol-4.m execution,  -O2 
FAIL: objc/execute/formal_protocol-4.m execution,  -O3 -fomit-frame-pointer 
FAIL: objc/execute/formal_protocol-4.m execution,  -O3 -g 
FAIL: objc/execute/formal_protocol-4.m execution,  -Os 
FAIL: objc/execute/formal_protocol-5.m execution,  -O0 
FAIL: objc/execute/formal_protocol-5.m execution,  -O1 
FAIL: objc/execute/formal_protocol-5.m execution,  -O2 
FAIL: objc/execute/formal_protocol-5.m execution,  -O3 -fomit-frame-pointer 
FAIL: objc/execute/formal_protocol-5.m execution,  -O3 -g 
FAIL: objc/execute/formal_protocol-5.m execution,  -Os 
FAIL: objc/execute/formal_protocol-7.m execution,  -O0 
FAIL: objc/execute/formal_protocol-7.m execution,  -O1 
FAIL: objc/execute/formal_protocol-7.m execution,  -O2 
FAIL: objc/execute/formal_protocol-7.m execution,  -O3 -fomit-frame-pointer 
FAIL: objc/execute/formal_protocol-7.m execution,  -O3 -g 
FAIL: objc/execute/formal_protocol-7.m execution,  -Os 
FAIL: objc/execute/initialize.m execution,  -O0 
FAIL: objc/execute/initialize.m execution,  -O1 
FAIL: objc/execute/initialize.m execution,  -O2 
FAIL: objc/execute/initialize.m execution,  -O3 -fomit-frame-pointer 
FAIL: objc/execute/initialize.m execution,  -O3 -g 
FAIL: objc/execute/initialize.m execution,  -Os 
FAIL: objc/execute/load-2.m execution,  -O0 
FAIL: objc/execute/load-2.m execution,  -O1 
FAIL: objc/execute/load-2.m execution,  -O2 
FAIL: objc/execute/load-2.m execution,  -O3 -fomit-frame-pointer 
FAIL: objc/execute/load-2.m execution,  -O3 -g 
FAIL: objc/execute/load-2.m execution,  -Os 
FAIL: objc/execute/load-3.m execution,  -O0 
FAIL: objc/execute/load-3.m execution,  -O1 
FAIL: objc/execute/load-3.m execution,  -O2 
FAIL: objc/execute/load-3.m execution,  -O3 -fomit-frame-pointer 
FAIL: objc/execute/load-3.m execution,  -O3 -fomit-frame-pointer -funroll-loops 
FAIL: objc/execute/load-3.m execution,  -O3 -fomit-frame-pointer -funroll-all-loops -finline-functions 
FAIL: objc/execute/load-3.m execution,  -O3 -g 
FAIL: objc/execute/load-3.m execution,  -Os 
FAIL: objc/execute/load.m execution,  -O0 
FAIL: objc/execute/load.m execution,  -O1 
FAIL: objc/execute/load.m execution,  -O2 
FAIL: objc/execute/load.m execution,  -O3 -fomit-frame-pointer 
FAIL: objc/execute/load.m execution,  -O3 -g 
FAIL: objc/execute/load.m execution,  -Os 
FAIL: objc/execute/many_args_method.m execution,  -O0 
FAIL: objc/execute/many_args_method.m execution,  -O1 
FAIL: objc/execute/many_args_method.m execution,  -O2 
FAIL: objc/execute/many_args_method.m execution,  -O3 -fomit-frame-pointer 
FAIL: objc/execute/many_args_method.m execution,  -O3 -g 
FAIL: objc/execute/many_args_method.m execution,  -Os 
FAIL: objc/execute/nested-3.m execution,  -O0 
FAIL: objc/execute/nested-3.m execution,  -O1 
FAIL: objc/execute/nested-3.m execution,  -O2 
FAIL: objc/execute/nested-3.m execution,  -O3 -fomit-frame-pointer 
FAIL: objc/execute/nested-3.m execution,  -O3 -g 
FAIL: objc/execute/nested-3.m execution,  -Os 
FAIL: objc/execute/no_clash.m execution,  -O0 
FAIL: objc/execute/no_clash.m execution,  -O1 
FAIL: objc/execute/no_clash.m execution,  -O2 
FAIL: objc/execute/no_clash.m execution,  -O3 -fomit-frame-pointer 
FAIL: objc/execute/no_clash.m execution,  -O3 -g 
FAIL: objc/execute/no_clash.m execution,  -Os 
FAIL: objc/execute/np-2.m execution,  -O0 
FAIL: objc/execute/np-2.m execution,  -O1 
FAIL: objc/execute/np-2.m execution,  -O2 
FAIL: objc/execute/np-2.m execution,  -O3 -fomit-frame-pointer 
FAIL: objc/execute/np-2.m execution,  -O3 -g 
FAIL: objc/execute/np-2.m execution,  -Os 
FAIL: objc/execute/object_is_class.m execution,  -O0 
FAIL: objc/execute/object_is_class.m execution,  -O1 
FAIL: objc/execute/object_is_class.m execution,  -O2 
FAIL: objc/execute/object_is_class.m execution,  -O3 -fomit-frame-pointer 
FAIL: objc/execute/object_is_class.m execution,  -O3 -g 
FAIL: objc/execute/object_is_class.m execution,  -Os 
FAIL: objc/execute/object_is_meta_class.m execution,  -O0 
FAIL: objc/execute/object_is_meta_class.m execution,  -O1 
FAIL: objc/execute/object_is_meta_class.m execution,  -O2 
FAIL: objc/execute/object_is_meta_class.m execution,  -O3 -fomit-frame-pointer 
FAIL: objc/execute/object_is_meta_class.m execution,  -O3 -g 
FAIL: objc/execute/object_is_meta_class.m execution,  -Os 
FAIL: objc/execute/redefining_self.m execution,  -O0 
FAIL: objc/execute/redefining_self.m execution,  -O1 
FAIL: objc/execute/redefining_self.m execution,  -O2 
FAIL: objc/execute/redefining_self.m execution,  -O3 -fomit-frame-pointer 
FAIL: objc/execute/redefining_self.m execution,  -O3 -g 
FAIL: objc/execute/redefining_self.m execution,  -Os 
FAIL: objc/execute/root_methods.m execution,  -O0 
FAIL: objc/execute/root_methods.m execution,  -O1 
FAIL: objc/execute/root_methods.m execution,  -O2 
FAIL: objc/execute/root_methods.m execution,  -O3 -fomit-frame-pointer 
FAIL: objc/execute/root_methods.m execution,  -O3 -g 
FAIL: objc/execute/root_methods.m execution,  -Os 
FAIL: objc/execute/static-1.m execution,  -O0 
FAIL: objc/execute/static-1.m execution,  -O1 
FAIL: objc/execute/static-1.m execution,  -O2 
FAIL: objc/execute/static-1.m execution,  -O3 -fomit-frame-pointer 
FAIL: objc/execute/static-1.m execution,  -O3 -g 
FAIL: objc/execute/static-1.m execution,  -Os 
FAIL: objc/execute/static-2.m execution,  -O0 
FAIL: objc/execute/static-2.m execution,  -O1 
FAIL: objc/execute/static-2.m execution,  -O2 
FAIL: objc/execute/static-2.m execution,  -O3 -fomit-frame-pointer 
FAIL: objc/execute/static-2.m execution,  -O3 -g 
FAIL: objc/execute/static-2.m execution,  -Os 
FAIL: objc/execute/string1.m execution,  -O0 
FAIL: objc/execute/string1.m execution,  -O1 
FAIL: objc/execute/string1.m execution,  -O2 
FAIL: objc/execute/string1.m execution,  -O3 -fomit-frame-pointer 
FAIL: objc/execute/string1.m execution,  -O3 -g 
FAIL: objc/execute/string1.m execution,  -Os 
FAIL: objc/execute/string2.m execution,  -O0 
FAIL: objc/execute/string2.m execution,  -O1 
FAIL: objc/execute/string2.m execution,  -O2 
FAIL: objc/execute/string2.m execution,  -O3 -fomit-frame-pointer 
FAIL: objc/execute/string2.m execution,  -O3 -g 
FAIL: objc/execute/string2.m execution,  -Os 
FAIL: objc/execute/string3.m execution,  -O0 
FAIL: objc/execute/string3.m execution,  -O1 
FAIL: objc/execute/string3.m execution,  -O2 
FAIL: objc/execute/string3.m execution,  -O3 -fomit-frame-pointer 
FAIL: objc/execute/string3.m execution,  -O3 -g 
FAIL: objc/execute/string3.m execution,  -Os 
FAIL: objc/execute/string4.m execution,  -O0 
FAIL: objc/execute/string4.m execution,  -O1 
FAIL: objc/execute/string4.m execution,  -O2 
FAIL: objc/execute/string4.m execution,  -O3 -fomit-frame-pointer 
FAIL: objc/execute/string4.m execution,  -O3 -g 
FAIL: objc/execute/string4.m execution,  -Os 
FAIL: objc/execute/va_method.m execution,  -O0 
FAIL: objc/execute/va_method.m execution,  -O1 
FAIL: objc/execute/va_method.m execution,  -O2 
FAIL: objc/execute/va_method.m execution,  -O3 -fomit-frame-pointer 
FAIL: objc/execute/va_method.m execution,  -O3 -fomit-frame-pointer -funroll-loops 
FAIL: objc/execute/va_method.m execution,  -O3 -fomit-frame-pointer -funroll-all-loops -finline-functions 
FAIL: objc/execute/va_method.m execution,  -O3 -g 
FAIL: objc/execute/va_method.m execution,  -Os 
FAIL: objc.dg/desig-init-1.m execution test
FAIL: objc.dg/special/unclaimed-category-1.m execution test

		=== objc Summary ===

# of expected passes		623
# of unexpected failures	420
# of expected failures		6
/xxx/gnu/gcc-3.2/objdir/gcc/xgcc version 3.2 20020712 (experimental)

		=== libstdc++-v3 tests ===


Running target unix
FAIL: 19_diagnostics/stdexceptions.cc (test for excess errors)
FAIL: 20_util/allocator_members.cc execution test
FAIL: 21_strings/append.cc (test for excess errors)
FAIL: 21_strings/ctor_copy_dtor.cc (test for excess errors)
FAIL: 21_strings/element_access.cc (test for excess errors)
FAIL: 21_strings/insert.cc (test for excess errors)
FAIL: 21_strings/inserters_extractors.cc (test for excess errors)
FAIL: 21_strings/substr.cc (test for excess errors)
XPASS: 22_locale/collate_members_wchar_t.cc execution test
FAIL: 22_locale/ctype_is_char.cc (test for excess errors)
XPASS: 22_locale/ctype_is_wchar_t.cc execution test
FAIL: 22_locale/ctype_scan_char.cc (test for excess errors)
FAIL: 22_locale/ctype_to_char.cc (test for excess errors)
FAIL: 22_locale/facet.cc (test for excess errors)
FAIL: 22_locale/global_templates.cc (test for excess errors)
FAIL: 22_locale/money_get_members_char.cc (test for excess errors)
XPASS: 22_locale/money_get_members_wchar_t.cc execution test
FAIL: 22_locale/money_put_members_char.cc (test for excess errors)
XPASS: 22_locale/money_put_members_wchar_t.cc execution test
XPASS: 22_locale/moneypunct_members_wchar_t.cc execution test
FAIL: 22_locale/num_get_members_char.cc (test for excess errors)
XPASS: 22_locale/num_get_members_wchar_t.cc execution test
FAIL: 22_locale/num_put_members_char.cc (test for excess errors)
XPASS: 22_locale/num_put_members_wchar_t.cc execution test
XPASS: 22_locale/numpunct_members_wchar_t.cc execution test
FAIL: 22_locale/operators.cc (test for excess errors)
FAIL: 22_locale/static_members.cc (test for excess errors)
FAIL: 22_locale/time_get_members_char.cc (test for excess errors)
XPASS: 22_locale/time_get_members_wchar_t.cc execution test
FAIL: 22_locale/time_put_members_char.cc (test for excess errors)
XPASS: 22_locale/time_put_members_wchar_t.cc execution test
FAIL: 23_containers/bitset_ctor.cc (test for excess errors)
FAIL: 23_containers/bitset_members.cc (test for excess errors)
FAIL: 23_containers/list_modifiers.cc (test for excess errors)
FAIL: 23_containers/vector_element_access.cc (test for excess errors)
FAIL: 26_numerics/c99_classification_macros_c.cc (test for excess errors)
FAIL: 26_numerics/complex_inserters_extractors.cc (test for excess errors)
FAIL: 26_numerics/complex_inserters_extractors.cc execution test
FAIL: 27_io/filebuf_members.cc (test for excess errors)
FAIL: 27_io/filebuf_virtuals.cc (test for excess errors)
FAIL: 27_io/ios_base_storage.cc (test for excess errors)
FAIL: 27_io/ios_init.cc (test for excess errors)
FAIL: 27_io/ios_manip_basefield.cc (test for excess errors)
FAIL: 27_io/ios_manip_fmtflags.cc (test for excess errors)
FAIL: 27_io/ios_members.cc (test for excess errors)
FAIL: 27_io/istream_extractor_arith.cc (test for excess errors)
FAIL: 27_io/istream_extractor_arith.cc execution test
FAIL: 27_io/istringstream_members.cc (test for excess errors)
FAIL: 27_io/ostream_inserter_arith.cc (test for excess errors)
FAIL: 27_io/ostream_inserter_arith.cc execution test
FAIL: 27_io/ostringstream_members.cc (test for excess errors)
FAIL: 27_io/streambuf.cc (test for excess errors)
FAIL: 27_io/stringstream.cc (test for excess errors)
FAIL: 27_io/stringstream_members.cc (test for excess errors)

		=== libstdc++-v3 Summary ===

# of expected passes		348
# of unexpected failures	44
# of unexpected successes	10
# of expected failures		17
# of unsupported tests		6

Compiler version: 3.2 20020712 (experimental) 
Platform: hppa64-hp-hpux11.11
configure flags: --host=hppa64-hp-hpux11.11 --with-gnu-as --with-as=/opt/gnu64/bin/as --with-gnu-ld --with-ld=/opt/gnu64/bin/ld --disable-nls --prefix=/opt/gnu64 --enable-shared


Index Nav: [Date Index] [Subject Index] [Author Index] [Thread Index]
Message Nav: [Date Prev] [Date Next] [Thread Prev] [Thread Next]