This is the mail archive of the gcc-testresults@gcc.gnu.org mailing list for the GCC project.


Index Nav: [Date Index] [Subject Index] [Author Index] [Thread Index]
Message Nav: [Date Prev] [Date Next] [Thread Prev] [Thread Next]
Other format: [Raw text]

Results for 3.2 20020711 (experimental) testsuite on x86_64--netbsd


LAST_UPDATED: 
Target is x86_64--netbsd
Host   is i386-unknown-netbsdelf1.6A

		=== g++ tests ===


Running target nbsd-x86_64
FAIL: g++.dg/bprob/bprob-1.C compilation,  -g  -fprofile-arcs
UNRESOLVED: g++.dg/bprob/bprob-1.C execution,    -g  -fprofile-arcs
UNRESOLVED: g++.dg/bprob/bprob-1.C compilation,  -g  -fbranch-probabilities
UNRESOLVED: g++.dg/bprob/bprob-1.C execution,    -g  -fbranch-probabilities
FAIL: g++.dg/bprob/bprob-1.C compilation,  -O0  -fprofile-arcs
UNRESOLVED: g++.dg/bprob/bprob-1.C execution,    -O0  -fprofile-arcs
UNRESOLVED: g++.dg/bprob/bprob-1.C compilation,  -O0  -fbranch-probabilities
UNRESOLVED: g++.dg/bprob/bprob-1.C execution,    -O0  -fbranch-probabilities
FAIL: g++.dg/bprob/bprob-1.C compilation,  -O1  -fprofile-arcs
UNRESOLVED: g++.dg/bprob/bprob-1.C execution,    -O1  -fprofile-arcs
UNRESOLVED: g++.dg/bprob/bprob-1.C compilation,  -O1  -fbranch-probabilities
UNRESOLVED: g++.dg/bprob/bprob-1.C execution,    -O1  -fbranch-probabilities
FAIL: g++.dg/bprob/bprob-1.C compilation,  -O2  -fprofile-arcs
UNRESOLVED: g++.dg/bprob/bprob-1.C execution,    -O2  -fprofile-arcs
UNRESOLVED: g++.dg/bprob/bprob-1.C compilation,  -O2  -fbranch-probabilities
UNRESOLVED: g++.dg/bprob/bprob-1.C execution,    -O2  -fbranch-probabilities
FAIL: g++.dg/bprob/bprob-1.C compilation,  -O3  -fprofile-arcs
UNRESOLVED: g++.dg/bprob/bprob-1.C execution,    -O3  -fprofile-arcs
UNRESOLVED: g++.dg/bprob/bprob-1.C compilation,  -O3  -fbranch-probabilities
UNRESOLVED: g++.dg/bprob/bprob-1.C execution,    -O3  -fbranch-probabilities
FAIL: g++.dg/bprob/bprob-1.C compilation,  -O3 -g  -fprofile-arcs
UNRESOLVED: g++.dg/bprob/bprob-1.C execution,    -O3 -g  -fprofile-arcs
UNRESOLVED: g++.dg/bprob/bprob-1.C compilation,  -O3 -g  -fbranch-probabilities
UNRESOLVED: g++.dg/bprob/bprob-1.C execution,    -O3 -g  -fbranch-probabilities
FAIL: g++.dg/bprob/bprob-1.C compilation,  -Os  -fprofile-arcs
UNRESOLVED: g++.dg/bprob/bprob-1.C execution,    -Os  -fprofile-arcs
UNRESOLVED: g++.dg/bprob/bprob-1.C compilation,  -Os  -fbranch-probabilities
UNRESOLVED: g++.dg/bprob/bprob-1.C execution,    -Os  -fbranch-probabilities
FAIL: g++.dg/parse/stack1.C (test for excess errors)
FAIL: g++.dg/warn/Wunused-2.C  (test for warnings, line 5)

		=== g++ Summary ===

# of expected passes		7368
# of unexpected failures	9
# of expected failures		89
# of unresolved testcases	21
# of untested testcases		29
# of unsupported tests		8
/work/trees/compile/gcc-current/gcc/testsuite/../g++ version 3.2 20020711 (experimental)

Host   is i386-unknown-netbsdelf1.6A

		=== gcc tests ===


Running target nbsd-x86_64
FAIL: gcc.c-torture/compile/20010227-1.c,  -O1  
FAIL: gcc.c-torture/compile/20010605-1.c,  -O0  
FAIL: gcc.c-torture/compile/20010605-1.c,  -O1  
FAIL: gcc.c-torture/compile/20010605-1.c,  -O2  
FAIL: gcc.c-torture/compile/20010605-1.c,  -O3 -fomit-frame-pointer  
FAIL: gcc.c-torture/compile/20010605-1.c,  -O3 -g  
FAIL: gcc.c-torture/compile/20010605-1.c,  -Os  
XPASS: gcc.c-torture/execute/20020227-1.c execution,  -O0 
XPASS: gcc.c-torture/execute/20020227-1.c execution,  -O1 
XPASS: gcc.c-torture/execute/20020227-1.c execution,  -O2 
XPASS: gcc.c-torture/execute/20020227-1.c execution,  -O3 -fomit-frame-pointer 
XPASS: gcc.c-torture/execute/20020227-1.c execution,  -O3 -g 
XPASS: gcc.c-torture/execute/20020227-1.c execution,  -Os 
FAIL: gcc.c-torture/execute/20020411-1.c compilation,  -O0 
UNRESOLVED: gcc.c-torture/execute/20020411-1.c execution,  -O0 
FAIL: gcc.c-torture/execute/20020412-1.c execution,  -O0 
FAIL: gcc.c-torture/execute/20020412-1.c execution,  -O1 
FAIL: gcc.c-torture/execute/20020412-1.c execution,  -O2 
FAIL: gcc.c-torture/execute/20020412-1.c execution,  -O3 -fomit-frame-pointer 
FAIL: gcc.c-torture/execute/20020412-1.c execution,  -O3 -fomit-frame-pointer -funroll-loops 
FAIL: gcc.c-torture/execute/20020412-1.c execution,  -O3 -fomit-frame-pointer -funroll-all-loops -finline-functions 
FAIL: gcc.c-torture/execute/20020412-1.c execution,  -O3 -g 
FAIL: gcc.c-torture/execute/20020412-1.c execution,  -Os 
FAIL: gcc.c-torture/execute/950607-2.c compilation,  -O2 
UNRESOLVED: gcc.c-torture/execute/950607-2.c execution,  -O2 
FAIL: gcc.c-torture/execute/950607-2.c compilation,  -O3 -fomit-frame-pointer 
UNRESOLVED: gcc.c-torture/execute/950607-2.c execution,  -O3 -fomit-frame-pointer 
FAIL: gcc.c-torture/execute/950607-2.c compilation,  -O3 -g 
UNRESOLVED: gcc.c-torture/execute/950607-2.c execution,  -O3 -g 
FAIL: gcc.c-torture/execute/950607-2.c compilation,  -Os 
UNRESOLVED: gcc.c-torture/execute/950607-2.c execution,  -Os 
FAIL: gcc.c-torture/execute/conversion.c execution,  -O0 
FAIL: gcc.c-torture/execute/conversion.c execution,  -O1 
FAIL: gcc.c-torture/execute/conversion.c execution,  -O2 
FAIL: gcc.c-torture/execute/conversion.c execution,  -Os 
FAIL: gcc.c-torture/execute/simd-1.c compilation,  -O1 
UNRESOLVED: gcc.c-torture/execute/simd-1.c execution,  -O1 
FAIL: gcc.c-torture/execute/simd-1.c compilation,  -O2 
UNRESOLVED: gcc.c-torture/execute/simd-1.c execution,  -O2 
FAIL: gcc.c-torture/execute/simd-1.c compilation,  -O3 -fomit-frame-pointer 
UNRESOLVED: gcc.c-torture/execute/simd-1.c execution,  -O3 -fomit-frame-pointer 
FAIL: gcc.c-torture/execute/simd-1.c compilation,  -O3 -g 
UNRESOLVED: gcc.c-torture/execute/simd-1.c execution,  -O3 -g 
FAIL: gcc.c-torture/execute/simd-1.c compilation,  -Os 
UNRESOLVED: gcc.c-torture/execute/simd-1.c execution,  -Os 
FAIL: gcc.c-torture/execute/simd-2.c compilation,  -O1 
UNRESOLVED: gcc.c-torture/execute/simd-2.c execution,  -O1 
FAIL: gcc.c-torture/execute/simd-2.c compilation,  -O2 
UNRESOLVED: gcc.c-torture/execute/simd-2.c execution,  -O2 
FAIL: gcc.c-torture/execute/simd-2.c compilation,  -O3 -fomit-frame-pointer 
UNRESOLVED: gcc.c-torture/execute/simd-2.c execution,  -O3 -fomit-frame-pointer 
FAIL: gcc.c-torture/execute/simd-2.c compilation,  -O3 -g 
UNRESOLVED: gcc.c-torture/execute/simd-2.c execution,  -O3 -g 
FAIL: gcc.c-torture/execute/simd-2.c compilation,  -Os 
UNRESOLVED: gcc.c-torture/execute/simd-2.c execution,  -Os 
FAIL: gcc.c-torture/execute/va-arg-15.c execution,  -Os 
FAIL: gcc.c-torture/execute/va-arg-16.c execution,  -Os 
FAIL: gcc.c-torture/execute/va-arg-17.c execution,  -Os 
FAIL: gcc.c-torture/execute/va-arg-5.c execution,  -Os 
FAIL: gcc.c-torture/execute/va-arg-6.c execution,  -Os 
FAIL: gcc.c-torture/execute/ieee/rbug.c execution,  -O0 
FAIL: gcc.c-torture/execute/ieee/rbug.c execution,  -O1 
FAIL: gcc.c-torture/execute/ieee/rbug.c execution,  -O2 
FAIL: gcc.c-torture/execute/ieee/rbug.c execution,  -Os 
FAIL: gcc.c-torture/unsorted/opout.c,  -O1  
FAIL: gcc.c-torture/unsorted/opout.c,  -O2  
FAIL: gcc.c-torture/unsorted/opout.c,  -O3 -fomit-frame-pointer  
FAIL: gcc.c-torture/unsorted/opout.c,  -O3 -g  
FAIL: gcc.c-torture/unsorted/opout.c,  -Os  
FAIL: gcc.dg/cpp/arith-1.c  (test for bogus messages, line 92)
FAIL: gcc.dg/cpp/arith-1.c  (test for bogus messages, line 102)
FAIL: gcc.dg/cpp/arith-1.c  (test for bogus messages, line 120)
FAIL: gcc.dg/cpp/arith-1.c  (test for bogus messages, line 127)
FAIL: gcc.dg/cpp/arith-1.c  (test for bogus messages, line 137)
FAIL: gcc.dg/cpp/arith-1.c  (test for bogus messages, line 147)
FAIL: gcc.dg/cpp/arith-1.c  (test for bogus messages, line 157)
FAIL: gcc.dg/cpp/arith-1.c  (test for bogus messages, line 170)
FAIL: gcc.dg/cpp/arith-1.c  (test for bogus messages, line 178)
FAIL: gcc.dg/cpp/arith-1.c  (test for bogus messages, line 186)
FAIL: gcc.dg/cpp/arith-1.c  (test for bogus messages, line 199)
FAIL: gcc.dg/cpp/arith-1.c  (test for bogus messages, line 203)
FAIL: gcc.dg/cpp/arith-1.c  (test for bogus messages, line 231)
FAIL: gcc.dg/cpp/arith-1.c  (test for bogus messages, line 239)
FAIL: gcc.dg/cpp/arith-1.c  (test for bogus messages, line 247)
FAIL: gcc.dg/cpp/arith-1.c  (test for bogus messages, line 256)
FAIL: gcc.dg/cpp/arith-3.c  (test for bogus messages, line 192)
FAIL: gcc.dg/cpp/arith-3.c  (test for bogus messages, line 196)
FAIL: gcc.dg/cpp/arith-3.c  (test for bogus messages, line 216)
FAIL: gcc.dg/cpp/arith-3.c  (test for bogus messages, line 220)
FAIL: gcc.dg/cpp/arith-3.c  (test for bogus messages, line 249)
FAIL: gcc.dg/cpp/arith-3.c  (test for bogus messages, line 253)
FAIL: gcc.dg/cpp/arith-3.c  (test for bogus messages, line 305)
FAIL: gcc.dg/cpp/arith-3.c  (test for bogus messages, line 309)
FAIL: gcc.dg/cpp/arith-3.c  (test for bogus messages, line 329)
FAIL: gcc.dg/cpp/arith-3.c  (test for bogus messages, line 337)
FAIL: gcc.dg/cpp/arith-3.c  (test for bogus messages, line 349)
FAIL: gcc.dg/cpp/arith-3.c  (test for bogus messages, line 366)
FAIL: gcc.dg/cpp/arith-3.c (test for excess errors)
FAIL: cmdlne-dM-M.c: #define line not printed
FAIL: gcc.dg/20020312-2.c (test for excess errors)
WARNING: gcc.dg/20020312-2.c compilation failed to produce executable
FAIL: gcc.dg/c90-intconst-1.c (test for excess errors)
FAIL: gcc.dg/i386-sse-1.c (test for excess errors)
FAIL: gcc.dg/i386-sse-2.c (test for excess errors)
FAIL: gcc.dg/format/c99-scanf-3.c vfscanf (test for warnings, line 21)
FAIL: gcc.dg/format/c99-scanf-3.c vfscanf (test for warnings, line 21)
FAIL: gcc.dg/format/ext-6.c vfscanf (test for warnings, line 42)
FAIL: gcc.dg/format/ext-6.c vfscanf (test for warnings, line 42)
FAIL: gcc.dg/special/gcsec-1.c execution test
FAIL: gcc.misc-tests/bprob-1.c compilation,  -g  -fprofile-arcs
UNRESOLVED: gcc.misc-tests/bprob-1.c execution,    -g  -fprofile-arcs
UNRESOLVED: gcc.misc-tests/bprob-1.c compilation,  -g  -fbranch-probabilities
UNRESOLVED: gcc.misc-tests/bprob-1.c execution,    -g  -fbranch-probabilities
FAIL: gcc.misc-tests/bprob-1.c compilation,  -O0  -fprofile-arcs
UNRESOLVED: gcc.misc-tests/bprob-1.c execution,    -O0  -fprofile-arcs
UNRESOLVED: gcc.misc-tests/bprob-1.c compilation,  -O0  -fbranch-probabilities
UNRESOLVED: gcc.misc-tests/bprob-1.c execution,    -O0  -fbranch-probabilities
FAIL: gcc.misc-tests/bprob-1.c compilation,  -O1  -fprofile-arcs
UNRESOLVED: gcc.misc-tests/bprob-1.c execution,    -O1  -fprofile-arcs
UNRESOLVED: gcc.misc-tests/bprob-1.c compilation,  -O1  -fbranch-probabilities
UNRESOLVED: gcc.misc-tests/bprob-1.c execution,    -O1  -fbranch-probabilities
FAIL: gcc.misc-tests/bprob-1.c compilation,  -O2 -DPERFTIME  -fprofile-arcs
UNRESOLVED: gcc.misc-tests/bprob-1.c execution,    -O2 -DPERFTIME  -fprofile-arcs
UNRESOLVED: gcc.misc-tests/bprob-1.c compilation,  -O2 -DPERFTIME  -fbranch-probabilities
UNRESOLVED: gcc.misc-tests/bprob-1.c execution,    -O2 -DPERFTIME  -fbranch-probabilities
FAIL: gcc.misc-tests/bprob-1.c compilation,  -O3 -DPERFTIME  -fprofile-arcs
UNRESOLVED: gcc.misc-tests/bprob-1.c execution,    -O3 -DPERFTIME  -fprofile-arcs
UNRESOLVED: gcc.misc-tests/bprob-1.c compilation,  -O3 -DPERFTIME  -fbranch-probabilities
UNRESOLVED: gcc.misc-tests/bprob-1.c execution,    -O3 -DPERFTIME  -fbranch-probabilities
FAIL: gcc.misc-tests/bprob-1.c compilation,  -O3 -g -DPERFTIME  -fprofile-arcs
UNRESOLVED: gcc.misc-tests/bprob-1.c execution,    -O3 -g -DPERFTIME  -fprofile-arcs
UNRESOLVED: gcc.misc-tests/bprob-1.c compilation,  -O3 -g -DPERFTIME  -fbranch-probabilities
UNRESOLVED: gcc.misc-tests/bprob-1.c execution,    -O3 -g -DPERFTIME  -fbranch-probabilities
FAIL: gcc.misc-tests/bprob-1.c compilation,  -Os  -fprofile-arcs
UNRESOLVED: gcc.misc-tests/bprob-1.c execution,    -Os  -fprofile-arcs
UNRESOLVED: gcc.misc-tests/bprob-1.c compilation,  -Os  -fbranch-probabilities
UNRESOLVED: gcc.misc-tests/bprob-1.c execution,    -Os  -fbranch-probabilities
FAIL: gcc.misc-tests/bprob-2.c compilation,  -g  -fprofile-arcs
UNRESOLVED: gcc.misc-tests/bprob-2.c execution,    -g  -fprofile-arcs
UNRESOLVED: gcc.misc-tests/bprob-2.c compilation,  -g  -fbranch-probabilities
UNRESOLVED: gcc.misc-tests/bprob-2.c execution,    -g  -fbranch-probabilities
FAIL: gcc.misc-tests/bprob-2.c compilation,  -O0  -fprofile-arcs
UNRESOLVED: gcc.misc-tests/bprob-2.c execution,    -O0  -fprofile-arcs
UNRESOLVED: gcc.misc-tests/bprob-2.c compilation,  -O0  -fbranch-probabilities
UNRESOLVED: gcc.misc-tests/bprob-2.c execution,    -O0  -fbranch-probabilities
FAIL: gcc.misc-tests/bprob-2.c compilation,  -O1  -fprofile-arcs
UNRESOLVED: gcc.misc-tests/bprob-2.c execution,    -O1  -fprofile-arcs
UNRESOLVED: gcc.misc-tests/bprob-2.c compilation,  -O1  -fbranch-probabilities
UNRESOLVED: gcc.misc-tests/bprob-2.c execution,    -O1  -fbranch-probabilities
FAIL: gcc.misc-tests/bprob-2.c compilation,  -O2 -DPERFTIME  -fprofile-arcs
UNRESOLVED: gcc.misc-tests/bprob-2.c execution,    -O2 -DPERFTIME  -fprofile-arcs
UNRESOLVED: gcc.misc-tests/bprob-2.c compilation,  -O2 -DPERFTIME  -fbranch-probabilities
UNRESOLVED: gcc.misc-tests/bprob-2.c execution,    -O2 -DPERFTIME  -fbranch-probabilities
FAIL: gcc.misc-tests/bprob-2.c compilation,  -O3 -DPERFTIME  -fprofile-arcs
UNRESOLVED: gcc.misc-tests/bprob-2.c execution,    -O3 -DPERFTIME  -fprofile-arcs
UNRESOLVED: gcc.misc-tests/bprob-2.c compilation,  -O3 -DPERFTIME  -fbranch-probabilities
UNRESOLVED: gcc.misc-tests/bprob-2.c execution,    -O3 -DPERFTIME  -fbranch-probabilities
FAIL: gcc.misc-tests/bprob-2.c compilation,  -O3 -g -DPERFTIME  -fprofile-arcs
UNRESOLVED: gcc.misc-tests/bprob-2.c execution,    -O3 -g -DPERFTIME  -fprofile-arcs
UNRESOLVED: gcc.misc-tests/bprob-2.c compilation,  -O3 -g -DPERFTIME  -fbranch-probabilities
UNRESOLVED: gcc.misc-tests/bprob-2.c execution,    -O3 -g -DPERFTIME  -fbranch-probabilities
FAIL: gcc.misc-tests/bprob-2.c compilation,  -Os  -fprofile-arcs
UNRESOLVED: gcc.misc-tests/bprob-2.c execution,    -Os  -fprofile-arcs
UNRESOLVED: gcc.misc-tests/bprob-2.c compilation,  -Os  -fbranch-probabilities
UNRESOLVED: gcc.misc-tests/bprob-2.c execution,    -Os  -fbranch-probabilities

		=== gcc Summary ===

# of expected passes		19009
# of unexpected failures	101
# of unexpected successes	6
# of expected failures		63
# of unresolved testcases	57
# of unsupported tests		137
/work/trees/compile/gcc-current/gcc/xgcc version 3.2 20020711 (experimental)


Compiler version: 3.2 20020711 (experimental) 
Platform: x86_64--netbsd
configure flags: --host=i386-unknown-netbsdelf1.6A --target=x86_64--netbsd --with-gnu-ld --with-gas --enable-languages=c c++ --disable-shared --prefix=/work/fvdl/toolchain


Index Nav: [Date Index] [Subject Index] [Author Index] [Thread Index]
Message Nav: [Date Prev] [Date Next] [Thread Prev] [Thread Next]