This is the mail archive of the gcc-testresults@gcc.gnu.org mailing list for the GCC project.


Index Nav: [Date Index] [Subject Index] [Author Index] [Thread Index]
Message Nav: [Date Prev] [Date Next] [Thread Prev] [Thread Next]
Other format: [Raw text]

Results for 3.1.1 20020711 (prerelease) testsuite on powerpc-unknown-linux-gnu


Debian GNU/Linux 3.0
Linux 2.4.18-powerpc
binutils Version: 2.12.90.0.1-4
glibc Version: 2.2.5-6

Test results for libjava include the results of the Mauve testsuite
(see http://sources.redhat.com/mauve/)

Source also includes the following patches:
http://gcc.gnu.org/ml/gcc-patches/2002-04/msg01019.html

LAST_UPDATED: Thu Jul 11 23:16:05 UTC 2002

Native configuration is powerpc-unknown-linux-gnu

		=== g++ tests ===


Running target unix

		=== g++ Summary ===

# of expected passes		7233
# of expected failures		88
# of untested testcases		23
# of unsupported tests		5
/home/mark/src/gcc31/obj/gcc/testsuite/../g++ version 3.1.1 20020711 (prerelease)

		=== gcc tests ===


Running target unix
FAIL: gcc.dg/20020103-1.c scan-assembler-not LC
FAIL: gcc.dg/20020118-1.c execution test

		=== gcc Summary ===

# of expected passes		18401
# of unexpected failures	2
# of expected failures		66
# of unsupported tests		106
/home/mark/src/gcc31/obj/gcc/xgcc version 3.1.1 20020711 (prerelease)

		=== libjava tests ===


Running target unix
FAIL: Array_3 execution from source compiled test
FAIL: Array_3 execution from bytecode->native test
FAIL: Array_3 -O execution from source compiled test
FAIL: Array_3 -O execution from bytecode->native test
FAIL: gnu.testlet.java.io.BufferedReader.boundary (number 3)
FAIL: gnu.testlet.java.io.File.jdk11: getCanonicalFile with empty path (number 1)
FAIL: gnu.testlet.java.lang.Class.reflect: uncaught exception at "getMethod with superinterface" number 1: java.lang.ClassCastException: java.lang.NoSuchMethodException cannot be cast to java.lang.reflect.Method
FAIL: gnu.testlet.java.lang.Double.DoubleTest: Error: test_shortbyteValue failed - 5 (number 1)
FAIL: gnu.testlet.java.lang.Float.FloatTest: Error: test_shortbyteValue failed - 5 (number 1)
FAIL: gnu.testlet.java.lang.Integer.IntegerTest: Error: test_Basics failed - 1 (number 1)
FAIL: Compile gnu/testlet/java/lang/Math/min.o for gnu.testlet.java.lang.Math.min
FAIL: gnu.testlet.java.net.Socket.SocketTest: Error : test_Basics failed - 7 exception should not have been thrown here (number 1)
FAIL: gnu.testlet.java.text.BreakIterator.sentiter: dot.return (number 2)
FAIL: gnu.testlet.java.text.BreakIterator.sentiter: dot.return (number 3)
FAIL: gnu.testlet.java.text.BreakIterator.sentiter: backwards dot.return (number 2)
FAIL: gnu.testlet.java.text.BreakIterator.sentiter: backwards dot.return (number 3)
FAIL: gnu.testlet.java.text.MessageFormat.format: uncaught exception at "choice format in message format" number 1: java.lang.IllegalArgumentException

		=== libjava Summary ===

# of expected passes		8636
# of unexpected failures	17
# of expected failures		83
# of untested testcases		18
		=== libstdc++-v3 tests ===


Running target unix
FAIL: 22_locale/codecvt_members_char_char.cc execution test
FAIL: 22_locale/codecvt_members_wchar_t_char.cc execution test
FAIL: 22_locale/ctor_copy_dtor.cc execution test
FAIL: 22_locale/ctype_to_char.cc execution test
FAIL: 22_locale/ctype_to_wchar_t.cc execution test
FAIL: 26_numerics/c99_classification_macros_c.cc (test for excess errors)
FAIL: 27_io/ostream_inserter_arith.cc execution test
WARNING: program timed out.
FAIL: thread/pthread4.cc execution test

		=== libstdc++-v3 Summary ===

# of expected passes		390
# of unexpected failures	8
# of expected failures		26

Compiler version: 3.1.1 20020711 (prerelease) 
Platform: powerpc-unknown-linux-gnu
configure flags: --host=powerpc-unknown-linux-gnu --enable-clocale=gnu --enable-shared --enable-threads=posix --enable-languages=c++,java --disable-multilib --prefix=/usr/local/gcc31

time make
real 8658.25
user 6434.97
sys 1824.95

time check
Command exited with non-zero status 2
real 12704.36
user 8489.48
sys 3566.00


Index Nav: [Date Index] [Subject Index] [Author Index] [Thread Index]
Message Nav: [Date Prev] [Date Next] [Thread Prev] [Thread Next]