This is the mail archive of the
gcc-testresults@gcc.gnu.org
mailing list for the GCC project.
Results for 3.2 20020707 (experimental) testsuite on i686-pc-linux-gnu
- From: Andrew Pinski <pinskia at physics dot uc dot edu>
- To: gcc-testresults at gcc dot gnu dot org
- Date: Sun, 7 Jul 2002 23:43:48 -0400
- Subject: Results for 3.2 20020707 (experimental) testsuite on i686-pc-linux-gnu
LAST_UPDATED: Mon Jul 8 00:50:08 UTC 2002
Native configuration is i686-pc-linux-gnu
=== gcc tests ===
Running target unix
FAIL: gcc.c-torture/execute/20020412-1.c execution, -O1
FAIL: gcc.c-torture/execute/20020412-1.c execution, -O2
FAIL: gcc.c-torture/execute/20020412-1.c execution, -O3 -fomit-frame-pointer
FAIL: gcc.c-torture/execute/20020412-1.c execution, -O3 -fomit-frame-pointer -funroll-loops
FAIL: gcc.c-torture/execute/20020412-1.c execution, -O3 -fomit-frame-pointer -funroll-all-loops -finline-functions
FAIL: gcc.c-torture/execute/20020412-1.c execution, -O3 -g
FAIL: cmdlne-dM-M.c: #define line not printed
WARNING: program timed out.
=== gcc Summary ===
# of expected passes 19770
# of unexpected failures 7
# of expected failures 64
# of unsupported tests 57
/home/gates/pinskia/src/gnu/gcc-dev-6-26-2002/src/objdir.linux/gcc/xgcc version 3.2 20020707 (experimental)
=== treelang tests ===
Running target unix
FAIL: gcc 01 01 fail code=14. gcc 01 01 diff stderr failed rc=-1
=== treelang Summary ===
# of unexpected failures 1
Compiler version: 3.2 20020707 (experimental)
Platform: i686-pc-linux-gnu
configure flags: --host=i686-pc-linux-gnu --enable-maintainer-mode --enable-languages=c,treelang --target=i686-pc-linux-gnu --prefix=/home/gates/pinskia/linux-dev --enable-threads=posix --enable-shared