This is the mail archive of the gcc-testresults@gcc.gnu.org mailing list for the GCC project.


Index Nav: [Date Index] [Subject Index] [Author Index] [Thread Index]
Message Nav: [Date Prev] [Date Next] [Thread Prev] [Thread Next]
Other format: [Raw text]

Results for 3.2 20020707 (experimental) testsuite on i686-pc-linux-gnu


LAST_UPDATED: 
Native configuration is i686-pc-linux-gnu

		=== g++ tests ===


Running target unix
FAIL: g++.dg/warn/Wunused-2.C  (test for warnings, line 5)

		=== g++ Summary ===

# of expected passes		7459
# of unexpected failures	1
# of expected failures		89
# of untested testcases		9
# of unsupported tests		3
/mnt/gcc3.2/build/gcc/testsuite/../g++ version 3.2 20020707 (experimental)

		=== g77 tests ===


Running target unix
FAIL: g77.f-torture/execute/6367.f execution,  -O0 
FAIL: g77.f-torture/execute/6367.f execution,  -O1 
FAIL: g77.f-torture/execute/6367.f execution,  -O2 
FAIL: g77.f-torture/execute/6367.f execution,  -O3 -fomit-frame-pointer 
FAIL: g77.f-torture/execute/6367.f execution,  -O3 -fomit-frame-pointer -funroll-loops 
FAIL: g77.f-torture/execute/6367.f execution,  -O3 -fomit-frame-pointer -funroll-all-loops -finline-functions 
FAIL: g77.f-torture/execute/6367.f execution,  -O3 -g 
FAIL: g77.f-torture/execute/6367.f execution,  -Os 

		=== g77 Summary ===

# of expected passes		1634
# of unexpected failures	8
/mnt/gcc3.2/build/gcc/testsuite/../g77 version 3.2 20020707 (experimental)

		=== gcc tests ===


Running target unix
FAIL: gcc.c-torture/execute/20020412-1.c execution,  -O1 
FAIL: gcc.c-torture/execute/20020412-1.c execution,  -O2 
FAIL: gcc.c-torture/execute/20020412-1.c execution,  -O3 -fomit-frame-pointer 
FAIL: gcc.c-torture/execute/20020412-1.c execution,  -O3 -fomit-frame-pointer -funroll-loops 
FAIL: gcc.c-torture/execute/20020412-1.c execution,  -O3 -fomit-frame-pointer -funroll-all-loops -finline-functions 
FAIL: gcc.c-torture/execute/20020412-1.c execution,  -O3 -g 
FAIL: cmdlne-dM-M.c: #define line not printed
FAIL: gcc.dg/simd-1.c (test for excess errors)

		=== gcc Summary ===

# of expected passes		19379
# of unexpected failures	8
# of expected failures		61
# of unsupported tests		57
/mnt/gcc3.2/build/gcc/xgcc version 3.2 20020707 (experimental)

		=== objc tests ===


Running target unix
FAIL: objc/execute/class_self-1.m compilation,  -O0 
UNRESOLVED: objc/execute/class_self-1.m execution,  -O0 
FAIL: objc/execute/class_self-1.m compilation,  -O1 
UNRESOLVED: objc/execute/class_self-1.m execution,  -O1 
FAIL: objc/execute/class_self-1.m compilation,  -O2 
UNRESOLVED: objc/execute/class_self-1.m execution,  -O2 
FAIL: objc/execute/class_self-1.m compilation,  -O3 -fomit-frame-pointer 
UNRESOLVED: objc/execute/class_self-1.m execution,  -O3 -fomit-frame-pointer 
FAIL: objc/execute/class_self-1.m compilation,  -O3 -g 
UNRESOLVED: objc/execute/class_self-1.m execution,  -O3 -g 
FAIL: objc/execute/class_self-1.m compilation,  -Os 
UNRESOLVED: objc/execute/class_self-1.m execution,  -Os 
FAIL: objc/execute/class_self-2.m compilation,  -O0 
UNRESOLVED: objc/execute/class_self-2.m execution,  -O0 
FAIL: objc/execute/class_self-2.m compilation,  -O1 
UNRESOLVED: objc/execute/class_self-2.m execution,  -O1 
FAIL: objc/execute/class_self-2.m compilation,  -O2 
UNRESOLVED: objc/execute/class_self-2.m execution,  -O2 
FAIL: objc/execute/class_self-2.m compilation,  -O3 -fomit-frame-pointer 
UNRESOLVED: objc/execute/class_self-2.m execution,  -O3 -fomit-frame-pointer 
FAIL: objc/execute/class_self-2.m compilation,  -O3 -g 
UNRESOLVED: objc/execute/class_self-2.m execution,  -O3 -g 
FAIL: objc/execute/class_self-2.m compilation,  -Os 
UNRESOLVED: objc/execute/class_self-2.m execution,  -Os 

		=== objc Summary ===

# of expected passes		1019
# of unexpected failures	12
# of expected failures		6
# of unresolved testcases	12
/mnt/gcc3.2/build/gcc/xgcc version 3.2 20020707 (experimental)

		=== treelang tests ===


Running target unix
FAIL: gcc 01 01 fail code=14. gcc 01 01 diff stderr failed rc=-1

		=== treelang Summary ===

# of unexpected failures	1
		=== libstdc++-v3 tests ===


Running target unix
XPASS: 22_locale/collate_byname.cc execution test
XPASS: 22_locale/collate_members_char.cc execution test
XPASS: 22_locale/collate_members_wchar_t.cc execution test
XPASS: 22_locale/ctype_is_char.cc execution test
XPASS: 22_locale/ctype_is_wchar_t.cc execution test
XPASS: 22_locale/members.cc execution test
XPASS: 22_locale/money_get_members_char.cc execution test
XPASS: 22_locale/money_get_members_wchar_t.cc execution test
XPASS: 22_locale/money_put_members_char.cc execution test
XPASS: 22_locale/money_put_members_wchar_t.cc execution test
XPASS: 22_locale/moneypunct_byname.cc execution test
XPASS: 22_locale/moneypunct_members_char.cc execution test
XPASS: 22_locale/moneypunct_members_wchar_t.cc execution test
XPASS: 22_locale/num_get_members_char.cc execution test
XPASS: 22_locale/num_get_members_wchar_t.cc execution test
XPASS: 22_locale/num_put_members_char.cc execution test
XPASS: 22_locale/num_put_members_wchar_t.cc execution test
XPASS: 22_locale/numpunct_byname.cc execution test
XPASS: 22_locale/numpunct_members_char.cc execution test
XPASS: 22_locale/numpunct_members_wchar_t.cc execution test
XPASS: 22_locale/time_get_members_char.cc execution test
XPASS: 22_locale/time_get_members_wchar_t.cc execution test
XPASS: 22_locale/time_put_members_char.cc execution test
XPASS: 22_locale/time_put_members_wchar_t.cc execution test
FAIL: 26_numerics/c99_classification_macros_c.cc (test for excess errors)

		=== libstdc++-v3 Summary ===

# of expected passes		403
# of unexpected failures	1
# of unexpected successes	24
# of expected failures		3

Compiler version: 3.2 20020707 (experimental) 
Platform: i686-pc-linux-gnu
configure flags: --host=i686-pc-linux-gnu --enable-shared --disable-nls --enable-threads=posix --enable-languages=c,c++,f77,objc,treelang


Index Nav: [Date Index] [Subject Index] [Author Index] [Thread Index]
Message Nav: [Date Prev] [Date Next] [Thread Prev] [Thread Next]