This is the mail archive of the gcc-testresults@gcc.gnu.org mailing list for the GCC project.


Index Nav: [Date Index] [Subject Index] [Author Index] [Thread Index]
Message Nav: [Date Prev] [Date Next] [Thread Prev] [Thread Next]
Other format: [Raw text]

Results for 3.2 20020703 (experimental) testsuite on sparcv9-sun-solaris2.8


LAST_UPDATED: Wed Jul  3 14:10:21 UTC 2002

Native configuration is sparcv9-sun-solaris2.8

		=== g++ tests ===


Running target unix
FAIL: g++.dg/bprob/bprob-1.C compilation,  -O0  -fbranch-probabilities
UNRESOLVED: g++.dg/bprob/bprob-1.C execution,    -O0  -fbranch-probabilities
FAIL: g++.dg/bprob/bprob-1.C compilation,  -O1  -fbranch-probabilities
UNRESOLVED: g++.dg/bprob/bprob-1.C execution,    -O1  -fbranch-probabilities
FAIL: g++.dg/bprob/bprob-1.C compilation,  -O2  -fbranch-probabilities
UNRESOLVED: g++.dg/bprob/bprob-1.C execution,    -O2  -fbranch-probabilities
FAIL: g++.dg/parse/stack1.C (test for excess errors)
FAIL: g++.dg/warn/Wunused-2.C  (test for warnings, line 5)
FAIL: g++.dg/special/conpr-2.C execution test
FAIL: g++.dg/special/conpr-3.C execution test
FAIL: g++.dg/special/initp1.C execution test

		=== g++ Summary ===

# of expected passes		7344
# of unexpected failures	8
# of expected failures		87
# of unresolved testcases	3
# of untested testcases		23
# of unsupported tests		3
/export/u3/lucier/programs/gcc/gcc-3.2/objdir-sparcv9/gcc/testsuite/../g++ version 3.2 20020703 (experimental)

		=== g77 tests ===


Running target unix
FAIL: g77.dg/bprob/bprob-1.f compilation,  -O0  -fbranch-probabilities
UNRESOLVED: g77.dg/bprob/bprob-1.f execution,    -O0  -fbranch-probabilities
FAIL: g77.f-torture/execute/6367.f execution,  -O0 
FAIL: g77.f-torture/execute/6367.f execution,  -O1 
FAIL: g77.f-torture/execute/6367.f execution,  -O2 
FAIL: g77.f-torture/execute/6367.f execution,  -O3 -fomit-frame-pointer 
FAIL: g77.f-torture/execute/6367.f execution,  -O3 -fomit-frame-pointer -funroll-loops 
FAIL: g77.f-torture/execute/6367.f execution,  -O3 -fomit-frame-pointer -funroll-all-loops -finline-functions 
FAIL: g77.f-torture/execute/6367.f execution,  -O3 -g 
FAIL: g77.f-torture/execute/6367.f execution,  -Os 

		=== g77 Summary ===

# of expected passes		1616
# of unexpected failures	9
# of unresolved testcases	1
# of unsupported tests		8
/export/u3/lucier/programs/gcc/gcc-3.2/objdir-sparcv9/gcc/testsuite/../g77 version 3.2 20020703 (experimental)

		=== gcc tests ===


Running target unix
XPASS: gcc.c-torture/execute/20020227-1.c execution,  -O0 
XPASS: gcc.c-torture/execute/20020227-1.c execution,  -O1 
FAIL: cmdlne-dM-M.c: #define line not printed
FAIL: gcc.dg/simd-1.c (test for excess errors)
UNRESOLVED: weak-1.c
UNRESOLVED: weak-2.c
UNRESOLVED: wkali-1.c
UNRESOLVED: wkali-2.c

		=== gcc Summary ===

# of expected passes		19179
# of unexpected failures	2
# of unexpected successes	2
# of expected failures		67
# of unresolved testcases	4
# of unsupported tests		123
/export/u3/lucier/programs/gcc/gcc-3.2/objdir-sparcv9/gcc/xgcc version 3.2 20020703 (experimental)

		=== objc tests ===


Running target unix
FAIL: objc/execute/class_self-1.m compilation,  -O0 
UNRESOLVED: objc/execute/class_self-1.m execution,  -O0 
FAIL: objc/execute/class_self-1.m compilation,  -O1 
UNRESOLVED: objc/execute/class_self-1.m execution,  -O1 
FAIL: objc/execute/class_self-1.m compilation,  -O2 
UNRESOLVED: objc/execute/class_self-1.m execution,  -O2 
FAIL: objc/execute/class_self-1.m compilation,  -O3 -fomit-frame-pointer 
UNRESOLVED: objc/execute/class_self-1.m execution,  -O3 -fomit-frame-pointer 
FAIL: objc/execute/class_self-1.m compilation,  -O3 -g 
UNRESOLVED: objc/execute/class_self-1.m execution,  -O3 -g 
FAIL: objc/execute/class_self-1.m compilation,  -Os 
UNRESOLVED: objc/execute/class_self-1.m execution,  -Os 
FAIL: objc/execute/class_self-2.m compilation,  -O0 
UNRESOLVED: objc/execute/class_self-2.m execution,  -O0 
FAIL: objc/execute/class_self-2.m compilation,  -O1 
UNRESOLVED: objc/execute/class_self-2.m execution,  -O1 
FAIL: objc/execute/class_self-2.m compilation,  -O2 
UNRESOLVED: objc/execute/class_self-2.m execution,  -O2 
FAIL: objc/execute/class_self-2.m compilation,  -O3 -fomit-frame-pointer 
UNRESOLVED: objc/execute/class_self-2.m execution,  -O3 -fomit-frame-pointer 
FAIL: objc/execute/class_self-2.m compilation,  -O3 -g 
UNRESOLVED: objc/execute/class_self-2.m execution,  -O3 -g 
FAIL: objc/execute/class_self-2.m compilation,  -Os 
UNRESOLVED: objc/execute/class_self-2.m execution,  -Os 

		=== objc Summary ===

# of expected passes		1019
# of unexpected failures	12
# of expected failures		6
# of unresolved testcases	12
/export/u3/lucier/programs/gcc/gcc-3.2/objdir-sparcv9/gcc/xgcc version 3.2 20020703 (experimental)

		=== libjava tests ===


Running target unix
FAIL: PR1343 compilation from bytecode
FAIL: PR1343 -O compilation from bytecode
FAIL: Array_3 compilation from bytecode
FAIL: Array_3 -O compilation from bytecode
FAIL: FileHandleGcTest execution - source compiled test
FAIL: FileHandleGcTest execution - bytecode->native test
FAIL: FileHandleGcTest -O execution - source compiled test
FAIL: FileHandleGcTest -O execution - bytecode->native test

		=== libjava Summary ===

# of expected passes		2185
# of unexpected failures	8
# of expected failures		14
# of untested testcases		16
		=== libstdc++-v3 tests ===


Running target unix
FAIL: 21_strings/capacity.cc execution test
XPASS: 22_locale/collate_members_wchar_t.cc execution test
XPASS: 22_locale/ctype_is_wchar_t.cc execution test
XPASS: 22_locale/money_get_members_wchar_t.cc execution test
XPASS: 22_locale/money_put_members_wchar_t.cc execution test
XPASS: 22_locale/moneypunct_members_wchar_t.cc execution test
XPASS: 22_locale/num_get_members_wchar_t.cc execution test
XPASS: 22_locale/num_put_members_wchar_t.cc execution test
XPASS: 22_locale/numpunct_members_wchar_t.cc execution test
XPASS: 22_locale/time_get_members_wchar_t.cc execution test
XPASS: 22_locale/time_put_members_wchar_t.cc execution test
FAIL: 27_io/istream_extractor_arith.cc execution test

		=== libstdc++-v3 Summary ===

# of expected passes		398
# of unexpected failures	2
# of unexpected successes	10
# of expected failures		16

Compiler version: 3.2 20020703 (experimental) 
Platform: sparcv9-sun-solaris2.8
configure flags: --host=sparcv9-sun-solaris2.8 --prefix=/home/c/lucier/local/gcc-test
Counting all warnings,
there are 89 warnings in stage3 of this bootstrap.

Number of warnings per file:
  19 gcc/combine.c
  16 gcc/gengtype-lex.c
  10 gcc/regclass.c
   4 gcc/unwind-dw2.c
   4 gcc/libgcc2.c
   3 gcc/unroll.c
   3 gcc/tracer.c
   3 gcc/optabs.c
   3 gcc/java/class.c
   2 gtype-desc.c
   2 gt-except.h
   2 gcc/java/lex.c
   2 gcc/gengtype.c
   2 gcc/gcc.c
   2 gcc/cp/decl.c
   2 /pkgs/gnu/share/bison.simple
   1 gt-integrate.h
   1 gcc/toplev.c
   1 gcc/simplify-rtx.c
   1 gcc/reload.c
   1 gcc/objc/objc-act.c
   1 gcc/java/jvspec.c
   1 gcc/function.c
   1 gcc/f/where.c
   1 gcc/cp/pt.c
   1 gcc/cp/lang-specs.h

Number of warning types:
  41 comparison between signed and unsigned
  23 traditional C rejects ISO C style function definitions
   7 cast from pointer to integer of different size
   4 \`???' might be used uninitialized in this function
   3 string length \`???' is greater than the length \`???' ISO C89 compilers are required to support
   2 signed and unsigned type in conditional expression
   2 missing braces around initializer
   2 implicit declaration of function \`???'
   2 (near initialization for \`???')
   1 traditional C rejects string concatenation
   1 pointer targets in passing arg ??? of \`???' differ in signedness
   1 comparison is always false due to limited range of data type


Index Nav: [Date Index] [Subject Index] [Author Index] [Thread Index]
Message Nav: [Date Prev] [Date Next] [Thread Prev] [Thread Next]