This is the mail archive of the gcc-testresults@gcc.gnu.org mailing list for the GCC project.


Index Nav: [Date Index] [Subject Index] [Author Index] [Thread Index]
Message Nav: [Date Prev] [Date Next] [Thread Prev] [Thread Next]
Other format: [Raw text]

Results for 3.1.1 20020701 (prerelease) testsuite on i686-pc-cygwin


Native configuration is i686-pc-cygwin

                === g++ tests ===


Running target unix
FAIL: g++.dg/ext/instantiate3.C scan-assembler-not
FAIL: g++.dg/special/conpr-1.C execution test
FAIL: g++.dg/special/conpr-2.C execution test
FAIL: g++.dg/special/conpr-3.C execution test
FAIL: g++.dg/special/conpr-3.C execution test
FAIL: g++.dg/special/initp1.C execution test
FAIL: g++.eh/badalloc1.C  Execution test
XPASS: g++.ext/attrib5.C  Execution test
XPASS: g++.jason/template18.C (test for excess errors)
XPASS: g++.jason/template18.C  Execution test
FAIL: g++.law/profile1.C (test for excess errors)

                === g++ Summary ===

# of expected passes            7174
# of unexpected failures        8
# of unexpected successes       3
# of expected failures          88
# of untested testcases         15
# of unsupported tests          3
/gcc-20020408/w2k/gcc/testsuite/../g++ version 3.1.1 20020701 (prerelease)

                === g77 tests ===


Running target unix
WARNING: program timed out.
ERROR: tcl error sourcing /gcc-20020408/gcc/testsuite/g77.dg/dg.exp.
ERROR: forked process couldn't set up input/output: bad file number

                === g77 Summary ===

# of expected passes            1404
/gcc-20020408/w2k/gcc/testsuite/../g77 version 3.1.1 20020701 (prerelease)

                === gcc tests ===


Running target unix
FAIL: gcc.c-torture/execute/20020307-2.c execution,  -O1
FAIL: gcc.c-torture/execute/20020307-2.c execution,  -O2
FAIL: gcc.c-torture/execute/20020307-2.c execution,  -O3 -fomit-frame-pointer
FAIL: gcc.c-torture/execute/20020307-2.c execution,  -O3 -fomit-frame-pointer 
-funroll-loops
FAIL: gcc.c-torture/execute/20020307-2.c execution,  -O3 -fomit-frame-pointer 
-funroll-all-loops -finline-functions
FAIL: gcc.c-torture/execute/20020307-2.c execution,  -O3 -g
ERROR: tcl error sourcing 
/gcc-20020408/gcc/testsuite/gcc.c-torture/execute/execute.exp.
ERROR: expected boolean value but got ""
ERROR: tcl error sourcing /gcc-20020408/gcc/testsuite/gcc.dg/dg.exp.
ERROR: forked process couldn't set up input/output: bad file number

                === gcc Summary ===

# of expected passes            16823
# of unexpected failures        6
# of expected failures          42
# of unsupported tests          28
/gcc-20020408/w2k/gcc/xgcc version 3.1.1 20020701 (prerelease)

                === objc tests ===


Running target unix

                === objc Summary ===

# of expected passes            1035
# of expected failures          6
/gcc-20020408/w2k/gcc/xgcc version 3.1.1 20020701 (prerelease)

                === libstdc++-v3 tests ===


Running target unix
XPASS: 22_locale/collate_members_wchar_t.cc execution test
XPASS: 22_locale/ctype_is_wchar_t.cc execution test
XPASS: 22_locale/money_get_members_wchar_t.cc execution test
XPASS: 22_locale/money_put_members_wchar_t.cc execution test
XPASS: 22_locale/moneypunct_members_wchar_t.cc execution test
XPASS: 22_locale/num_get_members_wchar_t.cc execution test
XPASS: 22_locale/num_put_members_wchar_t.cc execution test
XPASS: 22_locale/numpunct_members_wchar_t.cc execution test
XPASS: 22_locale/time_get_members_wchar_t.cc execution test
XPASS: 22_locale/time_put_members_wchar_t.cc execution test
FAIL: 27_io/filebuf_members.cc execution test
FAIL: 27_io/ios_base_storage.cc execution test

                === libstdc++-v3 Summary ===

# of expected passes            394
# of unexpected failures        2
# of unexpected successes       10
# of expected failures          16

Compiler version: 3.1.1 20020701 (prerelease)
Platform: i686-pc-cygwin
configure flags: --host=i686-pc-cygwin --enable-threads=posix 
--enable-sjlj-exceptions --disable-shared
E
-- 
Tim Prince


Index Nav: [Date Index] [Subject Index] [Author Index] [Thread Index]
Message Nav: [Date Prev] [Date Next] [Thread Prev] [Thread Next]