This is the mail archive of the gcc-testresults@gcc.gnu.org mailing list for the GCC project.


Index Nav: [Date Index] [Subject Index] [Author Index] [Thread Index]
Message Nav: [Date Prev] [Date Next] [Thread Prev] [Thread Next]
Other format: [Raw text]

Results for 3.2 20020531 (experimental) testsuite on sparcv9-sun-solaris2.8


LAST_UPDATED: Fri May 31 17:12:09 UTC 2002

Native configuration is sparcv9-sun-solaris2.8

		=== g++ tests ===


Running target unix
FAIL: g++.dg/parse/stack1.C (test for excess errors)
FAIL: g++.dg/template/typename2.C (test for excess errors)
FAIL: g++.dg/warn/Wunused-2.C  (test for warnings, line 5)
FAIL: g++.dg/special/conpr-2.C execution test
FAIL: g++.dg/special/conpr-3.C execution test
FAIL: g++.dg/special/initp1.C execution test

		=== g++ Summary ===

# of expected passes		7327
# of unexpected failures	6
# of expected failures		87
# of untested testcases		23
# of unsupported tests		3
/export/u3/lucier/programs/gcc/gcc-3.2/objdir-sparcv9/gcc/testsuite/../g++ version 3.2 20020531 (experimental)

		=== g77 tests ===


Running target unix
FAIL: g77.dg/bprob/bprob-1.f compilation,  -O0  -fbranch-probabilities
UNRESOLVED: g77.dg/bprob/bprob-1.f execution,    -O0  -fbranch-probabilities
FAIL: g77.dg/bprob/bprob-1.f execution: file bprob-1.da does not exist,  -O1  -fprofile-arcs
UNRESOLVED: g77.dg/bprob/bprob-1.f compilation,  -O1  -fbranch-probabilities
UNRESOLVED: g77.dg/bprob/bprob-1.f execution,    -O1  -fbranch-probabilities
FAIL: g77.dg/bprob/bprob-1.f compilation,  -O3 -g  -fbranch-probabilities
UNRESOLVED: g77.dg/bprob/bprob-1.f execution,    -O3 -g  -fbranch-probabilities
FAIL: g77.f-torture/execute/6367.f execution,  -O0 
FAIL: g77.f-torture/execute/6367.f execution,  -O1 
FAIL: g77.f-torture/execute/6367.f execution,  -O2 
FAIL: g77.f-torture/execute/6367.f execution,  -O3 -fomit-frame-pointer 
FAIL: g77.f-torture/execute/6367.f execution,  -O3 -fomit-frame-pointer -funroll-loops 
FAIL: g77.f-torture/execute/6367.f execution,  -O3 -fomit-frame-pointer -funroll-all-loops -finline-functions 
FAIL: g77.f-torture/execute/6367.f execution,  -O3 -g 
FAIL: g77.f-torture/execute/6367.f execution,  -Os 

		=== g77 Summary ===

# of expected passes		1611
# of unexpected failures	11
# of unresolved testcases	4
# of unsupported tests		8
/export/u3/lucier/programs/gcc/gcc-3.2/objdir-sparcv9/gcc/testsuite/../g77 version 3.2 20020531 (experimental)

		=== gcc tests ===


Running target unix
XPASS: gcc.c-torture/execute/20020227-1.c execution,  -O0 
XPASS: gcc.c-torture/execute/20020227-1.c execution,  -O1 
FAIL: gcc.c-torture/execute/pure-1.c compilation,  -O1 
UNRESOLVED: gcc.c-torture/execute/pure-1.c execution,  -O1 
FAIL: gcc.c-torture/execute/pure-1.c compilation,  -O2 
UNRESOLVED: gcc.c-torture/execute/pure-1.c execution,  -O2 
FAIL: gcc.c-torture/execute/pure-1.c compilation,  -O3 -fomit-frame-pointer 
UNRESOLVED: gcc.c-torture/execute/pure-1.c execution,  -O3 -fomit-frame-pointer 
FAIL: gcc.c-torture/execute/pure-1.c compilation,  -O3 -g 
UNRESOLVED: gcc.c-torture/execute/pure-1.c execution,  -O3 -g 
FAIL: gcc.c-torture/execute/pure-1.c compilation,  -Os 
UNRESOLVED: gcc.c-torture/execute/pure-1.c execution,  -Os 
FAIL: cmdlne-dM-M.c: #define line not printed
XPASS: gcc.dg/c99-intconst-1.c (test for excess errors)
UNRESOLVED: weak-1.c
UNRESOLVED: weak-2.c
UNRESOLVED: wkali-1.c
UNRESOLVED: wkali-2.c

		=== gcc Summary ===

# of expected passes		18824
# of unexpected failures	6
# of unexpected successes	3
# of expected failures		69
# of unresolved testcases	9
# of unsupported tests		114
/export/u3/lucier/programs/gcc/gcc-3.2/objdir-sparcv9/gcc/xgcc version 3.2 20020531 (experimental)

		=== objc tests ===


Running target unix

		=== objc Summary ===

# of expected passes		1035
# of expected failures		6
/export/u3/lucier/programs/gcc/gcc-3.2/objdir-sparcv9/gcc/xgcc version 3.2 20020531 (experimental)

		=== libjava tests ===


Running target unix
FAIL: FileHandleGcTest execution from source compiled test
FAIL: FileHandleGcTest execution from bytecode->native test
FAIL: FileHandleGcTest -O execution from source compiled test
FAIL: FileHandleGcTest -O execution from bytecode->native test

		=== libjava Summary ===

# of expected passes		2157
# of unexpected failures	4
# of expected failures		18
# of untested testcases		18
		=== libstdc++-v3 tests ===


Running target unix
FAIL: 21_strings/capacity.cc execution test
XPASS: 22_locale/collate_members_wchar_t.cc execution test
XPASS: 22_locale/ctype_is_wchar_t.cc execution test
XPASS: 22_locale/money_get_members_wchar_t.cc execution test
XPASS: 22_locale/money_put_members_wchar_t.cc execution test
XPASS: 22_locale/moneypunct_members_wchar_t.cc execution test
XPASS: 22_locale/num_get_members_wchar_t.cc execution test
XPASS: 22_locale/num_put_members_wchar_t.cc execution test
XPASS: 22_locale/numpunct_members_wchar_t.cc execution test
XPASS: 22_locale/time_get_members_wchar_t.cc execution test
XPASS: 22_locale/time_put_members_wchar_t.cc execution test
FAIL: 27_io/istream_extractor_arith.cc execution test

		=== libstdc++-v3 Summary ===

# of expected passes		394
# of unexpected failures	2
# of unexpected successes	10
# of expected failures		16

Compiler version: 3.2 20020531 (experimental) 
Platform: sparcv9-sun-solaris2.8
configure flags: --host=sparcv9-sun-solaris2.8 --prefix=/home/c/lucier/local/gcc-test
Counting all warnings,
there are 67 warnings in stage3 of this bootstrap.

Number of warnings per file:
  18 gcc/combine.c
  10 gcc/regclass.c
   8 gcc/gcc.c
   4 gcc/unwind-dw2.c
   4 gcc/libgcc2.c
   4 gcc/java/lex.c
   4 gcc/cppexp.c
   3 gcc/unroll.c
   2 gcc/java/javaop.def
   1 gcc/varasm.c
   1 gcc/tree.c
   1 gcc/reload.c
   1 gcc/java/jvspec.c
   1 gcc/genautomata.c
   1 gcc/f/where.c
   1 gcc/cpptrad.c
   1 gcc/cp/pt.c
   1 gcc/cp/lang-specs.h
   1 gcc/cfgrtl.c

Number of warning types:
  30 comparison between signed and unsigned
   8 string length \`???' is greater than the length \`???' ISO C89 compilers are required to support
   7 \`???' might be used uninitialized in this function
   4 field precision is not type int (arg ???)
   2 traditional C rejects string concatenation
   2 operation on \`???' may be undefined
   2 missing braces around initializer
   2 implicit declaration of function \`???'
   2 comparison is always true due to limited range of data type
   2 (near initialization for \`???')
   1 signed and unsigned type in conditional expression
   1 pointer targets in passing arg ??? of \`???' differ in signedness
   1 function declaration isn't a prototype
   1 comparison is always false due to limited range of data type
   1 cast from pointer to integer of different size
   1 \`???' defined but not used


Index Nav: [Date Index] [Subject Index] [Author Index] [Thread Index]
Message Nav: [Date Prev] [Date Next] [Thread Prev] [Thread Next]