This is the mail archive of the
gcc-testresults@gcc.gnu.org
mailing list for the GCC project.
Results for 3.2 20020531 (experimental) testsuite on i686-pc-linux-gnu
- From: Gordon Sadler <gbsadler1 at lcisp dot com>
- To: gcc-testresults at gcc dot gnu dot org
- Date: Fri, 31 May 2002 08:50:06 -0500
- Subject: Results for 3.2 20020531 (experimental) testsuite on i686-pc-linux-gnu
LAST_UPDATED: Fri May 31 08:47:00 UTC 2002
Native configuration is i686-pc-linux-gnu
=== g++ tests ===
Running target unix
FAIL: g++.dg/template/typename2.C (test for excess errors)
FAIL: g++.dg/warn/Wunused-2.C (test for warnings, line 5)
=== g++ Summary ===
# of expected passes 7349
# of unexpected failures 2
# of expected failures 87
# of untested testcases 9
# of unsupported tests 3
/usr/local/src/build/gcc/gcc/testsuite/../g++ version 3.2 20020531 (experimental)
=== g77 tests ===
Running target unix
FAIL: g77.f-torture/execute/6367.f execution, -O0
FAIL: g77.f-torture/execute/6367.f execution, -O1
FAIL: g77.f-torture/execute/6367.f execution, -O2
FAIL: g77.f-torture/execute/6367.f execution, -O3 -fomit-frame-pointer
FAIL: g77.f-torture/execute/6367.f execution, -O3 -fomit-frame-pointer -funroll-loops
FAIL: g77.f-torture/execute/6367.f execution, -O3 -fomit-frame-pointer -funroll-all-loops -finline-functions
FAIL: g77.f-torture/execute/6367.f execution, -O3 -g
FAIL: g77.f-torture/execute/6367.f execution, -Os
=== g77 Summary ===
# of expected passes 1634
# of unexpected failures 8
/usr/local/src/build/gcc/gcc/testsuite/../g77 version 3.2 20020531 (experimental)
=== gcc tests ===
Running target unix
FAIL: gcc.c-torture/execute/20020402-1.c execution, -Os
FAIL: gcc.c-torture/execute/20020412-1.c execution, -O1
FAIL: gcc.c-torture/execute/20020412-1.c execution, -O2
FAIL: gcc.c-torture/execute/20020412-1.c execution, -O3 -fomit-frame-pointer
FAIL: gcc.c-torture/execute/20020412-1.c execution, -O3 -fomit-frame-pointer -funroll-loops
FAIL: gcc.c-torture/execute/20020412-1.c execution, -O3 -fomit-frame-pointer -funroll-all-loops -finline-functions
FAIL: gcc.c-torture/execute/20020412-1.c execution, -O3 -g
XPASS: gcc.c-torture/execute/loop-3c.c execution, -Os
FAIL: gcc.c-torture/execute/pure-1.c compilation, -O1
UNRESOLVED: gcc.c-torture/execute/pure-1.c execution, -O1
FAIL: gcc.c-torture/execute/pure-1.c compilation, -O2
UNRESOLVED: gcc.c-torture/execute/pure-1.c execution, -O2
FAIL: gcc.c-torture/execute/pure-1.c compilation, -O3 -fomit-frame-pointer
UNRESOLVED: gcc.c-torture/execute/pure-1.c execution, -O3 -fomit-frame-pointer
FAIL: gcc.c-torture/execute/pure-1.c compilation, -O3 -g
UNRESOLVED: gcc.c-torture/execute/pure-1.c execution, -O3 -g
FAIL: gcc.c-torture/execute/pure-1.c compilation, -Os
UNRESOLVED: gcc.c-torture/execute/pure-1.c execution, -Os
FAIL: cmdlne-dM-M.c: #define line not printed
FAIL: gcc.dg/sequence-pt-1.c sequence point warning (test for warnings, line 66)
FAIL: gcc.dg/sequence-pt-1.c (test for excess errors)
=== gcc Summary ===
# of expected passes 18977
# of unexpected failures 15
# of unexpected successes 1
# of expected failures 63
# of unresolved testcases 5
# of unsupported tests 50
/usr/local/src/build/gcc/gcc/xgcc version 3.2 20020531 (experimental)
=== objc tests ===
Running target unix
=== objc Summary ===
# of expected passes 1035
# of expected failures 6
/usr/local/src/build/gcc/gcc/xgcc version 3.2 20020531 (experimental)
=== libjava tests ===
Running target unix
FAIL: T20020529 -O compilation from source
FAIL: T20020529 -O compilation from bytecode
FAIL: calls run
FAIL: field run
FAIL: final_method run
FAIL: findclass run
FAIL: invoke run
FAIL: martin run
FAIL: noclass run
FAIL: overload run
FAIL: register run
FAIL: simple_int run
FAIL: throwit run
FAIL: virtual run
WARNING: program timed out.
FAIL: cxxtest run
=== libjava Summary ===
# of expected passes 2150
# of unexpected failures 15
# of expected failures 18
# of untested testcases 27
=== libstdc++-v3 tests ===
Running target unix
XPASS: 22_locale/ctype_is_wchar_t.cc execution test
FAIL: 26_numerics/c99_classification_macros_c.cc (test for excess errors)
=== libstdc++-v3 Summary ===
# of expected passes 395
# of unexpected failures 1
# of unexpected successes 1
# of expected failures 25
Compiler version: 3.2 20020531 (experimental)
Platform: i686-pc-linux-gnu
configure flags: --host=i686-pc-linux-gnu --verbose --enable-threads=posix --with-system-zlib --enable-shared --disable-nls --enable-checking
Counting all warnings,
there are 66 warnings in stage3 of this bootstrap.
Number of warnings per file:
23 gcc/combine.c
10 gcc/regclass.c
4 gcc/java/lex.c
3 gcc/unroll.c
3 gcc/gcc.c
3 /usr/share/bison/bison.simple
2 gcc/real.c
2 gcc/java/javaop.def
2 gcc/crtstuff.c
1 gcc/varasm.c
1 gcc/tree.c
1 gcc/reload.c
1 gcc/lcm.c
1 gcc/java/jvspec.c
1 gcc/gengenrtl.c
1 gcc/genautomata.c
1 gcc/function.c
1 gcc/f/where.c
1 gcc/cpptrad.c
1 gcc/cp/lang-specs.h
1 gcc/cfgrtl.c
1 gcc/ada/tracebak.c
1 ada/b_gnatb.c
Number of warning types:
35 comparison between signed and unsigned
5 string length \`???' is greater than the length \`???' ISO C89 compilers are required to support
5 \`???' might be used uninitialized in this function
5 \`???' defined but not used
3 label \`???' defined but not used
2 unused variable \`???'
2 signed and unsigned type in conditional expression
2 operation on \`???' may be undefined
2 comparison is always true due to limited range of data type
1 pointer targets in passing arg ??? of \`???' differ in signedness
1 function declaration isn't a prototype
1 control reaches end of non-void function
1 comparison of unsigned expression < 0 is always false
1 comparison is always false due to limited range of data type