This is the mail archive of the gcc-testresults@gcc.gnu.org mailing list for the GCC project.


Index Nav: [Date Index] [Subject Index] [Author Index] [Thread Index]
Message Nav: [Date Prev] [Date Next] [Thread Prev] [Thread Next]
Other format: [Raw text]

Results for 3.2 20020530 (experimental) testsuite on sparc-sun-solaris2.7


LAST_UPDATED: 
Native configuration is sparc-sun-solaris2.7

		=== g77 tests ===


Running target unix
FAIL: g77.f-torture/execute/6367.f execution,  -O0 
FAIL: g77.f-torture/execute/6367.f execution,  -O1 
FAIL: g77.f-torture/execute/6367.f execution,  -O2 
FAIL: g77.f-torture/execute/6367.f execution,  -O3 -fomit-frame-pointer 
FAIL: g77.f-torture/execute/6367.f execution,  -O3 -fomit-frame-pointer -funroll-loops 
FAIL: g77.f-torture/execute/6367.f execution,  -O3 -fomit-frame-pointer -funroll-all-loops -finline-functions 
FAIL: g77.f-torture/execute/6367.f execution,  -O3 -g 
FAIL: g77.f-torture/execute/6367.f execution,  -Os 

		=== g77 Summary ===

# of expected passes		1618
# of unexpected failures	8
# of unsupported tests		8
/tmp/kg/build/gcc/testsuite/../g77 version 3.2 20020530 (experimental)

		=== gcc tests ===


Running target unix
FAIL: gcc.c-torture/execute/pure-1.c compilation,  -O1 
UNRESOLVED: gcc.c-torture/execute/pure-1.c execution,  -O1 
FAIL: gcc.c-torture/execute/pure-1.c compilation,  -O2 
UNRESOLVED: gcc.c-torture/execute/pure-1.c execution,  -O2 
FAIL: gcc.c-torture/execute/pure-1.c compilation,  -O3 -fomit-frame-pointer 
UNRESOLVED: gcc.c-torture/execute/pure-1.c execution,  -O3 -fomit-frame-pointer 
FAIL: gcc.c-torture/execute/pure-1.c compilation,  -O3 -g 
UNRESOLVED: gcc.c-torture/execute/pure-1.c execution,  -O3 -g 
FAIL: gcc.c-torture/execute/pure-1.c compilation,  -Os 
UNRESOLVED: gcc.c-torture/execute/pure-1.c execution,  -Os 
FAIL: cmdlne-dM-M.c: #define line not printed
UNRESOLVED: weak-1.c
UNRESOLVED: weak-2.c
UNRESOLVED: wkali-1.c
UNRESOLVED: wkali-2.c

		=== gcc Summary ===

# of expected passes		18826
# of unexpected failures	6
# of expected failures		66
# of unresolved testcases	9
# of unsupported tests		116
/tmp/kg/build/gcc/xgcc version 3.2 20020530 (experimental)


Compiler version: 3.2 20020530 (experimental) 
Platform: sparc-sun-solaris2.7
configure flags: --host=sparc-sun-solaris2.7 --verbose --disable-multilib --disable-nls --disable-checking --enable-languages=c,f77


Index Nav: [Date Index] [Subject Index] [Author Index] [Thread Index]
Message Nav: [Date Prev] [Date Next] [Thread Prev] [Thread Next]