This is the mail archive of the gcc-testresults@gcc.gnu.org mailing list for the GCC project.


Index Nav: [Date Index] [Subject Index] [Author Index] [Thread Index]
Message Nav: [Date Prev] [Date Next] [Thread Prev] [Thread Next]
Other format: [Raw text]

Results for 3.2 20020530 (experimental) testsuite on i386-unknown-freebsd5.0


Using make with objdir configuration on ref5 (see key)

Bootstrap failed in libiberty; thus partial report
LAST_UPDATED: Thu May 30 20:54:12 GMT 2002

Native configuration is i386-unknown-freebsd5.0

		=== g++ tests ===


Running target unix/-pthread
FAIL: g++.dg/abi/vbase8-10.C (test for excess errors)
WARNING: g++.dg/abi/vbase8-10.C compilation failed to produce executable
FAIL: g++.dg/template/typename2.C (test for excess errors)
FAIL: g++.dg/warn/Wunused-2.C  (test for warnings, line 5)
FAIL: g++.eh/badalloc1.C  Execution test
FAIL: g++.eh/catch5p.C  Execution test
FAIL: g++.jason/pmf7.C  Execution test
FAIL: g++.jason/template26.C  Execution test
FAIL: g++.law/profile1.C (test for excess errors)

		=== g++ Summary ===

# of expected passes		7338
# of unexpected failures	8
# of expected failures		88
# of untested testcases		12
# of unsupported tests		3
/local0/scratch/ljrittle/gcc-build-ref5-0530/gcc/testsuite/../g++ version 3.2 20020530 (experimental)

		=== g77 tests ===


Running target unix/-pthread
FAIL: g77.dg/bprob/bprob-1.f compilation,  -g  -fprofile-arcs
UNRESOLVED: g77.dg/bprob/bprob-1.f execution,    -g  -fprofile-arcs
UNRESOLVED: g77.dg/bprob/bprob-1.f compilation,  -g  -fbranch-probabilities
UNRESOLVED: g77.dg/bprob/bprob-1.f execution,    -g  -fbranch-probabilities
FAIL: g77.dg/bprob/bprob-1.f compilation,  -O0  -fprofile-arcs
UNRESOLVED: g77.dg/bprob/bprob-1.f execution,    -O0  -fprofile-arcs
UNRESOLVED: g77.dg/bprob/bprob-1.f compilation,  -O0  -fbranch-probabilities
UNRESOLVED: g77.dg/bprob/bprob-1.f execution,    -O0  -fbranch-probabilities
FAIL: g77.dg/bprob/bprob-1.f compilation,  -O1  -fprofile-arcs
UNRESOLVED: g77.dg/bprob/bprob-1.f execution,    -O1  -fprofile-arcs
UNRESOLVED: g77.dg/bprob/bprob-1.f compilation,  -O1  -fbranch-probabilities
UNRESOLVED: g77.dg/bprob/bprob-1.f execution,    -O1  -fbranch-probabilities
FAIL: g77.dg/bprob/bprob-1.f compilation,  -O2  -fprofile-arcs
UNRESOLVED: g77.dg/bprob/bprob-1.f execution,    -O2  -fprofile-arcs
UNRESOLVED: g77.dg/bprob/bprob-1.f compilation,  -O2  -fbranch-probabilities
UNRESOLVED: g77.dg/bprob/bprob-1.f execution,    -O2  -fbranch-probabilities
FAIL: g77.dg/bprob/bprob-1.f compilation,  -O3  -fprofile-arcs
UNRESOLVED: g77.dg/bprob/bprob-1.f execution,    -O3  -fprofile-arcs
UNRESOLVED: g77.dg/bprob/bprob-1.f compilation,  -O3  -fbranch-probabilities
UNRESOLVED: g77.dg/bprob/bprob-1.f execution,    -O3  -fbranch-probabilities
FAIL: g77.dg/bprob/bprob-1.f compilation,  -O3 -g  -fprofile-arcs
UNRESOLVED: g77.dg/bprob/bprob-1.f execution,    -O3 -g  -fprofile-arcs
UNRESOLVED: g77.dg/bprob/bprob-1.f compilation,  -O3 -g  -fbranch-probabilities
UNRESOLVED: g77.dg/bprob/bprob-1.f execution,    -O3 -g  -fbranch-probabilities
FAIL: g77.dg/bprob/bprob-1.f compilation,  -Os  -fprofile-arcs
UNRESOLVED: g77.dg/bprob/bprob-1.f execution,    -Os  -fprofile-arcs
UNRESOLVED: g77.dg/bprob/bprob-1.f compilation,  -Os  -fbranch-probabilities
UNRESOLVED: g77.dg/bprob/bprob-1.f execution,    -Os  -fbranch-probabilities
FAIL: g77.dg/f77-edit-apostrophe-out.f (test for excess errors)
WARNING: g77.dg/f77-edit-apostrophe-out.f compilation failed to produce executable
FAIL: g77.dg/f77-edit-apostrophe-out.f (test for excess errors)
WARNING: g77.dg/f77-edit-apostrophe-out.f compilation failed to produce executable
FAIL: g77.dg/f77-edit-apostrophe-out.f (test for excess errors)
WARNING: g77.dg/f77-edit-apostrophe-out.f compilation failed to produce executable
FAIL: g77.dg/f77-edit-apostrophe-out.f (test for excess errors)
WARNING: g77.dg/f77-edit-apostrophe-out.f compilation failed to produce executable
FAIL: g77.dg/f77-edit-apostrophe-out.f (test for excess errors)
WARNING: g77.dg/f77-edit-apostrophe-out.f compilation failed to produce executable
FAIL: g77.dg/f77-edit-apostrophe-out.f (test for excess errors)
WARNING: g77.dg/f77-edit-apostrophe-out.f compilation failed to produce executable
FAIL: g77.dg/f77-edit-colon-out.f (test for excess errors)
WARNING: g77.dg/f77-edit-colon-out.f compilation failed to produce executable
FAIL: g77.dg/f77-edit-colon-out.f (test for excess errors)
WARNING: g77.dg/f77-edit-colon-out.f compilation failed to produce executable
FAIL: g77.dg/f77-edit-colon-out.f (test for excess errors)
WARNING: g77.dg/f77-edit-colon-out.f compilation failed to produce executable
FAIL: g77.dg/f77-edit-colon-out.f (test for excess errors)
WARNING: g77.dg/f77-edit-colon-out.f compilation failed to produce executable
FAIL: g77.dg/f77-edit-colon-out.f (test for excess errors)
WARNING: g77.dg/f77-edit-colon-out.f compilation failed to produce executable
FAIL: g77.dg/f77-edit-colon-out.f (test for excess errors)
WARNING: g77.dg/f77-edit-colon-out.f compilation failed to produce executable
FAIL: g77.dg/f77-edit-h-out.f (test for excess errors)
WARNING: g77.dg/f77-edit-h-out.f compilation failed to produce executable
FAIL: g77.dg/f77-edit-h-out.f (test for excess errors)
WARNING: g77.dg/f77-edit-h-out.f compilation failed to produce executable
FAIL: g77.dg/f77-edit-h-out.f (test for excess errors)
WARNING: g77.dg/f77-edit-h-out.f compilation failed to produce executable
FAIL: g77.dg/f77-edit-h-out.f (test for excess errors)
WARNING: g77.dg/f77-edit-h-out.f compilation failed to produce executable
FAIL: g77.dg/f77-edit-h-out.f (test for excess errors)
WARNING: g77.dg/f77-edit-h-out.f compilation failed to produce executable
FAIL: g77.dg/f77-edit-h-out.f (test for excess errors)
WARNING: g77.dg/f77-edit-h-out.f compilation failed to produce executable
FAIL: g77.dg/f77-edit-i-in.f (test for excess errors)
WARNING: g77.dg/f77-edit-i-in.f compilation failed to produce executable
FAIL: g77.dg/f77-edit-i-in.f (test for excess errors)
WARNING: g77.dg/f77-edit-i-in.f compilation failed to produce executable
FAIL: g77.dg/f77-edit-i-in.f (test for excess errors)
WARNING: g77.dg/f77-edit-i-in.f compilation failed to produce executable
FAIL: g77.dg/f77-edit-i-in.f (test for excess errors)
WARNING: g77.dg/f77-edit-i-in.f compilation failed to produce executable
FAIL: g77.dg/f77-edit-i-in.f (test for excess errors)
WARNING: g77.dg/f77-edit-i-in.f compilation failed to produce executable
FAIL: g77.dg/f77-edit-i-in.f (test for excess errors)
WARNING: g77.dg/f77-edit-i-in.f compilation failed to produce executable
FAIL: g77.dg/f77-edit-i-out.f (test for excess errors)
WARNING: g77.dg/f77-edit-i-out.f compilation failed to produce executable
FAIL: g77.dg/f77-edit-i-out.f (test for excess errors)
WARNING: g77.dg/f77-edit-i-out.f compilation failed to produce executable
FAIL: g77.dg/f77-edit-i-out.f (test for excess errors)
WARNING: g77.dg/f77-edit-i-out.f compilation failed to produce executable
FAIL: g77.dg/f77-edit-i-out.f (test for excess errors)
WARNING: g77.dg/f77-edit-i-out.f compilation failed to produce executable
FAIL: g77.dg/f77-edit-i-out.f (test for excess errors)
WARNING: g77.dg/f77-edit-i-out.f compilation failed to produce executable
FAIL: g77.dg/f77-edit-i-out.f (test for excess errors)
WARNING: g77.dg/f77-edit-i-out.f compilation failed to produce executable
FAIL: g77.dg/f77-edit-s-out.f (test for excess errors)
WARNING: g77.dg/f77-edit-s-out.f compilation failed to produce executable
FAIL: g77.dg/f77-edit-s-out.f (test for excess errors)
WARNING: g77.dg/f77-edit-s-out.f compilation failed to produce executable
FAIL: g77.dg/f77-edit-s-out.f (test for excess errors)
WARNING: g77.dg/f77-edit-s-out.f compilation failed to produce executable
FAIL: g77.dg/f77-edit-s-out.f (test for excess errors)
WARNING: g77.dg/f77-edit-s-out.f compilation failed to produce executable
FAIL: g77.dg/f77-edit-s-out.f (test for excess errors)
WARNING: g77.dg/f77-edit-s-out.f compilation failed to produce executable
FAIL: g77.dg/f77-edit-s-out.f (test for excess errors)
WARNING: g77.dg/f77-edit-s-out.f compilation failed to produce executable
FAIL: g77.dg/f77-edit-slash-out.f (test for excess errors)
WARNING: g77.dg/f77-edit-slash-out.f compilation failed to produce executable
FAIL: g77.dg/f77-edit-slash-out.f (test for excess errors)
WARNING: g77.dg/f77-edit-slash-out.f compilation failed to produce executable
FAIL: g77.dg/f77-edit-slash-out.f (test for excess errors)
WARNING: g77.dg/f77-edit-slash-out.f compilation failed to produce executable
FAIL: g77.dg/f77-edit-slash-out.f (test for excess errors)
WARNING: g77.dg/f77-edit-slash-out.f compilation failed to produce executable
FAIL: g77.dg/f77-edit-slash-out.f (test for excess errors)
WARNING: g77.dg/f77-edit-slash-out.f compilation failed to produce executable
FAIL: g77.dg/f77-edit-slash-out.f (test for excess errors)
WARNING: g77.dg/f77-edit-slash-out.f compilation failed to produce executable
FAIL: g77.dg/f77-edit-t-in.f (test for excess errors)
WARNING: g77.dg/f77-edit-t-in.f compilation failed to produce executable
FAIL: g77.dg/f77-edit-t-in.f (test for excess errors)
WARNING: g77.dg/f77-edit-t-in.f compilation failed to produce executable
FAIL: g77.dg/f77-edit-t-in.f (test for excess errors)
WARNING: g77.dg/f77-edit-t-in.f compilation failed to produce executable
FAIL: g77.dg/f77-edit-t-in.f (test for excess errors)
WARNING: g77.dg/f77-edit-t-in.f compilation failed to produce executable
FAIL: g77.dg/f77-edit-t-in.f (test for excess errors)
WARNING: g77.dg/f77-edit-t-in.f compilation failed to produce executable
FAIL: g77.dg/f77-edit-t-in.f (test for excess errors)
WARNING: g77.dg/f77-edit-t-in.f compilation failed to produce executable
FAIL: g77.dg/f77-edit-t-out.f (test for excess errors)
WARNING: g77.dg/f77-edit-t-out.f compilation failed to produce executable
FAIL: g77.dg/f77-edit-t-out.f (test for excess errors)
WARNING: g77.dg/f77-edit-t-out.f compilation failed to produce executable
FAIL: g77.dg/f77-edit-t-out.f (test for excess errors)
WARNING: g77.dg/f77-edit-t-out.f compilation failed to produce executable
FAIL: g77.dg/f77-edit-t-out.f (test for excess errors)
WARNING: g77.dg/f77-edit-t-out.f compilation failed to produce executable
FAIL: g77.dg/f77-edit-t-out.f (test for excess errors)
WARNING: g77.dg/f77-edit-t-out.f compilation failed to produce executable
FAIL: g77.dg/f77-edit-t-out.f (test for excess errors)
WARNING: g77.dg/f77-edit-t-out.f compilation failed to produce executable
FAIL: g77.dg/f77-edit-x-out.f (test for excess errors)
WARNING: g77.dg/f77-edit-x-out.f compilation failed to produce executable
FAIL: g77.dg/f77-edit-x-out.f (test for excess errors)
WARNING: g77.dg/f77-edit-x-out.f compilation failed to produce executable
FAIL: g77.dg/f77-edit-x-out.f (test for excess errors)
WARNING: g77.dg/f77-edit-x-out.f compilation failed to produce executable
FAIL: g77.dg/f77-edit-x-out.f (test for excess errors)
WARNING: g77.dg/f77-edit-x-out.f compilation failed to produce executable
FAIL: g77.dg/f77-edit-x-out.f (test for excess errors)
WARNING: g77.dg/f77-edit-x-out.f compilation failed to produce executable
FAIL: g77.dg/f77-edit-x-out.f (test for excess errors)
WARNING: g77.dg/f77-edit-x-out.f compilation failed to produce executable
FAIL: g77.dg/fbackslash.f (test for excess errors)
WARNING: g77.dg/fbackslash.f compilation failed to produce executable
FAIL: g77.dg/fbackslash.f (test for excess errors)
WARNING: g77.dg/fbackslash.f compilation failed to produce executable
FAIL: g77.dg/fbackslash.f (test for excess errors)
WARNING: g77.dg/fbackslash.f compilation failed to produce executable
FAIL: g77.dg/fbackslash.f (test for excess errors)
WARNING: g77.dg/fbackslash.f compilation failed to produce executable
FAIL: g77.dg/fbackslash.f (test for excess errors)
WARNING: g77.dg/fbackslash.f compilation failed to produce executable
FAIL: g77.dg/fbackslash.f (test for excess errors)
WARNING: g77.dg/fbackslash.f compilation failed to produce executable
FAIL: g77.dg/fcase-preserve.f (test for excess errors)
WARNING: g77.dg/fcase-preserve.f compilation failed to produce executable
FAIL: g77.dg/fcase-preserve.f (test for excess errors)
WARNING: g77.dg/fcase-preserve.f compilation failed to produce executable
FAIL: g77.dg/fcase-preserve.f (test for excess errors)
WARNING: g77.dg/fcase-preserve.f compilation failed to produce executable
FAIL: g77.dg/fcase-preserve.f (test for excess errors)
WARNING: g77.dg/fcase-preserve.f compilation failed to produce executable
FAIL: g77.dg/fcase-preserve.f (test for excess errors)
WARNING: g77.dg/fcase-preserve.f compilation failed to produce executable
FAIL: g77.dg/fcase-preserve.f (test for excess errors)
WARNING: g77.dg/fcase-preserve.f compilation failed to produce executable
FAIL: g77.dg/ff90-1.f (test for excess errors)
WARNING: g77.dg/ff90-1.f compilation failed to produce executable
FAIL: g77.dg/ff90-1.f (test for excess errors)
WARNING: g77.dg/ff90-1.f compilation failed to produce executable
FAIL: g77.dg/ff90-1.f (test for excess errors)
WARNING: g77.dg/ff90-1.f compilation failed to produce executable
FAIL: g77.dg/ff90-1.f (test for excess errors)
WARNING: g77.dg/ff90-1.f compilation failed to produce executable
FAIL: g77.dg/ff90-1.f (test for excess errors)
WARNING: g77.dg/ff90-1.f compilation failed to produce executable
FAIL: g77.dg/ff90-1.f (test for excess errors)
WARNING: g77.dg/ff90-1.f compilation failed to produce executable
FAIL: g77.dg/fno-backslash.f (test for excess errors)
WARNING: g77.dg/fno-backslash.f compilation failed to produce executable
FAIL: g77.dg/fno-backslash.f (test for excess errors)
WARNING: g77.dg/fno-backslash.f compilation failed to produce executable
FAIL: g77.dg/fno-backslash.f (test for excess errors)
WARNING: g77.dg/fno-backslash.f compilation failed to produce executable
FAIL: g77.dg/fno-backslash.f (test for excess errors)
WARNING: g77.dg/fno-backslash.f compilation failed to produce executable
FAIL: g77.dg/fno-backslash.f (test for excess errors)
WARNING: g77.dg/fno-backslash.f compilation failed to produce executable
FAIL: g77.dg/fno-backslash.f (test for excess errors)
WARNING: g77.dg/fno-backslash.f compilation failed to produce executable
FAIL: g77.dg/fno-f90-1.f (test for excess errors)
WARNING: g77.dg/fno-f90-1.f compilation failed to produce executable
FAIL: g77.dg/fno-f90-1.f (test for excess errors)
WARNING: g77.dg/fno-f90-1.f compilation failed to produce executable
FAIL: g77.dg/fno-f90-1.f (test for excess errors)
WARNING: g77.dg/fno-f90-1.f compilation failed to produce executable
FAIL: g77.dg/fno-f90-1.f (test for excess errors)
WARNING: g77.dg/fno-f90-1.f compilation failed to produce executable
FAIL: g77.dg/fno-f90-1.f (test for excess errors)
WARNING: g77.dg/fno-f90-1.f compilation failed to produce executable
FAIL: g77.dg/fno-f90-1.f (test for excess errors)
WARNING: g77.dg/fno-f90-1.f compilation failed to produce executable
FAIL: g77.dg/fno-onetrip.f (test for excess errors)
WARNING: g77.dg/fno-onetrip.f compilation failed to produce executable
FAIL: g77.dg/fno-onetrip.f (test for excess errors)
WARNING: g77.dg/fno-onetrip.f compilation failed to produce executable
FAIL: g77.dg/fno-onetrip.f (test for excess errors)
WARNING: g77.dg/fno-onetrip.f compilation failed to produce executable
FAIL: g77.dg/fno-onetrip.f (test for excess errors)
WARNING: g77.dg/fno-onetrip.f compilation failed to produce executable
FAIL: g77.dg/fno-onetrip.f (test for excess errors)
WARNING: g77.dg/fno-onetrip.f compilation failed to produce executable
FAIL: g77.dg/fno-onetrip.f (test for excess errors)
WARNING: g77.dg/fno-onetrip.f compilation failed to produce executable
FAIL: g77.dg/fno-onetrip.f (test for excess errors)
WARNING: g77.dg/fno-onetrip.f compilation failed to produce executable
FAIL: g77.dg/fno-onetrip.f (test for excess errors)
WARNING: g77.dg/fno-onetrip.f compilation failed to produce executable
FAIL: g77.dg/fno-typeless-boz.f (test for excess errors)
WARNING: g77.dg/fno-typeless-boz.f compilation failed to produce executable
FAIL: g77.dg/fno-typeless-boz.f (test for excess errors)
WARNING: g77.dg/fno-typeless-boz.f compilation failed to produce executable
FAIL: g77.dg/fno-typeless-boz.f (test for excess errors)
WARNING: g77.dg/fno-typeless-boz.f compilation failed to produce executable
FAIL: g77.dg/fno-typeless-boz.f (test for excess errors)
WARNING: g77.dg/fno-typeless-boz.f compilation failed to produce executable
FAIL: g77.dg/fno-typeless-boz.f (test for excess errors)
WARNING: g77.dg/fno-typeless-boz.f compilation failed to produce executable
FAIL: g77.dg/fno-typeless-boz.f (test for excess errors)
WARNING: g77.dg/fno-typeless-boz.f compilation failed to produce executable
FAIL: g77.dg/fno-vxt-1.f (test for excess errors)
WARNING: g77.dg/fno-vxt-1.f compilation failed to produce executable
FAIL: g77.dg/fno-vxt-1.f (test for excess errors)
WARNING: g77.dg/fno-vxt-1.f compilation failed to produce executable
FAIL: g77.dg/fno-vxt-1.f (test for excess errors)
WARNING: g77.dg/fno-vxt-1.f compilation failed to produce executable
FAIL: g77.dg/fno-vxt-1.f (test for excess errors)
WARNING: g77.dg/fno-vxt-1.f compilation failed to produce executable
FAIL: g77.dg/fno-vxt-1.f (test for excess errors)
WARNING: g77.dg/fno-vxt-1.f compilation failed to produce executable
FAIL: g77.dg/fno-vxt-1.f (test for excess errors)
WARNING: g77.dg/fno-vxt-1.f compilation failed to produce executable
FAIL: g77.dg/fonetrip.f (test for excess errors)
WARNING: g77.dg/fonetrip.f compilation failed to produce executable
FAIL: g77.dg/fonetrip.f (test for excess errors)
WARNING: g77.dg/fonetrip.f compilation failed to produce executable
FAIL: g77.dg/fonetrip.f (test for excess errors)
WARNING: g77.dg/fonetrip.f compilation failed to produce executable
FAIL: g77.dg/fonetrip.f (test for excess errors)
WARNING: g77.dg/fonetrip.f compilation failed to produce executable
FAIL: g77.dg/fonetrip.f (test for excess errors)
WARNING: g77.dg/fonetrip.f compilation failed to produce executable
FAIL: g77.dg/fonetrip.f (test for excess errors)
WARNING: g77.dg/fonetrip.f compilation failed to produce executable
FAIL: g77.dg/fonetrip.f (test for excess errors)
WARNING: g77.dg/fonetrip.f compilation failed to produce executable
FAIL: g77.dg/fonetrip.f (test for excess errors)
WARNING: g77.dg/fonetrip.f compilation failed to produce executable
FAIL: g77.dg/ftypeless-boz.f (test for excess errors)
WARNING: g77.dg/ftypeless-boz.f compilation failed to produce executable
FAIL: g77.dg/ftypeless-boz.f (test for excess errors)
WARNING: g77.dg/ftypeless-boz.f compilation failed to produce executable
FAIL: g77.dg/ftypeless-boz.f (test for excess errors)
WARNING: g77.dg/ftypeless-boz.f compilation failed to produce executable
FAIL: g77.dg/ftypeless-boz.f (test for excess errors)
WARNING: g77.dg/ftypeless-boz.f compilation failed to produce executable
FAIL: g77.dg/ftypeless-boz.f (test for excess errors)
WARNING: g77.dg/ftypeless-boz.f compilation failed to produce executable
FAIL: g77.dg/ftypeless-boz.f (test for excess errors)
WARNING: g77.dg/ftypeless-boz.f compilation failed to produce executable
FAIL: g77.dg/fvxt-1.f (test for excess errors)
WARNING: g77.dg/fvxt-1.f compilation failed to produce executable
FAIL: g77.dg/fvxt-1.f (test for excess errors)
WARNING: g77.dg/fvxt-1.f compilation failed to produce executable
FAIL: g77.dg/fvxt-1.f (test for excess errors)
WARNING: g77.dg/fvxt-1.f compilation failed to produce executable
FAIL: g77.dg/fvxt-1.f (test for excess errors)
WARNING: g77.dg/fvxt-1.f compilation failed to produce executable
FAIL: g77.dg/fvxt-1.f (test for excess errors)
WARNING: g77.dg/fvxt-1.f compilation failed to produce executable
FAIL: g77.dg/fvxt-1.f (test for excess errors)
WARNING: g77.dg/fvxt-1.f compilation failed to produce executable
FAIL: g77.dg/pr3743-1.f (test for excess errors)
FAIL: g77.dg/pr3743-1.f (test for excess errors)
FAIL: g77.dg/pr3743-1.f (test for excess errors)
FAIL: g77.dg/pr3743-1.f (test for excess errors)
FAIL: g77.dg/pr3743-1.f (test for excess errors)
FAIL: g77.dg/pr3743-1.f (test for excess errors)
FAIL: g77.dg/pr3743-2.f (test for excess errors)
FAIL: g77.dg/pr3743-2.f (test for excess errors)
FAIL: g77.dg/pr3743-2.f (test for excess errors)
FAIL: g77.dg/pr3743-2.f (test for excess errors)
FAIL: g77.dg/pr3743-2.f (test for excess errors)
FAIL: g77.dg/pr3743-2.f (test for excess errors)
FAIL: g77.dg/pr3743-3.f (test for excess errors)
FAIL: g77.dg/pr3743-3.f (test for excess errors)
FAIL: g77.dg/pr3743-3.f (test for excess errors)
FAIL: g77.dg/pr3743-3.f (test for excess errors)
FAIL: g77.dg/pr3743-3.f (test for excess errors)
FAIL: g77.dg/pr3743-3.f (test for excess errors)
FAIL: g77.dg/pr3743-4.f (test for excess errors)
FAIL: g77.dg/pr3743-4.f (test for excess errors)
FAIL: g77.dg/pr3743-4.f (test for excess errors)
FAIL: g77.dg/pr3743-4.f (test for excess errors)
FAIL: g77.dg/pr3743-4.f (test for excess errors)
FAIL: g77.dg/pr3743-4.f (test for excess errors)
FAIL: g77.dg/strlen0.f (test for excess errors)
WARNING: g77.dg/strlen0.f compilation failed to produce executable
FAIL: g77.dg/strlen0.f (test for excess errors)
WARNING: g77.dg/strlen0.f compilation failed to produce executable
FAIL: g77.dg/strlen0.f (test for excess errors)
WARNING: g77.dg/strlen0.f compilation failed to produce executable
FAIL: g77.dg/strlen0.f (test for excess errors)
WARNING: g77.dg/strlen0.f compilation failed to produce executable
FAIL: g77.dg/strlen0.f (test for excess errors)
WARNING: g77.dg/strlen0.f compilation failed to produce executable
FAIL: g77.dg/strlen0.f (test for excess errors)
WARNING: g77.dg/strlen0.f compilation failed to produce executable
FAIL: g77.dg/gcov/gcov-1.f (test for excess errors)
WARNING: g77.dg/gcov/gcov-1.f compilation failed to produce executable
FAIL: g77.dg/gcov/gcov-1.f gcov failed: Could not open data file gcov-1.da.
FAIL: g77.f-torture/compile/19990826-3.f,  -Os  
FAIL: g77.f-torture/compile/980310-3.f,  -Os  
FAIL: g77.f-torture/compile/20020307-1.f,  -Os  
FAIL: g77.f-torture/execute/19981119-0.f compilation,  -O0 
FAIL: g77.f-torture/execute/19981119-0.f compilation,  -O1 
FAIL: g77.f-torture/execute/19981119-0.f compilation,  -O2 
FAIL: g77.f-torture/execute/19981119-0.f compilation,  -O3 -fomit-frame-pointer 
FAIL: g77.f-torture/execute/19981119-0.f compilation,  -O3 -g 
FAIL: g77.f-torture/execute/19981119-0.f compilation,  -Os 
FAIL: g77.f-torture/execute/19990313-0.f compilation,  -O0 
FAIL: g77.f-torture/execute/19990313-0.f compilation,  -O1 
FAIL: g77.f-torture/execute/19990313-0.f compilation,  -O2 
FAIL: g77.f-torture/execute/19990313-0.f compilation,  -O3 -fomit-frame-pointer 
FAIL: g77.f-torture/execute/19990313-0.f compilation,  -O3 -g 
FAIL: g77.f-torture/execute/19990313-0.f compilation,  -Os 
FAIL: g77.f-torture/execute/19990313-1.f compilation,  -O0 
FAIL: g77.f-torture/execute/19990313-1.f compilation,  -O1 
FAIL: g77.f-torture/execute/19990313-1.f compilation,  -O2 
FAIL: g77.f-torture/execute/19990313-1.f compilation,  -O3 -fomit-frame-pointer 
FAIL: g77.f-torture/execute/19990313-1.f compilation,  -O3 -g 
FAIL: g77.f-torture/execute/19990313-1.f compilation,  -Os 
FAIL: g77.f-torture/execute/19990313-2.f compilation,  -O0 
FAIL: g77.f-torture/execute/19990313-2.f compilation,  -O1 
FAIL: g77.f-torture/execute/19990313-2.f compilation,  -O2 
FAIL: g77.f-torture/execute/19990313-2.f compilation,  -O3 -fomit-frame-pointer 
FAIL: g77.f-torture/execute/19990313-2.f compilation,  -O3 -g 
FAIL: g77.f-torture/execute/19990313-2.f compilation,  -Os 
FAIL: g77.f-torture/execute/19990313-3.f compilation,  -O0 
FAIL: g77.f-torture/execute/19990313-3.f compilation,  -O1 
FAIL: g77.f-torture/execute/19990313-3.f compilation,  -O2 
FAIL: g77.f-torture/execute/19990313-3.f compilation,  -O3 -fomit-frame-pointer 
FAIL: g77.f-torture/execute/19990313-3.f compilation,  -O3 -g 
FAIL: g77.f-torture/execute/19990313-3.f compilation,  -Os 
FAIL: g77.f-torture/execute/19990325-0.f compilation,  -O0 
FAIL: g77.f-torture/execute/19990325-0.f compilation,  -O1 
FAIL: g77.f-torture/execute/19990325-0.f compilation,  -O2 
FAIL: g77.f-torture/execute/19990325-0.f compilation,  -O3 -fomit-frame-pointer 
FAIL: g77.f-torture/execute/19990325-0.f compilation,  -O3 -g 
FAIL: g77.f-torture/execute/19990325-0.f compilation,  -Os 
FAIL: g77.f-torture/execute/19990325-1.f compilation,  -O0 
FAIL: g77.f-torture/execute/19990325-1.f compilation,  -O1 
FAIL: g77.f-torture/execute/19990325-1.f compilation,  -O2 
FAIL: g77.f-torture/execute/19990325-1.f compilation,  -O3 -fomit-frame-pointer 
FAIL: g77.f-torture/execute/19990325-1.f compilation,  -O3 -g 
FAIL: g77.f-torture/execute/19990325-1.f compilation,  -Os 
FAIL: g77.f-torture/execute/19990419-1.f compilation,  -O0 
FAIL: g77.f-torture/execute/19990419-1.f compilation,  -O1 
FAIL: g77.f-torture/execute/19990419-1.f compilation,  -O2 
FAIL: g77.f-torture/execute/19990419-1.f compilation,  -O3 -fomit-frame-pointer 
FAIL: g77.f-torture/execute/19990419-1.f compilation,  -O3 -fomit-frame-pointer -funroll-loops 
FAIL: g77.f-torture/execute/19990419-1.f compilation,  -O3 -fomit-frame-pointer -funroll-all-loops -finline-functions 
FAIL: g77.f-torture/execute/19990419-1.f compilation,  -O3 -g 
FAIL: g77.f-torture/execute/19990419-1.f compilation,  -Os 
FAIL: g77.f-torture/execute/19990826-0.f compilation,  -O0 
FAIL: g77.f-torture/execute/19990826-0.f compilation,  -O1 
FAIL: g77.f-torture/execute/19990826-0.f compilation,  -O2 
FAIL: g77.f-torture/execute/19990826-0.f compilation,  -O3 -fomit-frame-pointer 
FAIL: g77.f-torture/execute/19990826-0.f compilation,  -O3 -g 
FAIL: g77.f-torture/execute/19990826-0.f compilation,  -Os 
FAIL: g77.f-torture/execute/19990826-2.f compilation,  -O0 
FAIL: g77.f-torture/execute/19990826-2.f compilation,  -O1 
FAIL: g77.f-torture/execute/19990826-2.f compilation,  -O2 
FAIL: g77.f-torture/execute/19990826-2.f compilation,  -O3 -fomit-frame-pointer 
FAIL: g77.f-torture/execute/19990826-2.f compilation,  -O3 -g 
FAIL: g77.f-torture/execute/19990826-2.f compilation,  -Os 
FAIL: g77.f-torture/execute/20000503-1.f compilation,  -O0 
FAIL: g77.f-torture/execute/20000503-1.f compilation,  -O1 
FAIL: g77.f-torture/execute/20000503-1.f compilation,  -O2 
FAIL: g77.f-torture/execute/20000503-1.f compilation,  -O3 -fomit-frame-pointer 
FAIL: g77.f-torture/execute/20000503-1.f compilation,  -O3 -fomit-frame-pointer -funroll-loops 
FAIL: g77.f-torture/execute/20000503-1.f compilation,  -O3 -fomit-frame-pointer -funroll-all-loops -finline-functions 
FAIL: g77.f-torture/execute/20000503-1.f compilation,  -O3 -g 
FAIL: g77.f-torture/execute/20000503-1.f compilation,  -Os 
FAIL: g77.f-torture/execute/20001111.f compilation,  -O0 
FAIL: g77.f-torture/execute/20001111.f compilation,  -O1 
FAIL: g77.f-torture/execute/20001111.f compilation,  -O2 
FAIL: g77.f-torture/execute/20001111.f compilation,  -O3 -fomit-frame-pointer 
FAIL: g77.f-torture/execute/20001111.f compilation,  -O3 -fomit-frame-pointer -funroll-loops 
FAIL: g77.f-torture/execute/20001111.f compilation,  -O3 -fomit-frame-pointer -funroll-all-loops -finline-functions 
FAIL: g77.f-torture/execute/20001111.f compilation,  -O3 -g 
FAIL: g77.f-torture/execute/20001111.f compilation,  -Os 
FAIL: g77.f-torture/execute/20001201.f compilation,  -O0 
FAIL: g77.f-torture/execute/20001201.f compilation,  -O1 
FAIL: g77.f-torture/execute/20001201.f compilation,  -O2 
FAIL: g77.f-torture/execute/20001201.f compilation,  -O3 -fomit-frame-pointer 
FAIL: g77.f-torture/execute/20001201.f compilation,  -O3 -g 
FAIL: g77.f-torture/execute/20001201.f compilation,  -Os 
FAIL: g77.f-torture/execute/20010116.f compilation,  -O0 
FAIL: g77.f-torture/execute/20010116.f compilation,  -O1 
FAIL: g77.f-torture/execute/20010116.f compilation,  -O2 
FAIL: g77.f-torture/execute/20010116.f compilation,  -O3 -fomit-frame-pointer 
FAIL: g77.f-torture/execute/20010116.f compilation,  -O3 -fomit-frame-pointer -funroll-loops 
FAIL: g77.f-torture/execute/20010116.f compilation,  -O3 -fomit-frame-pointer -funroll-all-loops -finline-functions 
FAIL: g77.f-torture/execute/20010116.f compilation,  -O3 -g 
FAIL: g77.f-torture/execute/20010116.f compilation,  -Os 
FAIL: g77.f-torture/execute/20010426.f compilation,  -O0 
FAIL: g77.f-torture/execute/20010426.f compilation,  -O1 
FAIL: g77.f-torture/execute/20010426.f compilation,  -O2 
FAIL: g77.f-torture/execute/20010426.f compilation,  -O3 -fomit-frame-pointer 
FAIL: g77.f-torture/execute/20010426.f compilation,  -O3 -g 
FAIL: g77.f-torture/execute/20010426.f compilation,  -Os 
FAIL: g77.f-torture/execute/20010430.f compilation,  -O0 
FAIL: g77.f-torture/execute/20010430.f compilation,  -O1 
FAIL: g77.f-torture/execute/20010430.f compilation,  -O2 
FAIL: g77.f-torture/execute/20010430.f compilation,  -O3 -fomit-frame-pointer 
FAIL: g77.f-torture/execute/20010430.f compilation,  -O3 -fomit-frame-pointer -funroll-loops 
FAIL: g77.f-torture/execute/20010430.f compilation,  -O3 -fomit-frame-pointer -funroll-all-loops -finline-functions 
FAIL: g77.f-torture/execute/20010430.f compilation,  -O3 -g 
FAIL: g77.f-torture/execute/20010430.f compilation,  -Os 
FAIL: g77.f-torture/execute/20010610.f compilation,  -O0 
FAIL: g77.f-torture/execute/20010610.f compilation,  -O1 
FAIL: g77.f-torture/execute/20010610.f compilation,  -O2 
FAIL: g77.f-torture/execute/20010610.f compilation,  -O3 -fomit-frame-pointer 
FAIL: g77.f-torture/execute/20010610.f compilation,  -O3 -fomit-frame-pointer -funroll-loops 
FAIL: g77.f-torture/execute/20010610.f compilation,  -O3 -fomit-frame-pointer -funroll-all-loops -finline-functions 
FAIL: g77.f-torture/execute/20010610.f compilation,  -O3 -g 
FAIL: g77.f-torture/execute/20010610.f compilation,  -Os 
FAIL: g77.f-torture/execute/5122.f compilation,  -O0 
FAIL: g77.f-torture/execute/5122.f compilation,  -O1 
FAIL: g77.f-torture/execute/5122.f compilation,  -O2 
FAIL: g77.f-torture/execute/5122.f compilation,  -O3 -fomit-frame-pointer 
FAIL: g77.f-torture/execute/5122.f compilation,  -O3 -g 
FAIL: g77.f-torture/execute/5122.f compilation,  -Os 
FAIL: g77.f-torture/execute/6177.f compilation,  -O0 
FAIL: g77.f-torture/execute/6177.f compilation,  -O1 
FAIL: g77.f-torture/execute/6177.f compilation,  -O2 
FAIL: g77.f-torture/execute/6177.f compilation,  -O3 -fomit-frame-pointer 
FAIL: g77.f-torture/execute/6177.f compilation,  -O3 -g 
FAIL: g77.f-torture/execute/6177.f compilation,  -Os 
FAIL: g77.f-torture/execute/6367.f compilation,  -O0 
FAIL: g77.f-torture/execute/6367.f compilation,  -O1 
FAIL: g77.f-torture/execute/6367.f compilation,  -O2 
FAIL: g77.f-torture/execute/6367.f compilation,  -O3 -fomit-frame-pointer 
FAIL: g77.f-torture/execute/6367.f compilation,  -O3 -fomit-frame-pointer -funroll-loops 
FAIL: g77.f-torture/execute/6367.f compilation,  -O3 -fomit-frame-pointer -funroll-all-loops -finline-functions 
FAIL: g77.f-torture/execute/6367.f compilation,  -O3 -g 
FAIL: g77.f-torture/execute/6367.f compilation,  -Os 
FAIL: g77.f-torture/execute/947.f compilation,  -O0 
FAIL: g77.f-torture/execute/947.f compilation,  -O1 
FAIL: g77.f-torture/execute/947.f compilation,  -O2 
FAIL: g77.f-torture/execute/947.f compilation,  -O3 -fomit-frame-pointer 
FAIL: g77.f-torture/execute/947.f compilation,  -O3 -g 
FAIL: g77.f-torture/execute/947.f compilation,  -Os 
FAIL: g77.f-torture/execute/970625-2.f compilation,  -O0 
FAIL: g77.f-torture/execute/970625-2.f compilation,  -O1 
FAIL: g77.f-torture/execute/970625-2.f compilation,  -O2 
FAIL: g77.f-torture/execute/970625-2.f compilation,  -O3 -fomit-frame-pointer 
FAIL: g77.f-torture/execute/970625-2.f compilation,  -O3 -fomit-frame-pointer -funroll-loops 
FAIL: g77.f-torture/execute/970625-2.f compilation,  -O3 -fomit-frame-pointer -funroll-all-loops -finline-functions 
FAIL: g77.f-torture/execute/970625-2.f compilation,  -O3 -g 
FAIL: g77.f-torture/execute/970625-2.f compilation,  -Os 
FAIL: g77.f-torture/execute/970816-3.f compilation,  -O0 
FAIL: g77.f-torture/execute/970816-3.f compilation,  -O1 
FAIL: g77.f-torture/execute/970816-3.f compilation,  -O2 
FAIL: g77.f-torture/execute/970816-3.f compilation,  -O3 -fomit-frame-pointer 
FAIL: g77.f-torture/execute/970816-3.f compilation,  -O3 -g 
FAIL: g77.f-torture/execute/970816-3.f compilation,  -Os 
FAIL: g77.f-torture/execute/971102-1.f compilation,  -O0 
FAIL: g77.f-torture/execute/971102-1.f compilation,  -O1 
FAIL: g77.f-torture/execute/971102-1.f compilation,  -O2 
FAIL: g77.f-torture/execute/971102-1.f compilation,  -O3 -fomit-frame-pointer 
FAIL: g77.f-torture/execute/971102-1.f compilation,  -O3 -fomit-frame-pointer -funroll-loops 
FAIL: g77.f-torture/execute/971102-1.f compilation,  -O3 -fomit-frame-pointer -funroll-all-loops -finline-functions 
FAIL: g77.f-torture/execute/971102-1.f compilation,  -O3 -g 
FAIL: g77.f-torture/execute/971102-1.f compilation,  -Os 
FAIL: g77.f-torture/execute/980520-1.f compilation,  -O0 
FAIL: g77.f-torture/execute/980520-1.f compilation,  -O1 
FAIL: g77.f-torture/execute/980520-1.f compilation,  -O2 
FAIL: g77.f-torture/execute/980520-1.f compilation,  -O3 -fomit-frame-pointer 
FAIL: g77.f-torture/execute/980520-1.f compilation,  -O3 -g 
FAIL: g77.f-torture/execute/980520-1.f compilation,  -Os 
FAIL: g77.f-torture/execute/980628-0.f compilation,  -O0 
FAIL: g77.f-torture/execute/980628-0.f compilation,  -O1 
FAIL: g77.f-torture/execute/980628-0.f compilation,  -O2 
FAIL: g77.f-torture/execute/980628-0.f compilation,  -O3 -fomit-frame-pointer 
FAIL: g77.f-torture/execute/980628-0.f compilation,  -O3 -g 
FAIL: g77.f-torture/execute/980628-0.f compilation,  -Os 
FAIL: g77.f-torture/execute/980628-1.f compilation,  -O0 
FAIL: g77.f-torture/execute/980628-1.f compilation,  -O1 
FAIL: g77.f-torture/execute/980628-1.f compilation,  -O2 
FAIL: g77.f-torture/execute/980628-1.f compilation,  -O3 -fomit-frame-pointer 
FAIL: g77.f-torture/execute/980628-1.f compilation,  -O3 -g 
FAIL: g77.f-torture/execute/980628-1.f compilation,  -Os 
FAIL: g77.f-torture/execute/980628-10.f compilation,  -O0 
FAIL: g77.f-torture/execute/980628-10.f compilation,  -O1 
FAIL: g77.f-torture/execute/980628-10.f compilation,  -O2 
FAIL: g77.f-torture/execute/980628-10.f compilation,  -O3 -fomit-frame-pointer 
FAIL: g77.f-torture/execute/980628-10.f compilation,  -O3 -g 
FAIL: g77.f-torture/execute/980628-10.f compilation,  -Os 
FAIL: g77.f-torture/execute/980628-2.f compilation,  -O0 
FAIL: g77.f-torture/execute/980628-2.f compilation,  -O1 
FAIL: g77.f-torture/execute/980628-2.f compilation,  -O2 
FAIL: g77.f-torture/execute/980628-2.f compilation,  -O3 -fomit-frame-pointer 
FAIL: g77.f-torture/execute/980628-2.f compilation,  -O3 -g 
FAIL: g77.f-torture/execute/980628-2.f compilation,  -Os 
FAIL: g77.f-torture/execute/980628-3.f compilation,  -O0 
FAIL: g77.f-torture/execute/980628-3.f compilation,  -O1 
FAIL: g77.f-torture/execute/980628-3.f compilation,  -O2 
FAIL: g77.f-torture/execute/980628-3.f compilation,  -O3 -fomit-frame-pointer 
FAIL: g77.f-torture/execute/980628-3.f compilation,  -O3 -g 
FAIL: g77.f-torture/execute/980628-3.f compilation,  -Os 
FAIL: g77.f-torture/execute/980628-4.f compilation,  -O0 
FAIL: g77.f-torture/execute/980628-4.f compilation,  -O1 
FAIL: g77.f-torture/execute/980628-4.f compilation,  -O2 
FAIL: g77.f-torture/execute/980628-4.f compilation,  -O3 -fomit-frame-pointer 
FAIL: g77.f-torture/execute/980628-4.f compilation,  -O3 -g 
FAIL: g77.f-torture/execute/980628-4.f compilation,  -Os 
FAIL: g77.f-torture/execute/980628-5.f compilation,  -O0 
FAIL: g77.f-torture/execute/980628-5.f compilation,  -O1 
FAIL: g77.f-torture/execute/980628-5.f compilation,  -O2 
FAIL: g77.f-torture/execute/980628-5.f compilation,  -O3 -fomit-frame-pointer 
FAIL: g77.f-torture/execute/980628-5.f compilation,  -O3 -g 
FAIL: g77.f-torture/execute/980628-5.f compilation,  -Os 
FAIL: g77.f-torture/execute/980628-6.f compilation,  -O0 
FAIL: g77.f-torture/execute/980628-6.f compilation,  -O1 
FAIL: g77.f-torture/execute/980628-6.f compilation,  -O2 
FAIL: g77.f-torture/execute/980628-6.f compilation,  -O3 -fomit-frame-pointer 
FAIL: g77.f-torture/execute/980628-6.f compilation,  -O3 -g 
FAIL: g77.f-torture/execute/980628-6.f compilation,  -Os 
FAIL: g77.f-torture/execute/980628-7.f compilation,  -O0 
FAIL: g77.f-torture/execute/980628-7.f compilation,  -O1 
FAIL: g77.f-torture/execute/980628-7.f compilation,  -O2 
FAIL: g77.f-torture/execute/980628-7.f compilation,  -O3 -fomit-frame-pointer 
FAIL: g77.f-torture/execute/980628-7.f compilation,  -O3 -g 
FAIL: g77.f-torture/execute/980628-7.f compilation,  -Os 
FAIL: g77.f-torture/execute/980628-8.f compilation,  -O0 
FAIL: g77.f-torture/execute/980628-8.f compilation,  -O1 
FAIL: g77.f-torture/execute/980628-8.f compilation,  -O2 
FAIL: g77.f-torture/execute/980628-8.f compilation,  -O3 -fomit-frame-pointer 
FAIL: g77.f-torture/execute/980628-8.f compilation,  -O3 -g 
FAIL: g77.f-torture/execute/980628-8.f compilation,  -Os 
FAIL: g77.f-torture/execute/980628-9.f compilation,  -O0 
FAIL: g77.f-torture/execute/980628-9.f compilation,  -O1 
FAIL: g77.f-torture/execute/980628-9.f compilation,  -O2 
FAIL: g77.f-torture/execute/980628-9.f compilation,  -O3 -fomit-frame-pointer 
FAIL: g77.f-torture/execute/980628-9.f compilation,  -O3 -g 
FAIL: g77.f-torture/execute/980628-9.f compilation,  -Os 
FAIL: g77.f-torture/execute/980701-0.f compilation,  -O0 
FAIL: g77.f-torture/execute/980701-0.f compilation,  -O1 
FAIL: g77.f-torture/execute/980701-0.f compilation,  -O2 
FAIL: g77.f-torture/execute/980701-0.f compilation,  -O3 -fomit-frame-pointer 
FAIL: g77.f-torture/execute/980701-0.f compilation,  -O3 -g 
FAIL: g77.f-torture/execute/980701-0.f compilation,  -Os 
FAIL: g77.f-torture/execute/980701-1.f compilation,  -O0 
FAIL: g77.f-torture/execute/980701-1.f compilation,  -O1 
FAIL: g77.f-torture/execute/980701-1.f compilation,  -O2 
FAIL: g77.f-torture/execute/980701-1.f compilation,  -O3 -fomit-frame-pointer 
FAIL: g77.f-torture/execute/980701-1.f compilation,  -O3 -g 
FAIL: g77.f-torture/execute/980701-1.f compilation,  -Os 
FAIL: g77.f-torture/execute/alpha2.f compilation,  -O0 
FAIL: g77.f-torture/execute/alpha2.f compilation,  -O1 
FAIL: g77.f-torture/execute/alpha2.f compilation,  -O2 
FAIL: g77.f-torture/execute/alpha2.f compilation,  -O3 -fomit-frame-pointer 
FAIL: g77.f-torture/execute/alpha2.f compilation,  -O3 -g 
FAIL: g77.f-torture/execute/alpha2.f compilation,  -Os 
FAIL: g77.f-torture/execute/auto0.f compilation,  -O0 
FAIL: g77.f-torture/execute/auto0.f compilation,  -O1 
FAIL: g77.f-torture/execute/auto0.f compilation,  -O2 
FAIL: g77.f-torture/execute/auto0.f compilation,  -O3 -fomit-frame-pointer 
FAIL: g77.f-torture/execute/auto0.f compilation,  -O3 -fomit-frame-pointer -funroll-loops 
FAIL: g77.f-torture/execute/auto0.f compilation,  -O3 -fomit-frame-pointer -funroll-all-loops -finline-functions 
FAIL: g77.f-torture/execute/auto0.f compilation,  -O3 -g 
FAIL: g77.f-torture/execute/auto0.f compilation,  -Os 
FAIL: g77.f-torture/execute/auto1.f compilation,  -O0 
FAIL: g77.f-torture/execute/auto1.f compilation,  -O1 
FAIL: g77.f-torture/execute/auto1.f compilation,  -O2 
FAIL: g77.f-torture/execute/auto1.f compilation,  -O3 -fomit-frame-pointer 
FAIL: g77.f-torture/execute/auto1.f compilation,  -O3 -fomit-frame-pointer -funroll-loops 
FAIL: g77.f-torture/execute/auto1.f compilation,  -O3 -fomit-frame-pointer -funroll-all-loops -finline-functions 
FAIL: g77.f-torture/execute/auto1.f compilation,  -O3 -g 
FAIL: g77.f-torture/execute/auto1.f compilation,  -Os 
FAIL: g77.f-torture/execute/cabs.f compilation,  -O0 
FAIL: g77.f-torture/execute/cabs.f compilation,  -O1 
FAIL: g77.f-torture/execute/cabs.f compilation,  -O2 
FAIL: g77.f-torture/execute/cabs.f compilation,  -O3 -fomit-frame-pointer 
FAIL: g77.f-torture/execute/cabs.f compilation,  -O3 -g 
FAIL: g77.f-torture/execute/cabs.f compilation,  -Os 
FAIL: g77.f-torture/execute/claus.f compilation,  -O0 
FAIL: g77.f-torture/execute/claus.f compilation,  -O1 
FAIL: g77.f-torture/execute/claus.f compilation,  -O2 
FAIL: g77.f-torture/execute/claus.f compilation,  -O3 -fomit-frame-pointer 
FAIL: g77.f-torture/execute/claus.f compilation,  -O3 -fomit-frame-pointer -funroll-loops 
FAIL: g77.f-torture/execute/claus.f compilation,  -O3 -fomit-frame-pointer -funroll-all-loops -finline-functions 
FAIL: g77.f-torture/execute/claus.f compilation,  -O3 -g 
FAIL: g77.f-torture/execute/claus.f compilation,  -Os 
FAIL: g77.f-torture/execute/complex_1.f compilation,  -O0 
FAIL: g77.f-torture/execute/complex_1.f compilation,  -O1 
FAIL: g77.f-torture/execute/complex_1.f compilation,  -O2 
FAIL: g77.f-torture/execute/complex_1.f compilation,  -O3 -fomit-frame-pointer 
FAIL: g77.f-torture/execute/complex_1.f compilation,  -O3 -g 
FAIL: g77.f-torture/execute/complex_1.f compilation,  -Os 
FAIL: g77.f-torture/execute/dcomplex.f compilation,  -O0 
FAIL: g77.f-torture/execute/dcomplex.f compilation,  -O1 
FAIL: g77.f-torture/execute/dcomplex.f compilation,  -O2 
FAIL: g77.f-torture/execute/dcomplex.f compilation,  -O3 -fomit-frame-pointer 
FAIL: g77.f-torture/execute/dcomplex.f compilation,  -O3 -g 
FAIL: g77.f-torture/execute/dcomplex.f compilation,  -Os 
FAIL: g77.f-torture/execute/dnrm2.f compilation,  -O0 
FAIL: g77.f-torture/execute/dnrm2.f compilation,  -O1 
FAIL: g77.f-torture/execute/dnrm2.f compilation,  -O2 
FAIL: g77.f-torture/execute/dnrm2.f compilation,  -O3 -fomit-frame-pointer 
FAIL: g77.f-torture/execute/dnrm2.f compilation,  -O3 -fomit-frame-pointer -funroll-loops 
FAIL: g77.f-torture/execute/dnrm2.f compilation,  -O3 -fomit-frame-pointer -funroll-all-loops -finline-functions 
FAIL: g77.f-torture/execute/dnrm2.f compilation,  -O3 -g 
FAIL: g77.f-torture/execute/dnrm2.f compilation,  -Os 
FAIL: g77.f-torture/execute/erfc.f compilation,  -O0 
FAIL: g77.f-torture/execute/erfc.f compilation,  -O1 
FAIL: g77.f-torture/execute/erfc.f compilation,  -O2 
FAIL: g77.f-torture/execute/erfc.f compilation,  -O3 -fomit-frame-pointer 
FAIL: g77.f-torture/execute/erfc.f compilation,  -O3 -g 
FAIL: g77.f-torture/execute/erfc.f compilation,  -Os 
FAIL: g77.f-torture/execute/exp.f compilation,  -O0 
FAIL: g77.f-torture/execute/exp.f compilation,  -O1 
FAIL: g77.f-torture/execute/exp.f compilation,  -O2 
FAIL: g77.f-torture/execute/exp.f compilation,  -O3 -fomit-frame-pointer 
FAIL: g77.f-torture/execute/exp.f compilation,  -O3 -g 
FAIL: g77.f-torture/execute/exp.f compilation,  -Os 
FAIL: g77.f-torture/execute/f90-intrinsic-bit.f compilation,  -O0 
FAIL: g77.f-torture/execute/f90-intrinsic-bit.f compilation,  -O1 
FAIL: g77.f-torture/execute/f90-intrinsic-bit.f compilation,  -O2 
FAIL: g77.f-torture/execute/f90-intrinsic-bit.f compilation,  -O3 -fomit-frame-pointer 
FAIL: g77.f-torture/execute/f90-intrinsic-bit.f compilation,  -O3 -fomit-frame-pointer -funroll-loops 
FAIL: g77.f-torture/execute/f90-intrinsic-bit.f compilation,  -O3 -fomit-frame-pointer -funroll-all-loops -finline-functions 
FAIL: g77.f-torture/execute/f90-intrinsic-bit.f compilation,  -O3 -g 
FAIL: g77.f-torture/execute/f90-intrinsic-bit.f compilation,  -Os 
FAIL: g77.f-torture/execute/f90-intrinsic-mathematical.f compilation,  -O0 
FAIL: g77.f-torture/execute/f90-intrinsic-mathematical.f compilation,  -O1 
FAIL: g77.f-torture/execute/f90-intrinsic-mathematical.f compilation,  -O2 
FAIL: g77.f-torture/execute/f90-intrinsic-mathematical.f compilation,  -O3 -fomit-frame-pointer 
FAIL: g77.f-torture/execute/f90-intrinsic-mathematical.f compilation,  -O3 -g 
FAIL: g77.f-torture/execute/f90-intrinsic-mathematical.f compilation,  -Os 
FAIL: g77.f-torture/execute/f90-intrinsic-numeric.f compilation,  -O0 
FAIL: g77.f-torture/execute/f90-intrinsic-numeric.f compilation,  -O1 
FAIL: g77.f-torture/execute/f90-intrinsic-numeric.f compilation,  -O2 
FAIL: g77.f-torture/execute/f90-intrinsic-numeric.f compilation,  -O3 -fomit-frame-pointer 
FAIL: g77.f-torture/execute/f90-intrinsic-numeric.f compilation,  -O3 -g 
FAIL: g77.f-torture/execute/f90-intrinsic-numeric.f compilation,  -Os 
FAIL: g77.f-torture/execute/intrinsic-f2c-z.f compilation,  -O0 
FAIL: g77.f-torture/execute/intrinsic-f2c-z.f compilation,  -O1 
FAIL: g77.f-torture/execute/intrinsic-f2c-z.f compilation,  -O2 
FAIL: g77.f-torture/execute/intrinsic-f2c-z.f compilation,  -O3 -fomit-frame-pointer 
FAIL: g77.f-torture/execute/intrinsic-f2c-z.f compilation,  -O3 -g 
FAIL: g77.f-torture/execute/intrinsic-f2c-z.f compilation,  -Os 
FAIL: g77.f-torture/execute/intrinsic-unix-bessel.f compilation,  -O0 
FAIL: g77.f-torture/execute/intrinsic-unix-bessel.f compilation,  -O1 
FAIL: g77.f-torture/execute/intrinsic-unix-bessel.f compilation,  -O2 
FAIL: g77.f-torture/execute/intrinsic-unix-bessel.f compilation,  -O3 -fomit-frame-pointer 
FAIL: g77.f-torture/execute/intrinsic-unix-bessel.f compilation,  -O3 -g 
FAIL: g77.f-torture/execute/intrinsic-unix-bessel.f compilation,  -Os 
FAIL: g77.f-torture/execute/intrinsic-unix-erf.f compilation,  -O0 
FAIL: g77.f-torture/execute/intrinsic-unix-erf.f compilation,  -O1 
FAIL: g77.f-torture/execute/intrinsic-unix-erf.f compilation,  -O2 
FAIL: g77.f-torture/execute/intrinsic-unix-erf.f compilation,  -O3 -fomit-frame-pointer 
FAIL: g77.f-torture/execute/intrinsic-unix-erf.f compilation,  -O3 -g 
FAIL: g77.f-torture/execute/intrinsic-unix-erf.f compilation,  -Os 
FAIL: g77.f-torture/execute/intrinsic-vax-cd.f compilation,  -O0 
FAIL: g77.f-torture/execute/intrinsic-vax-cd.f compilation,  -O1 
FAIL: g77.f-torture/execute/intrinsic-vax-cd.f compilation,  -O2 
FAIL: g77.f-torture/execute/intrinsic-vax-cd.f compilation,  -O3 -fomit-frame-pointer 
FAIL: g77.f-torture/execute/intrinsic-vax-cd.f compilation,  -O3 -g 
FAIL: g77.f-torture/execute/intrinsic-vax-cd.f compilation,  -Os 
FAIL: g77.f-torture/execute/intrinsic77.f compilation,  -O0 
FAIL: g77.f-torture/execute/intrinsic77.f compilation,  -O1 
FAIL: g77.f-torture/execute/intrinsic77.f compilation,  -O2 
FAIL: g77.f-torture/execute/intrinsic77.f compilation,  -O3 -fomit-frame-pointer 
FAIL: g77.f-torture/execute/intrinsic77.f compilation,  -O3 -g 
FAIL: g77.f-torture/execute/intrinsic77.f compilation,  -Os 
FAIL: g77.f-torture/execute/io0.f compilation,  -O0 
FAIL: g77.f-torture/execute/io0.f compilation,  -O1 
FAIL: g77.f-torture/execute/io0.f compilation,  -O2 
FAIL: g77.f-torture/execute/io0.f compilation,  -O3 -fomit-frame-pointer 
FAIL: g77.f-torture/execute/io0.f compilation,  -O3 -g 
FAIL: g77.f-torture/execute/io0.f compilation,  -Os 
FAIL: g77.f-torture/execute/io1.f compilation,  -O0 
FAIL: g77.f-torture/execute/io1.f compilation,  -O1 
FAIL: g77.f-torture/execute/io1.f compilation,  -O2 
FAIL: g77.f-torture/execute/io1.f compilation,  -O3 -fomit-frame-pointer 
FAIL: g77.f-torture/execute/io1.f compilation,  -O3 -g 
FAIL: g77.f-torture/execute/io1.f compilation,  -Os 
FAIL: g77.f-torture/execute/labug1.f compilation,  -O0 
FAIL: g77.f-torture/execute/labug1.f compilation,  -O1 
FAIL: g77.f-torture/execute/labug1.f compilation,  -O2 
FAIL: g77.f-torture/execute/labug1.f compilation,  -O3 -fomit-frame-pointer 
FAIL: g77.f-torture/execute/labug1.f compilation,  -O3 -fomit-frame-pointer -funroll-loops 
FAIL: g77.f-torture/execute/labug1.f compilation,  -O3 -fomit-frame-pointer -funroll-all-loops -finline-functions 
FAIL: g77.f-torture/execute/labug1.f compilation,  -O3 -g 
FAIL: g77.f-torture/execute/labug1.f compilation,  -Os 
FAIL: g77.f-torture/execute/large_vec.f compilation,  -O0 
FAIL: g77.f-torture/execute/large_vec.f compilation,  -O1 
FAIL: g77.f-torture/execute/large_vec.f compilation,  -O2 
FAIL: g77.f-torture/execute/large_vec.f compilation,  -O3 -fomit-frame-pointer 
FAIL: g77.f-torture/execute/large_vec.f compilation,  -O3 -g 
FAIL: g77.f-torture/execute/large_vec.f compilation,  -Os 
FAIL: g77.f-torture/execute/le.f compilation,  -O0 
FAIL: g77.f-torture/execute/le.f compilation,  -O1 
FAIL: g77.f-torture/execute/le.f compilation,  -O2 
FAIL: g77.f-torture/execute/le.f compilation,  -O3 -fomit-frame-pointer 
FAIL: g77.f-torture/execute/le.f compilation,  -O3 -g 
FAIL: g77.f-torture/execute/le.f compilation,  -Os 
FAIL: g77.f-torture/execute/short.f compilation,  -O0 
FAIL: g77.f-torture/execute/short.f compilation,  -O1 
FAIL: g77.f-torture/execute/short.f compilation,  -O2 
FAIL: g77.f-torture/execute/short.f compilation,  -O3 -fomit-frame-pointer 
FAIL: g77.f-torture/execute/short.f compilation,  -O3 -fomit-frame-pointer -funroll-loops 
FAIL: g77.f-torture/execute/short.f compilation,  -O3 -fomit-frame-pointer -funroll-all-loops -finline-functions 
FAIL: g77.f-torture/execute/short.f compilation,  -O3 -g 
FAIL: g77.f-torture/execute/short.f compilation,  -Os 
FAIL: g77.f-torture/execute/u77-test.f compilation,  -O0 
FAIL: g77.f-torture/execute/u77-test.f compilation,  -O1 
FAIL: g77.f-torture/execute/u77-test.f compilation,  -O2 
FAIL: g77.f-torture/execute/u77-test.f compilation,  -O3 -fomit-frame-pointer 
FAIL: g77.f-torture/execute/u77-test.f compilation,  -O3 -fomit-frame-pointer -funroll-loops 
FAIL: g77.f-torture/execute/u77-test.f compilation,  -O3 -fomit-frame-pointer -funroll-all-loops -finline-functions 
FAIL: g77.f-torture/execute/u77-test.f compilation,  -O3 -g 
FAIL: g77.f-torture/execute/u77-test.f compilation,  -Os 
FAIL: g77.f-torture/execute/cpp.F compilation,  -O0 
FAIL: g77.f-torture/execute/cpp.F compilation,  -O1 
FAIL: g77.f-torture/execute/cpp.F compilation,  -O2 
FAIL: g77.f-torture/execute/cpp.F compilation,  -O3 -fomit-frame-pointer 
FAIL: g77.f-torture/execute/cpp.F compilation,  -O3 -g 
FAIL: g77.f-torture/execute/cpp.F compilation,  -Os 
FAIL: g77.f-torture/execute/cpp2.F compilation,  -O0 
FAIL: g77.f-torture/execute/cpp2.F compilation,  -O1 
FAIL: g77.f-torture/execute/cpp2.F compilation,  -O2 
FAIL: g77.f-torture/execute/cpp2.F compilation,  -O3 -fomit-frame-pointer 
FAIL: g77.f-torture/execute/cpp2.F compilation,  -O3 -g 
FAIL: g77.f-torture/execute/cpp2.F compilation,  -Os 

		=== g77 Summary ===

# of expected passes		400
# of unexpected failures	596
# of unresolved testcases	21
# of untested testcases		424
# of unsupported tests		8
/local0/scratch/ljrittle/gcc-build-ref5-0530/gcc/testsuite/../g77 version 3.2 20020530 (experimental)

		=== gcc tests ===


Running target unix/-pthread
FAIL: gcc.c-torture/compile/20010117-2.c,  -Os  
FAIL: gcc.c-torture/compile/920413-1.c,  -Os  
FAIL: gcc.c-torture/compile/920625-1.c,  -Os  
FAIL: gcc.c-torture/compile/920909-1.c,  -Os  
FAIL: gcc.c-torture/compile/930120-1.c,  -Os  
FAIL: gcc.c-torture/compile/950612-1.c,  -Os  
FAIL: gcc.c-torture/compile/950922-1.c,  -Os  
FAIL: gcc.c-torture/compile/20010518-1.c,  -Os  
FAIL: gcc.c-torture/compile/20011114-4.c,  -Os  
FAIL: gcc.c-torture/execute/20000224-1.c compilation,  -Os 
UNRESOLVED: gcc.c-torture/execute/20000224-1.c execution,  -Os 
FAIL: gcc.c-torture/execute/20001124-1.c compilation,  -Os 
UNRESOLVED: gcc.c-torture/execute/20001124-1.c execution,  -Os 
FAIL: gcc.c-torture/execute/20011008-3.c compilation,  -Os 
UNRESOLVED: gcc.c-torture/execute/20011008-3.c execution,  -Os 
FAIL: gcc.c-torture/execute/20020226-1.c compilation,  -Os 
UNRESOLVED: gcc.c-torture/execute/20020226-1.c execution,  -Os 
FAIL: gcc.c-torture/execute/20020402-1.c execution,  -Os 
FAIL: gcc.c-torture/execute/20020508-1.c compilation,  -Os 
UNRESOLVED: gcc.c-torture/execute/20020508-1.c execution,  -Os 
FAIL: gcc.c-torture/execute/20020508-2.c compilation,  -Os 
UNRESOLVED: gcc.c-torture/execute/20020508-2.c execution,  -Os 
FAIL: gcc.c-torture/execute/20020508-3.c compilation,  -Os 
UNRESOLVED: gcc.c-torture/execute/20020508-3.c execution,  -Os 
FAIL: gcc.c-torture/execute/920501-6.c compilation,  -Os 
UNRESOLVED: gcc.c-torture/execute/920501-6.c execution,  -Os 
FAIL: gcc.c-torture/execute/920731-1.c compilation,  -Os 
UNRESOLVED: gcc.c-torture/execute/920731-1.c execution,  -Os 
FAIL: gcc.c-torture/execute/921204-1.c compilation,  -Os 
UNRESOLVED: gcc.c-torture/execute/921204-1.c execution,  -Os 
FAIL: gcc.c-torture/execute/930818-1.c compilation,  -Os 
UNRESOLVED: gcc.c-torture/execute/930818-1.c execution,  -Os 
FAIL: gcc.c-torture/execute/931102-2.c compilation,  -Os 
UNRESOLVED: gcc.c-torture/execute/931102-2.c execution,  -Os 
FAIL: gcc.c-torture/execute/940122-1.c compilation,  -Os 
UNRESOLVED: gcc.c-torture/execute/940122-1.c execution,  -Os 
FAIL: gcc.c-torture/execute/960116-1.c compilation,  -Os 
UNRESOLVED: gcc.c-torture/execute/960116-1.c execution,  -Os 
FAIL: gcc.c-torture/execute/960512-1.c compilation,  -Os 
UNRESOLVED: gcc.c-torture/execute/960512-1.c execution,  -Os 
FAIL: gcc.c-torture/execute/960909-1.c compilation,  -Os 
UNRESOLVED: gcc.c-torture/execute/960909-1.c execution,  -Os 
FAIL: gcc.c-torture/execute/980223.c compilation,  -Os 
UNRESOLVED: gcc.c-torture/execute/980223.c execution,  -Os 
FAIL: gcc.c-torture/execute/981001-1.c compilation,  -Os 
UNRESOLVED: gcc.c-torture/execute/981001-1.c execution,  -Os 
FAIL: gcc.c-torture/execute/arith-rand.c compilation,  -Os 
UNRESOLVED: gcc.c-torture/execute/arith-rand.c execution,  -Os 
FAIL: gcc.c-torture/execute/ashldi-1.c compilation,  -Os 
UNRESOLVED: gcc.c-torture/execute/ashldi-1.c execution,  -Os 
FAIL: gcc.c-torture/execute/ashrdi-1.c compilation,  -Os 
UNRESOLVED: gcc.c-torture/execute/ashrdi-1.c execution,  -Os 
FAIL: gcc.c-torture/execute/conversion.c execution,  -O0 
FAIL: gcc.c-torture/execute/conversion.c execution,  -O1 
FAIL: gcc.c-torture/execute/conversion.c execution,  -O2 
FAIL: gcc.c-torture/execute/conversion.c execution,  -Os 
FAIL: gcc.c-torture/execute/longlong.c compilation,  -Os 
UNRESOLVED: gcc.c-torture/execute/longlong.c execution,  -Os 
FAIL: gcc.c-torture/execute/loop-3c.c execution,  -Os 
FAIL: gcc.c-torture/execute/lshrdi-1.c compilation,  -Os 
UNRESOLVED: gcc.c-torture/execute/lshrdi-1.c execution,  -Os 
FAIL: gcc.c-torture/execute/pure-1.c compilation,  -O1 
UNRESOLVED: gcc.c-torture/execute/pure-1.c execution,  -O1 
FAIL: gcc.c-torture/execute/pure-1.c compilation,  -O2 
UNRESOLVED: gcc.c-torture/execute/pure-1.c execution,  -O2 
FAIL: gcc.c-torture/execute/pure-1.c compilation,  -O3 -fomit-frame-pointer 
UNRESOLVED: gcc.c-torture/execute/pure-1.c execution,  -O3 -fomit-frame-pointer 
FAIL: gcc.c-torture/execute/pure-1.c compilation,  -O3 -g 
UNRESOLVED: gcc.c-torture/execute/pure-1.c execution,  -O3 -g 
FAIL: gcc.c-torture/execute/pure-1.c compilation,  -Os 
UNRESOLVED: gcc.c-torture/execute/pure-1.c execution,  -Os 
FAIL: gcc.c-torture/execute/va-arg-15.c compilation,  -Os 
UNRESOLVED: gcc.c-torture/execute/va-arg-15.c execution,  -Os 
FAIL: gcc.c-torture/unsorted/BUG13.c,  -Os  
FAIL: gcc.c-torture/unsorted/bb1.c,  -Os  
FAIL: gcc.c-torture/unsorted/ex.c,  -Os  
FAIL: gcc.c-torture/unsorted/logic.c,  -Os  
FAIL: gcc.c-torture/unsorted/test.c,  -Os  
FAIL: gcc.c-torture/unsorted/udivmod4.c,  -Os  
FAIL: cmdlne-dM-M.c: #define line not printed
FAIL: gcc.dg/format/c99-scanf-3.c vfscanf (test for warnings, line 21)
FAIL: gcc.dg/format/c99-scanf-3.c vfscanf (test for warnings, line 21)
FAIL: gcc.dg/format/ext-6.c vfscanf (test for warnings, line 42)
FAIL: gcc.dg/format/ext-6.c vfscanf (test for warnings, line 42)

		=== gcc Summary ===

# of expected passes		18889
# of unexpected failures	55
# of expected failures		66
# of unresolved testcases	29
# of unsupported tests		52
/local0/scratch/ljrittle/gcc-build-ref5-0530/gcc/xgcc version 3.2 20020530 (experimental)

		=== objc tests ===


Running target unix/-pthread
FAIL: objc/execute/bycopy-3.m compilation,  -Os 
UNRESOLVED: objc/execute/bycopy-3.m execution,  -Os 
FAIL: objc/execute/class-1.m compilation,  -Os 
UNRESOLVED: objc/execute/class-1.m execution,  -Os 
FAIL: objc/execute/class-10.m compilation,  -Os 
UNRESOLVED: objc/execute/class-10.m execution,  -Os 
FAIL: objc/execute/class-11.m compilation,  -Os 
UNRESOLVED: objc/execute/class-11.m execution,  -Os 
FAIL: objc/execute/class-12.m compilation,  -Os 
UNRESOLVED: objc/execute/class-12.m execution,  -Os 
FAIL: objc/execute/class-13.m compilation,  -Os 
UNRESOLVED: objc/execute/class-13.m execution,  -Os 
FAIL: objc/execute/class-14.m compilation,  -Os 
UNRESOLVED: objc/execute/class-14.m execution,  -Os 
FAIL: objc/execute/class-2.m compilation,  -Os 
UNRESOLVED: objc/execute/class-2.m execution,  -Os 
FAIL: objc/execute/class-3.m compilation,  -Os 
UNRESOLVED: objc/execute/class-3.m execution,  -Os 
FAIL: objc/execute/class-4.m compilation,  -Os 
UNRESOLVED: objc/execute/class-4.m execution,  -Os 
FAIL: objc/execute/class-5.m compilation,  -Os 
UNRESOLVED: objc/execute/class-5.m execution,  -Os 
FAIL: objc/execute/class-6.m compilation,  -Os 
UNRESOLVED: objc/execute/class-6.m execution,  -Os 
FAIL: objc/execute/class-7.m compilation,  -Os 
UNRESOLVED: objc/execute/class-7.m execution,  -Os 
FAIL: objc/execute/class-8.m compilation,  -Os 
UNRESOLVED: objc/execute/class-8.m execution,  -Os 
FAIL: objc/execute/class-9.m compilation,  -Os 
UNRESOLVED: objc/execute/class-9.m execution,  -Os 

		=== objc Summary ===

# of expected passes		1005
# of unexpected failures	15
# of expected failures		6
# of unresolved testcases	15
/local0/scratch/ljrittle/gcc-build-ref5-0530/gcc/xgcc version 3.2 20020530 (experimental)


Compiler version: 3.2 20020530 (experimental) 
Platform: i386-unknown-freebsd5.0
configure flags: --host=i386-unknown-freebsd5.0 --prefix=/home/ljrittle/tmp-ref5/install-ref5 --with-gnu-as --with-as=/home/ljrittle/tmp-ref5/bootstrap-binutils/bin/as --with-gnu-ld --with-ld=/home/ljrittle/tmp-ref5/bootstrap-binutils/bin/ld
BOOT_CFLAGS=-g -O2
Key: gmake is GNU make
     make is BSD make as shipped on i386-unknown-freebsd5.0
     srcdir means in-source configuration was done within the gcc source tree
     objdir means out-source configuration was done within a fresh directory
ref4 (3.1) and ref5 (mainline) attempt to build gcc twice daily;
once for srcdir configuration and once for objdir configuration;
odd number days use GNU make; even days use BSD make; missing
reports infer breakage; partial reports are made when bootstap
completes in gcc but fails in a support library.
beast (3.1) builds gcc once daily using gmake with objdir conf.


Index Nav: [Date Index] [Subject Index] [Author Index] [Thread Index]
Message Nav: [Date Prev] [Date Next] [Thread Prev] [Thread Next]