This is the mail archive of the
gcc-testresults@gcc.gnu.org
mailing list for the GCC project.
Results for 3.2 20020529 (experimental) testsuite on i586-redhat-linux-gnu
- From: Gcc k6 testing account <caligula at cam029208 dot student dot utwente dot nl>
- To: gcc-testresults at gcc dot gnu dot org
- Date: Thu, 30 May 2002 12:03:29 +0200
- Subject: Results for 3.2 20020529 (experimental) testsuite on i586-redhat-linux-gnu
Gcc bootstrap for target k6-redhat-linux-gnu on the following system
====================================================================
Red Hat Linux release 7.3 (Valhalla)
Kernel 2.4.17 on an i586
Gnu C 2.96
binutils 2.11.93.0.2
Linux C Library 2.2.5
Dynamic linker (ldd) 2.2.5
RPM versions:
gcc-2.96-110
binutils-2.11.93.0.2-11
glibc-2.2.5-34
dejagnu-1.4.2-3
====================================================================
LAST_UPDATED: Thu May 30 00:16:28 UTC 2002
Native configuration is i586-redhat-linux-gnu
=== g++ tests ===
Running target unix
FAIL: g++.dg/template/typename2.C (test for excess errors)
FAIL: g++.dg/warn/Wunused-2.C (test for warnings, line 5)
FAIL: g++.jason/pmf7.C Execution test
FAIL: g++.jason/template26.C Execution test
=== g++ Summary ===
# of expected passes 7347
# of unexpected failures 4
# of expected failures 87
# of untested testcases 9
# of unsupported tests 3
/home/caligula/cvs/HEAD/objdir/gcc/testsuite/../g++ version 3.2 20020529 (experimental)
=== g77 tests ===
Running target unix
FAIL: g77.f-torture/compile/19990826-3.f, -Os
FAIL: g77.f-torture/compile/20020307-1.f, -Os
FAIL: g77.f-torture/compile/980310-3.f, -Os
FAIL: g77.f-torture/execute/19990325-0.f compilation, -Os
FAIL: g77.f-torture/execute/19990325-1.f compilation, -Os
FAIL: g77.f-torture/execute/6367.f execution, -O0
FAIL: g77.f-torture/execute/6367.f execution, -O1
FAIL: g77.f-torture/execute/6367.f execution, -O2
FAIL: g77.f-torture/execute/6367.f execution, -O3 -fomit-frame-pointer
FAIL: g77.f-torture/execute/6367.f execution, -O3 -fomit-frame-pointer -funroll-loops
FAIL: g77.f-torture/execute/6367.f execution, -O3 -fomit-frame-pointer -funroll-all-loops -finline-functions
FAIL: g77.f-torture/execute/6367.f execution, -O3 -g
FAIL: g77.f-torture/execute/6367.f execution, -Os
FAIL: g77.f-torture/execute/f90-intrinsic-bit.f compilation, -Os
FAIL: g77.f-torture/execute/le.f compilation, -Os
=== g77 Summary ===
# of expected passes 1607
# of unexpected failures 15
# of untested testcases 4
# of unsupported tests 8
/home/caligula/cvs/HEAD/objdir/gcc/testsuite/../g77 version 3.2 20020529 (experimental)
=== gcc tests ===
Running target unix
FAIL: gcc.c-torture/compile/20010117-2.c, -Os
FAIL: gcc.c-torture/compile/20010518-1.c, -Os
FAIL: gcc.c-torture/compile/20011114-4.c, -Os
FAIL: gcc.c-torture/compile/920413-1.c, -Os
FAIL: gcc.c-torture/compile/920625-1.c, -Os
FAIL: gcc.c-torture/compile/920909-1.c, -Os
FAIL: gcc.c-torture/compile/930120-1.c, -Os
FAIL: gcc.c-torture/compile/950612-1.c, -Os
FAIL: gcc.c-torture/compile/950922-1.c, -Os
FAIL: gcc.c-torture/execute/20000224-1.c compilation, -Os
UNRESOLVED: gcc.c-torture/execute/20000224-1.c execution, -Os
FAIL: gcc.c-torture/execute/20000412-6.c compilation, -Os
UNRESOLVED: gcc.c-torture/execute/20000412-6.c execution, -Os
FAIL: gcc.c-torture/execute/20000801-1.c compilation, -Os
UNRESOLVED: gcc.c-torture/execute/20000801-1.c execution, -Os
FAIL: gcc.c-torture/execute/20001124-1.c compilation, -Os
UNRESOLVED: gcc.c-torture/execute/20001124-1.c execution, -Os
FAIL: gcc.c-torture/execute/20011008-3.c compilation, -Os
UNRESOLVED: gcc.c-torture/execute/20011008-3.c execution, -Os
FAIL: gcc.c-torture/execute/20020226-1.c compilation, -Os
UNRESOLVED: gcc.c-torture/execute/20020226-1.c execution, -Os
FAIL: gcc.c-torture/execute/20020402-1.c execution, -Os
FAIL: gcc.c-torture/execute/20020508-1.c compilation, -Os
UNRESOLVED: gcc.c-torture/execute/20020508-1.c execution, -Os
FAIL: gcc.c-torture/execute/20020508-2.c compilation, -Os
UNRESOLVED: gcc.c-torture/execute/20020508-2.c execution, -Os
FAIL: gcc.c-torture/execute/20020508-3.c compilation, -Os
UNRESOLVED: gcc.c-torture/execute/20020508-3.c execution, -Os
FAIL: gcc.c-torture/execute/920501-6.c compilation, -Os
UNRESOLVED: gcc.c-torture/execute/920501-6.c execution, -Os
FAIL: gcc.c-torture/execute/920731-1.c compilation, -Os
UNRESOLVED: gcc.c-torture/execute/920731-1.c execution, -Os
FAIL: gcc.c-torture/execute/921204-1.c compilation, -Os
UNRESOLVED: gcc.c-torture/execute/921204-1.c execution, -Os
FAIL: gcc.c-torture/execute/930818-1.c compilation, -Os
UNRESOLVED: gcc.c-torture/execute/930818-1.c execution, -Os
FAIL: gcc.c-torture/execute/931102-2.c compilation, -Os
UNRESOLVED: gcc.c-torture/execute/931102-2.c execution, -Os
FAIL: gcc.c-torture/execute/940122-1.c compilation, -Os
UNRESOLVED: gcc.c-torture/execute/940122-1.c execution, -Os
FAIL: gcc.c-torture/execute/960116-1.c compilation, -Os
UNRESOLVED: gcc.c-torture/execute/960116-1.c execution, -Os
FAIL: gcc.c-torture/execute/960512-1.c compilation, -Os
UNRESOLVED: gcc.c-torture/execute/960512-1.c execution, -Os
FAIL: gcc.c-torture/execute/960909-1.c compilation, -Os
UNRESOLVED: gcc.c-torture/execute/960909-1.c execution, -Os
FAIL: gcc.c-torture/execute/980223.c compilation, -Os
UNRESOLVED: gcc.c-torture/execute/980223.c execution, -Os
FAIL: gcc.c-torture/execute/981001-1.c compilation, -Os
UNRESOLVED: gcc.c-torture/execute/981001-1.c execution, -Os
FAIL: gcc.c-torture/execute/arith-rand.c compilation, -Os
UNRESOLVED: gcc.c-torture/execute/arith-rand.c execution, -Os
FAIL: gcc.c-torture/execute/ashldi-1.c compilation, -Os
UNRESOLVED: gcc.c-torture/execute/ashldi-1.c execution, -Os
FAIL: gcc.c-torture/execute/ashrdi-1.c compilation, -Os
UNRESOLVED: gcc.c-torture/execute/ashrdi-1.c execution, -Os
FAIL: gcc.c-torture/execute/conversion.c execution, -O1
FAIL: gcc.c-torture/execute/dbra-1.c execution, -O3 -fomit-frame-pointer
FAIL: gcc.c-torture/execute/dbra-1.c execution, -O3 -g
FAIL: gcc.c-torture/execute/longlong.c compilation, -Os
UNRESOLVED: gcc.c-torture/execute/longlong.c execution, -Os
FAIL: gcc.c-torture/execute/loop-3c.c compilation, -Os
UNRESOLVED: gcc.c-torture/execute/loop-3c.c execution, -Os
FAIL: gcc.c-torture/execute/lshrdi-1.c compilation, -Os
UNRESOLVED: gcc.c-torture/execute/lshrdi-1.c execution, -Os
FAIL: gcc.c-torture/execute/pure-1.c compilation, -O1
UNRESOLVED: gcc.c-torture/execute/pure-1.c execution, -O1
FAIL: gcc.c-torture/execute/pure-1.c compilation, -O2
UNRESOLVED: gcc.c-torture/execute/pure-1.c execution, -O2
FAIL: gcc.c-torture/execute/pure-1.c compilation, -O3 -fomit-frame-pointer
UNRESOLVED: gcc.c-torture/execute/pure-1.c execution, -O3 -fomit-frame-pointer
FAIL: gcc.c-torture/execute/pure-1.c compilation, -O3 -g
UNRESOLVED: gcc.c-torture/execute/pure-1.c execution, -O3 -g
FAIL: gcc.c-torture/execute/pure-1.c compilation, -Os
UNRESOLVED: gcc.c-torture/execute/pure-1.c execution, -Os
FAIL: gcc.c-torture/execute/va-arg-15.c compilation, -Os
UNRESOLVED: gcc.c-torture/execute/va-arg-15.c execution, -Os
FAIL: gcc.c-torture/unsorted/BUG13.c, -Os
FAIL: gcc.c-torture/unsorted/bb1.c, -Os
FAIL: gcc.c-torture/unsorted/ex.c, -Os
FAIL: gcc.c-torture/unsorted/logic.c, -Os
FAIL: gcc.c-torture/unsorted/test.c, -Os
FAIL: gcc.c-torture/unsorted/udivmod4.c, -Os
FAIL: cmdlne-dM-M.c: #define line not printed
=== gcc Summary ===
# of expected passes 18897
# of unexpected failures 52
# of expected failures 66
# of unresolved testcases 32
# of unsupported tests 50
/home/caligula/cvs/HEAD/objdir/gcc/xgcc version 3.2 20020529 (experimental)
=== objc tests ===
Running target unix
FAIL: objc/execute/bycopy-3.m compilation, -Os
UNRESOLVED: objc/execute/bycopy-3.m execution, -Os
FAIL: objc/execute/class-1.m compilation, -Os
UNRESOLVED: objc/execute/class-1.m execution, -Os
FAIL: objc/execute/class-10.m compilation, -Os
UNRESOLVED: objc/execute/class-10.m execution, -Os
FAIL: objc/execute/class-11.m compilation, -Os
UNRESOLVED: objc/execute/class-11.m execution, -Os
FAIL: objc/execute/class-12.m compilation, -Os
UNRESOLVED: objc/execute/class-12.m execution, -Os
FAIL: objc/execute/class-13.m compilation, -Os
UNRESOLVED: objc/execute/class-13.m execution, -Os
FAIL: objc/execute/class-14.m compilation, -Os
UNRESOLVED: objc/execute/class-14.m execution, -Os
FAIL: objc/execute/class-2.m compilation, -Os
UNRESOLVED: objc/execute/class-2.m execution, -Os
FAIL: objc/execute/class-3.m compilation, -Os
UNRESOLVED: objc/execute/class-3.m execution, -Os
FAIL: objc/execute/class-4.m compilation, -Os
UNRESOLVED: objc/execute/class-4.m execution, -Os
FAIL: objc/execute/class-5.m compilation, -Os
UNRESOLVED: objc/execute/class-5.m execution, -Os
FAIL: objc/execute/class-6.m compilation, -Os
UNRESOLVED: objc/execute/class-6.m execution, -Os
FAIL: objc/execute/class-7.m compilation, -Os
UNRESOLVED: objc/execute/class-7.m execution, -Os
FAIL: objc/execute/class-8.m compilation, -Os
UNRESOLVED: objc/execute/class-8.m execution, -Os
FAIL: objc/execute/class-9.m compilation, -Os
UNRESOLVED: objc/execute/class-9.m execution, -Os
=== objc Summary ===
# of expected passes 1005
# of unexpected failures 15
# of expected failures 6
# of unresolved testcases 15
/home/caligula/cvs/HEAD/objdir/gcc/xgcc version 3.2 20020529 (experimental)
=== libjava tests ===
Running target unix
FAIL: calls run
WARNING: program timed out.
FAIL: cxxtest run
FAIL: field run
FAIL: final_method run
FAIL: findclass run
FAIL: invoke run
FAIL: martin run
FAIL: noclass run
FAIL: overload run
FAIL: register run
FAIL: simple_int run
FAIL: throwit run
FAIL: virtual run
=== libjava Summary ===
# of expected passes 2146
# of unexpected failures 13
# of expected failures 18
# of untested testcases 27
=== libstdc++-v3 tests ===
Running target unix
XPASS: 22_locale/ctype_is_wchar_t.cc execution test
FAIL: 26_numerics/c99_classification_macros_c.cc (test for excess errors)
WARNING: program timed out.
FAIL: thread/pthread5.cc execution test
=== libstdc++-v3 Summary ===
# of expected passes 394
# of unexpected failures 2
# of unexpected successes 1
# of expected failures 25
Compiler version: 3.2 20020529 (experimental)
Platform: i586-redhat-linux-gnu
configure flags: --prefix=/opt/k6/HEAD --host=k6-redhat-linux-gnu --target=k6-redhat-linux-gnu --enable-languages=c,c++,objc,f77,java --enable-threads=posix