This is the mail archive of the gcc-testresults@gcc.gnu.org mailing list for the GCC project.


Index Nav: [Date Index] [Subject Index] [Author Index] [Thread Index]
Message Nav: [Date Prev] [Date Next] [Thread Prev] [Thread Next]
Other format: [Raw text]

Results for 3.1.1 20020528 (prerelease) testsuite on mipsel-pc-linux-gnu


LAST_UPDATED: Wed May 29 00:30:51 UTC 2002

Native configuration is mipsel-pc-linux-gnu

		=== g++ tests ===


Running target unix
FAIL: g++.dg/opt/longbranch1.C (test for excess errors)
XPASS: g++.law/profile1.C (test for excess errors)
XPASS: g++.law/profile1.C  Execution test

		=== g++ Summary ===

# of expected passes		7156
# of unexpected failures	1
# of unexpected successes	2
# of expected failures		90
# of untested testcases		23
# of unsupported tests		5
/export/build/gnu/gcc-3.1/build-mipsel-linux/gcc/testsuite/../g++ version 3.1.1 20020528 (prerelease)

		=== g77 tests ===


Running target unix

		=== g77 Summary ===

# of expected passes		1452
# of unsupported tests		8
/export/build/gnu/gcc-3.1/build-mipsel-linux/gcc/testsuite/../g77 version 3.1.1 20020528 (prerelease)

		=== gcc tests ===


Running target unix
FAIL: gcc.c-torture/compile/20001226-1.c,  -O0  
WARNING: program timed out.
FAIL: gcc.c-torture/compile/20001226-1.c,  -O2  
WARNING: program timed out.
FAIL: gcc.c-torture/compile/20001226-1.c,  -O3 -fomit-frame-pointer  
WARNING: program timed out.
FAIL: gcc.c-torture/compile/20001226-1.c,  -O3 -g  
WARNING: program timed out.
FAIL: gcc.c-torture/compile/20001226-1.c,  -Os  
FAIL: gcc.c-torture/execute/20010122-1.c execution,  -O0 
FAIL: gcc.c-torture/execute/20010122-1.c execution,  -O1 
FAIL: gcc.c-torture/execute/20010122-1.c execution,  -O2 
FAIL: gcc.c-torture/execute/20010122-1.c execution,  -O3 -fomit-frame-pointer 
FAIL: gcc.c-torture/execute/20010122-1.c execution,  -O3 -fomit-frame-pointer -funroll-loops 
FAIL: gcc.c-torture/execute/20010122-1.c execution,  -O3 -fomit-frame-pointer -funroll-all-loops -finline-functions 
FAIL: gcc.c-torture/execute/20010122-1.c execution,  -O3 -g 
FAIL: gcc.c-torture/execute/20010122-1.c execution,  -Os 
FAIL: gcc.c-torture/execute/20020307-2.c compilation,  -O0 
UNRESOLVED: gcc.c-torture/execute/20020307-2.c execution,  -O0 
FAIL: gcc.c-torture/execute/20020307-2.c compilation,  -O1 
UNRESOLVED: gcc.c-torture/execute/20020307-2.c execution,  -O1 
FAIL: gcc.c-torture/execute/20020307-2.c compilation,  -O2 
UNRESOLVED: gcc.c-torture/execute/20020307-2.c execution,  -O2 
FAIL: gcc.c-torture/execute/20020307-2.c compilation,  -O3 -fomit-frame-pointer 
UNRESOLVED: gcc.c-torture/execute/20020307-2.c execution,  -O3 -fomit-frame-pointer 
FAIL: gcc.c-torture/execute/20020307-2.c compilation,  -O3 -fomit-frame-pointer -funroll-loops 
UNRESOLVED: gcc.c-torture/execute/20020307-2.c execution,  -O3 -fomit-frame-pointer -funroll-loops 
FAIL: gcc.c-torture/execute/20020307-2.c compilation,  -O3 -fomit-frame-pointer -funroll-all-loops -finline-functions 
UNRESOLVED: gcc.c-torture/execute/20020307-2.c execution,  -O3 -fomit-frame-pointer -funroll-all-loops -finline-functions 
FAIL: gcc.c-torture/execute/20020307-2.c compilation,  -O3 -g 
UNRESOLVED: gcc.c-torture/execute/20020307-2.c execution,  -O3 -g 
FAIL: gcc.c-torture/execute/20020307-2.c compilation,  -Os 
UNRESOLVED: gcc.c-torture/execute/20020307-2.c execution,  -Os 
FAIL: gcc.c-torture/execute/va-arg-22.c execution,  -O1 
FAIL: gcc.dg/cpp/assert_trad1.c (test for excess errors)
FAIL: gcc.dg/cpp/assert_trad2.c (test for excess errors)
FAIL: gcc.dg/cpp/assert_trad3.c (test for excess errors)
FAIL: gcc.dg/cpp/defined_trad.c (test for excess errors)
FAIL: gcc.dg/cpp/hash2.c (test for excess errors)
FAIL: gcc.dg/cpp/tr-define.c (test for excess errors)
FAIL: gcc.dg/cpp/tr-direct.c (test for excess errors)
FAIL: gcc.dg/cpp/tr-paste.c (test for excess errors)
FAIL: gcc.dg/cpp/tr-str.c (test for excess errors)
FAIL: gcc.dg/cpp/uchar-2.c (test for excess errors)
FAIL: gcc.dg/asm-fs-1.c scan-assembler-not \\*_bar
FAIL: gcc.dg/asm-fs-1.c scan-assembler-not \\*_baz
FAIL: gcc.dg/ext-glob.c (test for excess errors)
FAIL: gcc.dg/special/gcsec-1.c (test for excess errors)

		=== gcc Summary ===

# of expected passes		18223
# of unexpected failures	36
# of expected failures		66
# of unresolved testcases	8
# of unsupported tests		115
/export/build/gnu/gcc-3.1/build-mipsel-linux/gcc/xgcc version 3.1.1 20020528 (prerelease)

		=== objc tests ===


Running target unix

		=== objc Summary ===

# of expected passes		1035
# of expected failures		6
/export/build/gnu/gcc-3.1/build-mipsel-linux/gcc/xgcc version 3.1.1 20020528 (prerelease)

		=== libstdc++-v3 tests ===


Running target unix
FAIL: 18_support/numeric_limits.cc execution test
XPASS: 22_locale/collate_byname.cc execution test
XPASS: 22_locale/collate_members_char.cc execution test
XPASS: 22_locale/collate_members_wchar_t.cc execution test
XPASS: 22_locale/ctype_is_char.cc execution test
XPASS: 22_locale/ctype_is_wchar_t.cc execution test
XPASS: 22_locale/members.cc execution test
XPASS: 22_locale/messages_byname.cc execution test
XPASS: 22_locale/messages_members_char.cc execution test
XPASS: 22_locale/money_get_members_char.cc execution test
XPASS: 22_locale/money_put_members_char.cc execution test
XPASS: 22_locale/moneypunct_byname.cc execution test
XPASS: 22_locale/moneypunct_members_char.cc execution test
XPASS: 22_locale/moneypunct_members_wchar_t.cc execution test
XPASS: 22_locale/num_get_members_char.cc execution test
XPASS: 22_locale/num_get_members_wchar_t.cc execution test
XPASS: 22_locale/num_put_members_char.cc execution test
XPASS: 22_locale/num_put_members_wchar_t.cc execution test
XPASS: 22_locale/numpunct_byname.cc execution test
XPASS: 22_locale/numpunct_members_char.cc execution test
XPASS: 22_locale/numpunct_members_wchar_t.cc execution test
XPASS: 22_locale/time_get_members_char.cc execution test
XPASS: 22_locale/time_get_members_wchar_t.cc execution test
XPASS: 22_locale/time_put_members_char.cc execution test
XPASS: 22_locale/time_put_members_wchar_t.cc execution test
FAIL: 26_numerics/c99_classification_macros_c.cc (test for excess errors)
WARNING: program timed out.
FAIL: thread/pthread4.cc execution test
FAIL: thread/pthread5.cc execution test
FAIL: thread/pthread6.cc execution test

		=== libstdc++-v3 Summary ===

# of expected passes		389
# of unexpected failures	5
# of unexpected successes	24
# of expected failures		2

Compiler version: 3.1.1 20020528 (prerelease) 
Platform: mipsel-pc-linux-gnu
configure flags: --host=mipsel-pc-linux-gnu --enable-clocale=gnu --enable-shared --enable-threads=posix --enable-haifa --disable-checking --prefix=/usr/gcc-3.1 --with-local-prefix=/usr/local


Index Nav: [Date Index] [Subject Index] [Author Index] [Thread Index]
Message Nav: [Date Prev] [Date Next] [Thread Prev] [Thread Next]