This is the mail archive of the
gcc-testresults@gcc.gnu.org
mailing list for the GCC project.
Results for 3.1.1 20020528 (prerelease) testsuite on alphaev56-unknown-linux-gnu
- From: "H . J . Lu" <hjl at lucon dot org>
- To: gcc-testresults at gcc dot gnu dot org
- Date: Wed, 29 May 2002 11:33:59 -0700
- Subject: Results for 3.1.1 20020528 (prerelease) testsuite on alphaev56-unknown-linux-gnu
LAST_UPDATED: Wed May 29 00:30:51 UTC 2002
Native configuration is alphaev56-unknown-linux-gnu
=== libjava tests ===
Running target unix
FAIL: StringBuffer_1 execution from source compiled test
FAIL: StringBuffer_1 execution from bytecode->native test
FAIL: StringBuffer_1 -O execution from source compiled test
FAIL: StringBuffer_1 -O execution from bytecode->native test
=== libjava Summary ===
# of expected passes 2067
# of unexpected failures 4
# of expected failures 18
# of untested testcases 18
=== libstdc++-v3 tests ===
Running target unix
XPASS: 22_locale/ctype_is_char.cc execution test
XPASS: 22_locale/ctype_is_wchar_t.cc execution test
XPASS: 22_locale/members.cc execution test
XPASS: 22_locale/messages_byname.cc execution test
XPASS: 22_locale/messages_members_char.cc execution test
XPASS: 22_locale/money_get_members_char.cc execution test
XPASS: 22_locale/money_put_members_char.cc execution test
XPASS: 22_locale/moneypunct_byname.cc execution test
XPASS: 22_locale/moneypunct_members_char.cc execution test
XPASS: 22_locale/moneypunct_members_wchar_t.cc execution test
XPASS: 22_locale/num_get_members_char.cc execution test
XPASS: 22_locale/num_get_members_wchar_t.cc execution test
XPASS: 22_locale/num_put_members_char.cc execution test
XPASS: 22_locale/num_put_members_wchar_t.cc execution test
XPASS: 22_locale/numpunct_byname.cc execution test
XPASS: 22_locale/numpunct_members_char.cc execution test
XPASS: 22_locale/numpunct_members_wchar_t.cc execution test
XPASS: 22_locale/time_get_members_char.cc execution test
XPASS: 22_locale/time_get_members_wchar_t.cc execution test
XPASS: 22_locale/time_put_members_char.cc execution test
XPASS: 22_locale/time_put_members_wchar_t.cc execution test
FAIL: 26_numerics/c99_classification_macros_c.cc (test for excess errors)
WARNING: program timed out.
FAIL: thread/pthread4.cc execution test
=== libstdc++-v3 Summary ===
# of expected passes 392
# of unexpected failures 2
# of unexpected successes 21
# of expected failures 5
=== g77 tests ===
Running target unix
=== g77 Summary ===
# of expected passes 1452
# of unsupported tests 8
/export/build/gnu/gcc-3.1/build-alpha-linux/gcc/testsuite/../g77 version 3.1.1 20020528 (prerelease)
=== gcc tests ===
Running target unix
XPASS: gcc.dg/c99-intconst-1.c (test for excess errors)
FAIL: gcc.dg/noncompile/920923-1.c (test for errors, line 111)
FAIL: gcc.dg/noncompile/920923-1.c (test for excess errors)
=== gcc Summary ===
# of expected passes 18265
# of unexpected failures 2
# of unexpected successes 1
# of expected failures 75
# of unsupported tests 110
/export/build/gnu/gcc-3.1/build-alpha-linux/gcc/xgcc version 3.1.1 20020528 (prerelease)
=== g++ tests ===
Running target unix
=== g++ Summary ===
# of expected passes 7163
# of expected failures 88
# of untested testcases 22
# of unsupported tests 5
/export/build/gnu/gcc-3.1/build-alpha-linux/gcc/testsuite/../g++ version 3.1.1 20020528 (prerelease)
=== objc tests ===
Running target unix
=== objc Summary ===
# of expected passes 1035
# of expected failures 6
/export/build/gnu/gcc-3.1/build-alpha-linux/gcc/xgcc version 3.1.1 20020528 (prerelease)
Compiler version: 3.1.1 20020528 (prerelease)
Platform: alphaev56-unknown-linux-gnu
configure flags: --host=alphaev56-unknown-linux-gnu --enable-clocale=gnu --with-system-zlib --enable-shared --enable-threads=posix --enable-haifa --disable-checking --prefix=/usr/gcc-3.1 --with-local-prefix=/usr/local