This is the mail archive of the gcc-testresults@gcc.gnu.org mailing list for the GCC project.


Index Nav: [Date Index] [Subject Index] [Author Index] [Thread Index]
Message Nav: [Date Prev] [Date Next] [Thread Prev] [Thread Next]
Other format: [Raw text]

Results for 3.1.1 20020528 (prerelease) testsuite on s390x-ibm-linux-gnu


Native configuration is s390x-ibm-linux-gnu

                === g++ tests ===


Running target unix

                === g++ Summary ===

# of expected passes            7160
# of expected failures          88
# of untested testcases         23
# of unsupported tests          5
/mnt/dasdc1/weigand/fsf/gcc-3_1-build/gcc/testsuite/../g++ version 3.1.1 20020528 (prerelease)

                === g77 tests ===


Running target unix

                === g77 Summary ===

# of expected passes            1452
# of unsupported tests          8
/mnt/dasdc1/weigand/fsf/gcc-3_1-build/gcc/testsuite/../g77 version 3.1.1 20020528 (prerelease)

                === gcc tests ===


Running target unix
XPASS: gcc.dg/c99-intconst-1.c (test for excess errors)

                === gcc Summary ===

# of expected passes            18267
# of unexpected successes       1
# of expected failures          65
# of unsupported tests          115
/mnt/dasdc1/weigand/fsf/gcc-3_1-build/gcc/xgcc version 3.1.1 20020528 (prerelease)

                === objc tests ===


Running target unix

                === objc Summary ===

# of expected passes            1035
# of expected failures          6
/mnt/dasdc1/weigand/fsf/gcc-3_1-build/gcc/xgcc version 3.1.1 20020528 (prerelease)

                === libstdc++-v3 tests ===


Running target unix
XPASS: 22_locale/collate_byname.cc execution test
XPASS: 22_locale/collate_members_char.cc execution test
XPASS: 22_locale/collate_members_wchar_t.cc execution test
XPASS: 22_locale/ctype_is_char.cc execution test
XPASS: 22_locale/ctype_is_wchar_t.cc execution test
XPASS: 22_locale/members.cc execution test
XPASS: 22_locale/messages_byname.cc execution test
XPASS: 22_locale/messages_members_char.cc execution test
XPASS: 22_locale/money_get_members_char.cc execution test
XPASS: 22_locale/money_put_members_char.cc execution test
XPASS: 22_locale/moneypunct_byname.cc execution test
XPASS: 22_locale/moneypunct_members_char.cc execution test
XPASS: 22_locale/moneypunct_members_wchar_t.cc execution test
XPASS: 22_locale/num_get_members_char.cc execution test
XPASS: 22_locale/num_get_members_wchar_t.cc execution test
XPASS: 22_locale/num_put_members_char.cc execution test
XPASS: 22_locale/num_put_members_wchar_t.cc execution test
XPASS: 22_locale/numpunct_byname.cc execution test
XPASS: 22_locale/numpunct_members_char.cc execution test
XPASS: 22_locale/numpunct_members_wchar_t.cc execution test
XPASS: 22_locale/time_get_members_char.cc execution test
XPASS: 22_locale/time_get_members_wchar_t.cc execution test
XPASS: 22_locale/time_put_members_char.cc execution test
XPASS: 22_locale/time_put_members_wchar_t.cc execution test
FAIL: 26_numerics/c99_classification_macros_c.cc (test for excess errors)

                === libstdc++-v3 Summary ===

# of expected passes            393
# of unexpected failures        1
# of unexpected successes       24
# of expected failures          2

Compiler version: 3.1.1 20020528 (prerelease)
Platform: s390x-ibm-linux-gnu
configure flags: --host=s390x-ibm-linux --enable-shared --enable-threads --prefix=/home/weigand/fsf/gcc-3_1-install



Index Nav: [Date Index] [Subject Index] [Author Index] [Thread Index]
Message Nav: [Date Prev] [Date Next] [Thread Prev] [Thread Next]