This is the mail archive of the
gcc-testresults@gcc.gnu.org
mailing list for the GCC project.
Results for 3.1 testsuite on i386-unknown-openbsd3.1
- From: Marc Espie <espie at smtp dot nerim dot net>
- To: gcc-testresults at gcc dot gnu dot org
- Date: Wed, 29 May 2002 14:43:08 +0200 (CEST)
- Subject: Results for 3.1 testsuite on i386-unknown-openbsd3.1
LAST_UPDATED:
Native configuration is i386-unknown-openbsd3.1
=== g++ tests ===
Running target unix
FAIL: g++.dg/special/conpr-1.C execution test
FAIL: g++.dg/special/conpr-2.C execution test
FAIL: g++.dg/special/conpr-3.C execution test
FAIL: g++.dg/special/conpr-3.C execution test
FAIL: g++.dg/special/initp1.C execution test
FAIL: g++.law/profile1.C (test for excess errors)
=== g++ Summary ===
# of expected passes 7105
# of unexpected failures 6
# of expected failures 89
# of untested testcases 15
# of unsupported tests 3
/vide/ports/lang/egcs/stable/w-gcc-3.1/build-i386/gcc/testsuite/../g++ version 3.1
=== g77 tests ===
Running target unix
=== g77 Summary ===
# of expected passes 1452
# of unsupported tests 8
/vide/ports/lang/egcs/stable/w-gcc-3.1/build-i386/gcc/testsuite/../g77 version 3.1
=== gcc tests ===
Running target unix
FAIL: gcc.c-torture/execute/20020402-1.c execution, -Os
FAIL: gcc.c-torture/execute/loop-2c.c execution, -Os
FAIL: gcc.c-torture/execute/loop-2d.c execution, -Os
FAIL: gcc.c-torture/execute/loop-3c.c execution, -Os
FAIL: gcc.c-torture/execute/ieee/rbug.c execution, -O0
FAIL: gcc.c-torture/execute/ieee/rbug.c execution, -O1
FAIL: gcc.c-torture/execute/ieee/rbug.c execution, -O2
FAIL: gcc.c-torture/execute/ieee/rbug.c execution, -Os
FAIL: gcc.dg/i386-mmx-1.c (test for excess errors)
FAIL: gcc.dg/i386-mmx-2.c (test for excess errors)
FAIL: gcc.dg/i386-sse-1.c (test for excess errors)
FAIL: gcc.dg/i386-sse-2.c (test for excess errors)
FAIL: gcc.dg/i386-sse-3.c (test for excess errors)
FAIL: gcc.dg/wchar_t-1.c (test for excess errors)
FAIL: gcc.dg/weak-2.c scan-assembler weak[^ ]*[ ]ffoo1a
FAIL: gcc.dg/weak-2.c scan-assembler weak[^ ]*[ ]ffoo1b
FAIL: gcc.dg/weak-2.c scan-assembler weak[^ ]*[ ]ffoo1c
FAIL: gcc.dg/weak-2.c scan-assembler weak[^ ]*[ ]ffoo1e
FAIL: gcc.dg/weak-3.c scan-assembler weak[^ ]*[ ]ffoo1a
FAIL: gcc.dg/weak-3.c scan-assembler weak[^ ]*[ ]ffoo1b
FAIL: gcc.dg/weak-3.c scan-assembler weak[^ ]*[ ]ffoo1c
FAIL: gcc.dg/weak-3.c scan-assembler weak[^ ]*[ ]ffoo1e
FAIL: gcc.dg/weak-3.c scan-assembler weak[^ ]*[ ]ffoo1f
FAIL: gcc.dg/weak-3.c scan-assembler weak[^ ]*[ ]ffoo1g
FAIL: gcc.dg/weak-4.c scan-assembler weak[^ ]*[ ]vfoo1a
FAIL: gcc.dg/weak-4.c scan-assembler weak[^ ]*[ ]vfoo1b
FAIL: gcc.dg/weak-4.c scan-assembler weak[^ ]*[ ]vfoo1c
FAIL: gcc.dg/weak-4.c scan-assembler weak[^ ]*[ ]vfoo1d
FAIL: gcc.dg/weak-4.c scan-assembler weak[^ ]*[ ]vfoo1e
FAIL: gcc.dg/weak-4.c scan-assembler weak[^ ]*[ ]vfoo1f
FAIL: gcc.dg/weak-4.c scan-assembler weak[^ ]*[ ]vfoo1g
FAIL: gcc.dg/weak-4.c scan-assembler weak[^ ]*[ ]vfoo1h
FAIL: gcc.dg/weak-4.c scan-assembler weak[^ ]*[ ]vfoo1i
FAIL: gcc.dg/weak-4.c scan-assembler weak[^ ]*[ ]vfoo1j
FAIL: gcc.dg/weak-4.c scan-assembler weak[^ ]*[ ]vfoo1k
FAIL: gcc.dg/wint_t-1.c (test for excess errors)
FAIL: gcc.dg/format/c99-scanf-3.c vfscanf (test for warnings, line 21)
FAIL: gcc.dg/format/c99-scanf-3.c vfscanf (test for warnings, line 21)
FAIL: gcc.dg/format/ext-6.c vfscanf (test for warnings, line 42)
FAIL: gcc.dg/format/ext-6.c vfscanf (test for warnings, line 42)
FAIL: gcc.dg/special/weak-1.c execution test
=== gcc Summary ===
# of expected passes 18203
# of unexpected failures 41
# of expected failures 66
# of unsupported tests 47
/vide/ports/lang/egcs/stable/w-gcc-3.1/build-i386/gcc/xgcc version 3.1
=== objc tests ===
Running target unix
=== objc Summary ===
# of expected passes 1036
# of expected failures 6
/vide/ports/lang/egcs/stable/w-gcc-3.1/build-i386/gcc/xgcc version 3.1
=== libjava tests ===
Running target unix
FAIL: linking calls
FAIL: linking cxxtest
FAIL: linking field
FAIL: linking final_method
FAIL: linking findclass
FAIL: linking invoke
FAIL: linking martin
FAIL: linking noclass
FAIL: linking overload
FAIL: linking register
FAIL: linking simple_int
FAIL: linking throwit
FAIL: linking virtual
FAIL: ArrayStore output from source compiled test
FAIL: ArrayStore -O output from source compiled test
FAIL: ArrayStore2 output from bytecode->native test
FAIL: ArrayStore2 -O output from bytecode->native test
FAIL: Array_1 output from source compiled test
FAIL: Array_1 output from bytecode->native test
FAIL: Array_1 -O output from source compiled test
FAIL: Array_1 -O output from bytecode->native test
FAIL: Array_2 output from source compiled test
FAIL: Array_2 output from bytecode->native test
FAIL: Array_2 -O output from source compiled test
FAIL: Array_2 -O output from bytecode->native test
FAIL: Array_3 execution from source compiled test
FAIL: Array_3 execution from bytecode->native test
FAIL: Array_3 -O execution from source compiled test
FAIL: Array_3 -O execution from bytecode->native test
FAIL: Class_1 output from source compiled test
FAIL: Class_1 output from bytecode->native test
FAIL: Class_1 -O output from source compiled test
FAIL: Class_1 -O output from bytecode->native test
FAIL: Divide_1 execution from source compiled test
FAIL: Divide_1 execution from bytecode->native test
FAIL: Divide_1 -O execution from source compiled test
FAIL: Divide_1 -O execution from bytecode->native test
FAIL: Final output from source compiled test
FAIL: Final output from bytecode->native test
FAIL: Final -O output from source compiled test
FAIL: Final -O output from bytecode->native test
FAIL: Float_1 output from source compiled test
FAIL: Float_1 output from bytecode->native test
FAIL: Float_1 -O output from source compiled test
FAIL: Float_1 -O output from bytecode->native test
FAIL: G19990301_01 output from source compiled test
FAIL: G19990301_01 output from bytecode->native test
FAIL: G19990301_01 -O output from source compiled test
FAIL: G19990301_01 -O output from bytecode->native test
FAIL: G19990302_02 output from source compiled test
FAIL: G19990302_02 output from bytecode->native test
FAIL: G19990302_02 -O output from source compiled test
FAIL: G19990302_02 -O output from bytecode->native test
FAIL: G19990303_01 output from source compiled test
FAIL: G19990303_01 output from bytecode->native test
FAIL: G19990303_01 -O output from source compiled test
FAIL: G19990303_01 -O output from bytecode->native test
FAIL: G19990303_02 output from source compiled test
FAIL: G19990303_02 output from bytecode->native test
FAIL: G19990303_02 -O output from source compiled test
FAIL: G19990303_02 -O output from bytecode->native test
FAIL: G19990304_01 output from source compiled test
FAIL: G19990304_01 output from bytecode->native test
FAIL: G19990304_01 -O output from source compiled test
FAIL: G19990304_01 -O output from bytecode->native test
FAIL: G19990310_01 output from source compiled test
FAIL: G19990310_01 output from bytecode->native test
FAIL: G19990310_01 -O output from source compiled test
FAIL: G19990310_01 -O output from bytecode->native test
FAIL: II output from source compiled test
FAIL: II output from bytecode->native test
FAIL: II -O output from source compiled test
FAIL: II -O output from bytecode->native test
FAIL: InterfaceDispatch output from source compiled test
FAIL: InterfaceDispatch output from bytecode->native test
FAIL: InterfaceDispatch -O output from source compiled test
FAIL: InterfaceDispatch -O output from bytecode->native test
FAIL: InvokeReturn execution from source compiled test
FAIL: InvokeReturn execution from bytecode->native test
FAIL: InvokeReturn -O execution from source compiled test
FAIL: InvokeReturn -O execution from bytecode->native test
FAIL: Invoke_1 output from source compiled test
FAIL: Invoke_1 output from bytecode->native test
FAIL: Invoke_1 -O output from source compiled test
FAIL: Invoke_1 -O output from bytecode->native test
FAIL: Invoke_2 output from source compiled test
FAIL: Invoke_2 output from bytecode->native test
FAIL: Invoke_2 -O output from source compiled test
FAIL: Invoke_2 -O output from bytecode->native test
FAIL: KeepInline output from source compiled test
FAIL: KeepInline output from bytecode->native test
FAIL: KeepInline -O output from source compiled test
FAIL: KeepInline -O output from bytecode->native test
FAIL: Matrix4f output from source compiled test
FAIL: Matrix4f output from bytecode->native test
FAIL: Matrix4f -O output from source compiled test
FAIL: Matrix4f -O output from bytecode->native test
FAIL: N19990310_02 output from source compiled test
FAIL: N19990310_02 output from bytecode->native test
FAIL: N19990310_02 -O output from source compiled test
FAIL: N19990310_02 -O output from bytecode->native test
FAIL: N19990310_3 output from source compiled test
FAIL: N19990310_3 output from bytecode->native test
FAIL: N19990310_3 -O output from source compiled test
FAIL: N19990310_3 -O output from bytecode->native test
FAIL: N19990310_4 output from source compiled test
FAIL: N19990310_4 output from bytecode->native test
FAIL: N19990310_4 -O output from source compiled test
FAIL: N19990310_4 -O output from bytecode->native test
FAIL: N19990310_5 output from source compiled test
FAIL: N19990310_5 output from bytecode->native test
FAIL: N19990310_5 -O output from source compiled test
FAIL: N19990310_5 -O output from bytecode->native test
FAIL: PR141 output from source compiled test
FAIL: PR141 output from bytecode->native test
FAIL: PR141 -O output from source compiled test
FAIL: PR141 -O output from bytecode->native test
FAIL: PR160 output from source compiled test
FAIL: PR160 output from bytecode->native test
FAIL: PR160 -O output from source compiled test
FAIL: PR160 -O output from bytecode->native test
FAIL: PR162 output from source compiled test
FAIL: PR162 output from bytecode->native test
FAIL: PR162 -O output from source compiled test
FAIL: PR162 -O output from bytecode->native test
FAIL: PR218 output from source compiled test
FAIL: PR218 output from bytecode->native test
FAIL: PR218 -O output from source compiled test
FAIL: PR218 -O output from bytecode->native test
FAIL: PR242 output from source compiled test
FAIL: PR242 output from bytecode->native test
FAIL: PR242 -O output from source compiled test
FAIL: PR242 -O output from bytecode->native test
FAIL: PR260 output from source compiled test
FAIL: PR260 output from bytecode->native test
FAIL: PR260 -O output from source compiled test
FAIL: PR260 -O output from bytecode->native test
FAIL: PR3096 output from source compiled test
FAIL: PR3096 output from bytecode->native test
FAIL: PR3096 -O output from source compiled test
FAIL: PR3096 -O output from bytecode->native test
FAIL: PR3731 output from source compiled test
FAIL: PR3731 output from bytecode->native test
FAIL: PR3731 -O output from source compiled test
FAIL: PR3731 -O output from bytecode->native test
FAIL: PR5057 output from source compiled test
FAIL: PR5057 output from bytecode->native test
FAIL: PR5057 -O output from source compiled test
FAIL: PR5057 -O output from bytecode->native test
FAIL: PR5057_2 output from source compiled test
FAIL: PR5057_2 output from bytecode->native test
FAIL: PR5057_2 -O output from source compiled test
FAIL: PR5057_2 -O output from bytecode->native test
FAIL: PR55 output from source compiled test
FAIL: PR55 output from bytecode->native test
FAIL: PR55 -O output from source compiled test
FAIL: PR55 -O output from bytecode->native test
FAIL: Primes output from source compiled test
FAIL: Primes output from bytecode->native test
FAIL: Primes -O output from source compiled test
FAIL: Primes -O output from bytecode->native test
FAIL: Shazam output from source compiled test
FAIL: Shazam output from bytecode->native test
FAIL: Shazam -O output from source compiled test
FAIL: Shazam -O output from bytecode->native test
FAIL: StringBuffer_1 output from source compiled test
FAIL: StringBuffer_1 output from bytecode->native test
FAIL: StringBuffer_1 -O output from source compiled test
FAIL: StringBuffer_1 -O output from bytecode->native test
FAIL: Synch output from source compiled test
FAIL: Synch output from bytecode->native test
FAIL: Synch -O output from source compiled test
FAIL: Synch -O output from bytecode->native test
FAIL: TLtest compilation from bytecode
FAIL: TLtest -O compilation from bytecode
FAIL: tmi output from source compiled test
FAIL: tmi output from bytecode->native test
FAIL: tmi -O output from source compiled test
FAIL: tmi -O output from bytecode->native test
FAIL: Throw_2 execution from source compiled test
FAIL: Throw_2 execution from bytecode->native test
FAIL: Throw_2 -O execution from source compiled test
FAIL: Throw_2 -O execution from bytecode->native test
FAIL: anfi output from source compiled test
FAIL: anfi output from bytecode->native test
FAIL: anfi -O output from source compiled test
FAIL: anfi -O output from bytecode->native test
FAIL: anon output from source compiled test
FAIL: anon output from bytecode->native test
FAIL: anon -O output from source compiled test
FAIL: anon -O output from bytecode->native test
FAIL: anon2 output from source compiled test
FAIL: anon2 output from bytecode->native test
FAIL: anon2 -O output from source compiled test
FAIL: anon2 -O output from bytecode->native test
FAIL: anon3 output from source compiled test
FAIL: anon3 output from bytecode->native test
FAIL: anon3 -O output from source compiled test
FAIL: anon3 -O output from bytecode->native test
FAIL: anon4 output from source compiled test
FAIL: anon4 output from bytecode->native test
FAIL: anon4 -O output from source compiled test
FAIL: anon4 -O output from bytecode->native test
FAIL: anon_ctor_itf_arg output from source compiled test
FAIL: anon_ctor_itf_arg output from bytecode->native test
FAIL: anon_ctor_itf_arg -O output from source compiled test
FAIL: anon_ctor_itf_arg -O output from bytecode->native test
FAIL: anonarray output from source compiled test
FAIL: anonarray output from bytecode->native test
FAIL: anonarray -O output from source compiled test
FAIL: anonarray -O output from bytecode->native test
FAIL: anonarray2 output from source compiled test
FAIL: anonarray2 output from bytecode->native test
FAIL: anonarray2 -O output from source compiled test
FAIL: anonarray2 -O output from bytecode->native test
FAIL: anonarray3 output from source compiled test
FAIL: anonarray3 output from bytecode->native test
FAIL: anonarray3 -O output from source compiled test
FAIL: anonarray3 -O output from bytecode->native test
FAIL: direct_read output from source compiled test
FAIL: direct_read output from bytecode->native test
FAIL: direct_read -O output from source compiled test
FAIL: direct_read -O output from bytecode->native test
FAIL: direct_write output from source compiled test
FAIL: direct_write output from bytecode->native test
FAIL: direct_write -O output from source compiled test
FAIL: direct_write -O output from bytecode->native test
FAIL: err1 output from source compiled test
FAIL: err1 output from bytecode->native test
FAIL: err1 -O output from source compiled test
FAIL: err1 -O output from bytecode->native test
FAIL: err10 output from source compiled test
FAIL: err10 output from bytecode->native test
FAIL: err10 -O output from source compiled test
FAIL: err10 -O output from bytecode->native test
FAIL: err11 output from source compiled test
FAIL: err11 output from bytecode->native test
FAIL: err11 -O output from source compiled test
FAIL: err11 -O output from bytecode->native test
FAIL: err12 output from source compiled test
FAIL: err12 output from bytecode->native test
FAIL: err12 -O output from source compiled test
FAIL: err12 -O output from bytecode->native test
FAIL: err13 output from source compiled test
FAIL: err13 output from bytecode->native test
FAIL: err13 -O output from source compiled test
FAIL: err13 -O output from bytecode->native test
FAIL: err2 output from source compiled test
FAIL: err2 output from bytecode->native test
FAIL: err2 -O output from source compiled test
FAIL: err2 -O output from bytecode->native test
FAIL: err3 output from source compiled test
FAIL: err3 output from bytecode->native test
FAIL: err3 -O output from source compiled test
FAIL: err3 -O output from bytecode->native test
FAIL: err4 output from source compiled test
FAIL: err4 output from bytecode->native test
FAIL: err4 -O output from source compiled test
FAIL: err4 -O output from bytecode->native test
FAIL: err5 output from source compiled test
FAIL: err5 output from bytecode->native test
FAIL: err5 -O output from source compiled test
FAIL: err5 -O output from bytecode->native test
FAIL: err6 output from source compiled test
FAIL: err6 output from bytecode->native test
FAIL: err6 -O output from source compiled test
FAIL: err6 -O output from bytecode->native test
FAIL: err7 output from source compiled test
FAIL: err7 output from bytecode->native test
FAIL: err7 -O output from source compiled test
FAIL: err7 -O output from bytecode->native test
FAIL: err8 output from source compiled test
FAIL: err8 output from bytecode->native test
FAIL: err8 -O output from source compiled test
FAIL: err8 -O output from bytecode->native test
FAIL: err9 output from source compiled test
FAIL: err9 output from bytecode->native test
FAIL: err9 -O output from source compiled test
FAIL: err9 -O output from bytecode->native test
FAIL: final_inner output from source compiled test
FAIL: final_inner output from bytecode->native test
FAIL: final_inner -O output from source compiled test
FAIL: final_inner -O output from bytecode->native test
FAIL: final_int output from source compiled test
FAIL: final_int output from bytecode->native test
FAIL: final_int -O output from source compiled test
FAIL: final_int -O output from bytecode->native test
FAIL: final_static_and_friend output from source compiled test
FAIL: final_static_and_friend output from bytecode->native test
FAIL: final_static_and_friend -O output from source compiled test
FAIL: final_static_and_friend -O output from bytecode->native test
FAIL: indirect output from source compiled test
FAIL: indirect output from bytecode->native test
FAIL: indirect -O output from source compiled test
FAIL: indirect -O output from bytecode->native test
FAIL: indirect_read output from source compiled test
FAIL: indirect_read output from bytecode->native test
FAIL: indirect_read -O output from source compiled test
FAIL: indirect_read -O output from bytecode->native test
FAIL: indirect_write output from source compiled test
FAIL: indirect_write output from bytecode->native test
FAIL: indirect_write -O output from source compiled test
FAIL: indirect_write -O output from bytecode->native test
FAIL: inner1 output from source compiled test
FAIL: inner1 output from bytecode->native test
FAIL: inner1 -O output from source compiled test
FAIL: inner1 -O output from bytecode->native test
FAIL: inner2 output from source compiled test
FAIL: inner2 output from bytecode->native test
FAIL: inner2 -O output from source compiled test
FAIL: inner2 -O output from bytecode->native test
FAIL: inner3 output from source compiled test
FAIL: inner3 output from bytecode->native test
FAIL: inner3 -O output from source compiled test
FAIL: inner3 -O output from bytecode->native test
FAIL: inner4 output from source compiled test
FAIL: inner4 output from bytecode->native test
FAIL: inner4 -O output from source compiled test
FAIL: inner4 -O output from bytecode->native test
FAIL: inner_array output from source compiled test
FAIL: inner_array output from bytecode->native test
FAIL: inner_array -O output from source compiled test
FAIL: inner_array -O output from bytecode->native test
FAIL: inner_interface output from source compiled test
FAIL: inner_interface output from bytecode->native test
FAIL: inner_interface -O output from source compiled test
FAIL: inner_interface -O output from bytecode->native test
FAIL: instance output from source compiled test
FAIL: instance output from bytecode->native test
FAIL: instance -O output from source compiled test
FAIL: instance -O output from bytecode->native test
FAIL: instinit output from source compiled test
FAIL: instinit output from bytecode->native test
FAIL: instinit -O output from source compiled test
FAIL: instinit -O output from bytecode->native test
FAIL: instinit2 output from source compiled test
FAIL: instinit2 output from bytecode->native test
FAIL: instinit2 -O output from source compiled test
FAIL: instinit2 -O output from bytecode->native test
FAIL: invoke_from_inner output from source compiled test
FAIL: invoke_from_inner output from bytecode->native test
FAIL: invoke_from_inner -O output from source compiled test
FAIL: invoke_from_inner -O output from bytecode->native test
FAIL: invokethrow execution from source compiled test
FAIL: invokethrow execution from bytecode->native test
FAIL: invokethrow -O execution from source compiled test
FAIL: invokethrow -O execution from bytecode->native test
FAIL: klass output from source compiled test
FAIL: klass output from bytecode->native test
FAIL: klass -O output from source compiled test
FAIL: klass -O output from bytecode->native test
FAIL: multiple_finit output from source compiled test
FAIL: multiple_finit output from bytecode->native test
FAIL: multiple_finit -O output from source compiled test
FAIL: multiple_finit -O output from bytecode->native test
FAIL: negzero output from source compiled test
FAIL: negzero output from bytecode->native test
FAIL: negzero -O output from source compiled test
FAIL: negzero -O output from bytecode->native test
FAIL: nested_with_ctor output from source compiled test
FAIL: nested_with_ctor output from bytecode->native test
FAIL: nested_with_ctor -O output from source compiled test
FAIL: nested_with_ctor -O output from bytecode->native test
FAIL: pr109 output from source compiled test
FAIL: pr109 output from bytecode->native test
FAIL: pr109 -O output from source compiled test
FAIL: pr109 -O output from bytecode->native test
FAIL: pr133 output from source compiled test
FAIL: pr133 output from bytecode->native test
FAIL: pr133 -O output from source compiled test
FAIL: pr133 -O output from bytecode->native test
FAIL: pr179 output from source compiled test
FAIL: pr179 output from bytecode->native test
FAIL: pr179 -O output from source compiled test
FAIL: pr179 -O output from bytecode->native test
FAIL: pr184 output from source compiled test
FAIL: pr184 output from bytecode->native test
FAIL: pr184 -O output from source compiled test
FAIL: pr184 -O output from bytecode->native test
FAIL: pr83 output from source compiled test
FAIL: pr83 output from bytecode->native test
FAIL: pr83 -O output from source compiled test
FAIL: pr83 -O output from bytecode->native test
FAIL: private_direct_read output from source compiled test
FAIL: private_direct_read output from bytecode->native test
FAIL: private_direct_read -O output from source compiled test
FAIL: private_direct_read -O output from bytecode->native test
FAIL: stringconst output from bytecode->native test
FAIL: stringconst -O output from bytecode->native test
FAIL: search_outer output from source compiled test
FAIL: search_outer output from bytecode->native test
FAIL: search_outer -O output from source compiled test
FAIL: search_outer -O output from bytecode->native test
FAIL: stringconst2 output from source compiled test
FAIL: stringconst2 output from bytecode->native test
FAIL: stringconst2 -O output from source compiled test
FAIL: stringconst2 -O output from bytecode->native test
FAIL: stub output from source compiled test
FAIL: stub output from bytecode->native test
FAIL: stub -O output from source compiled test
FAIL: stub -O output from bytecode->native test
FAIL: test_long output from source compiled test
FAIL: test_long output from bytecode->native test
FAIL: test_long -O output from source compiled test
FAIL: test_long -O output from bytecode->native test
FAIL: tp output from source compiled test
FAIL: tp output from bytecode->native test
FAIL: tp -O output from source compiled test
FAIL: tp -O output from bytecode->native test
FAIL: update_outer output from source compiled test
FAIL: update_outer output from bytecode->native test
FAIL: update_outer -O output from source compiled test
FAIL: update_outer -O output from bytecode->native test
=== libjava Summary ===
# of expected passes 1549
# of unexpected failures 413
# of expected failures 31
# of untested testcases 114
=== libstdc++-v3 tests ===
Running target unix
FAIL: 18_support/numeric_limits.cc execution test
XPASS: 22_locale/collate_members_wchar_t.cc execution test
XPASS: 22_locale/money_get_members_wchar_t.cc execution test
XPASS: 22_locale/money_put_members_wchar_t.cc execution test
XPASS: 22_locale/moneypunct_members_wchar_t.cc execution test
XPASS: 22_locale/num_get_members_wchar_t.cc execution test
XPASS: 22_locale/num_put_members_wchar_t.cc execution test
XPASS: 22_locale/numpunct_members_wchar_t.cc execution test
XPASS: 22_locale/time_get_members_wchar_t.cc execution test
XPASS: 22_locale/time_put_members_wchar_t.cc execution test
=== libstdc++-v3 Summary ===
# of expected passes 362
# of unexpected failures 1
# of unexpected successes 9
# of expected failures 16
# of unsupported tests 6
Compiler version: 3.1
Platform: i386-unknown-openbsd3.1
configure flags: --host=i386-unknown-openbsd3.1 --verbose --program-transform-name=s,^,e, --disable-nls --with-system-zlib --enable-cpp --enable-languages=c,c++,f77,objc,java,ada --enable-sjlj-exceptions --with-gnu-as --with-gnu-ld --enable-shared --prefix=\${DESTDIR}/usr/local --sysconfdir=\${DESTDIR}/etc