This is the mail archive of the
gcc-testresults@gcc.gnu.org
mailing list for the GCC project.
Results for 3.1 testsuite on sparc-sun-solaris2.8
- From: ggibson4 at csc dot com
- To: gcc-testresults at gcc dot gnu dot org
- Date: Tue, 28 May 2002 12:13:04 -0700 (PDT)
- Subject: Results for 3.1 testsuite on sparc-sun-solaris2.8
LAST_UPDATED:
Native configuration is sparc-sun-solaris2.8
=== g++ tests ===
Running target unix
=== g++ Summary ===
# of expected passes 7169
# of expected failures 88
# of untested testcases 21
# of unsupported tests 3
/at01/gnu/bld/gcc/testsuite/../g++ version 3.1
=== g77 tests ===
Running target unix
=== g77 Summary ===
# of expected passes 1452
# of unsupported tests 8
/at01/gnu/bld/gcc/testsuite/../g77 version 3.1
=== gcc tests ===
Running target unix
WARNING: program timed out.
FAIL: gcc.c-torture/compile/20001226-1.c, -O3 -g
WARNING: program timed out.
FAIL: gcc.c-torture/compile/20001226-1.c, -Os
=== gcc Summary ===
# of expected passes 18262
# of unexpected failures 2
# of expected failures 63
# of unsupported tests 107
/at01/gnu/bld/gcc/xgcc version 3.1
=== objc tests ===
Running target unix
=== objc Summary ===
# of expected passes 1036
# of expected failures 6
/at01/gnu/bld/gcc/xgcc version 3.1
=== libstdc++-v3 tests ===
Running target unix
XPASS: 22_locale/collate_members_wchar_t.cc execution test
XPASS: 22_locale/money_get_members_wchar_t.cc execution test
XPASS: 22_locale/money_put_members_wchar_t.cc execution test
XPASS: 22_locale/moneypunct_members_wchar_t.cc execution test
XPASS: 22_locale/num_get_members_wchar_t.cc execution test
XPASS: 22_locale/num_put_members_wchar_t.cc execution test
XPASS: 22_locale/numpunct_members_wchar_t.cc execution test
XPASS: 22_locale/time_get_members_wchar_t.cc execution test
XPASS: 22_locale/time_put_members_wchar_t.cc execution test
FAIL: 27_io/istream_extractor_arith.cc execution test
WARNING: program timed out.
FAIL: thread/pthread4.cc execution test
=== libstdc++-v3 Summary ===
# of expected passes 373
# of unexpected failures 2
# of unexpected successes 9
# of expected failures 16
Compiler version: 3.1
Platform: sparc-sun-solaris2.8
configure flags: --host=sparc-sun-solaris2.8 --prefix=/opt/GNU/gcc31 --enable-shared --with-gnu-as --with-as=/usr/local/bin/as --with-gnu-ld --with-ld=/usr/local/bin/ld --enable-threads=posix --enable-languages=c,c++,f77,objc --disable-win32-registry --disable-nls