This is the mail archive of the
gcc-testresults@gcc.gnu.org
mailing list for the GCC project.
Results for 3.2 20020526 (experimental) gcc testsuite on i686-pc-linux-gnu
- From: Neil Booth <neil at daikokuya dot demon dot co dot uk>
- To: gcc-testresults at gcc dot gnu dot org
- Date: Mon, 27 May 2002 07:00:39 +0100
- Subject: Results for 3.2 20020526 (experimental) gcc testsuite on i686-pc-linux-gnu
LAST_UPDATED:
Native configuration is i686-pc-linux-gnu
=== gcc tests ===
Running target unix
FAIL: gcc.c-torture/execute/20000402-1.c execution, -O0
FAIL: gcc.c-torture/execute/20000402-1.c execution, -O1
FAIL: gcc.c-torture/execute/20000402-1.c execution, -O2
FAIL: gcc.c-torture/execute/20000402-1.c execution, -O3 -fomit-frame-pointer
FAIL: gcc.c-torture/execute/20000402-1.c execution, -O3 -g
FAIL: gcc.c-torture/execute/20000402-1.c execution, -Os
FAIL: gcc.c-torture/execute/20020402-1.c execution, -Os
FAIL: gcc.c-torture/execute/20020412-1.c execution, -O1
FAIL: gcc.c-torture/execute/20020412-1.c execution, -O2
FAIL: gcc.c-torture/execute/20020412-1.c execution, -O3 -fomit-frame-pointer
FAIL: gcc.c-torture/execute/20020412-1.c execution, -O3 -fomit-frame-pointer -funroll-loops
FAIL: gcc.c-torture/execute/20020412-1.c execution, -O3 -fomit-frame-pointer -funroll-all-loops -finline-functions
FAIL: gcc.c-torture/execute/20020412-1.c execution, -O3 -g
FAIL: cmdlne-dM-M.c: #define line not printed
=== gcc Summary ===
# of expected passes 19050
# of unexpected failures 14
# of expected failures 64
# of unsupported tests 50
/home/neil/src/gcc/build/gcc/xgcc version 3.2 20020526 (experimental)
Compiler version: 3.2 20020526 (experimental) gcc
Platform: i686-pc-linux-gnu
configure flags: --host=i686-pc-linux-gnu --enable-shared --enable-threads=posix --enable-languages=c