This is the mail archive of the gcc-testresults@gcc.gnu.org mailing list for the GCC project.


Index Nav: [Date Index] [Subject Index] [Author Index] [Thread Index]
Message Nav: [Date Prev] [Date Next] [Thread Prev] [Thread Next]
Other format: [Raw text]

Results for 3.2 20020525 (experimental) testsuite on mmix-knuth-mmixware


Variations may appear at times due to local patches applied to GCC,
testsuite and DejaGNU.  Host compiler is pristine gcc-2.95.3, C only.

LAST_UPDATED: Sun May 26 02:44:30 GMT 2002

Target is mmix-knuth-mmixware
Host   is i686-pc-linux-gnu

		=== g77 tests ===


Running target mmixware-sim
FAIL: g77.f-torture/execute/970625-2.f compilation,  -O1

		=== g77 Summary ===

# of expected passes		1471
# of unexpected failures	1
# of expected failures		80
# of untested testcases		49
# of unsupported tests		9
/mnt/miscb3/builds2/mmixware-sim/gcc/testsuite/../g77 version 3.2 20020525 (experimental)

Host   is i686-pc-linux-gnu

		=== gcc tests ===


Running target mmixware-sim
FAIL: gcc.c-torture/compile/20001226-1.c,  -O3 -g
FAIL: gcc.c-torture/compile/20001226-1.c,  -Os
FAIL: cmdlne-dM-M.c: #define line not printed
XPASS: gcc.dg/c99-intconst-1.c (test for excess errors)

		=== gcc Summary ===

# of expected passes		18408
# of unexpected failures	3
# of unexpected successes	1
# of expected failures		73
# of unsupported tests		132
/mnt/miscb3/builds2/mmixware-sim/gcc/xgcc version 3.2 20020525 (experimental)

Host   is i686-pc-linux-gnu

		=== g++ tests ===


Running target mmixware-sim
FAIL: g++.dg/template/typename2.C (test for excess errors)
FAIL: g++.dg/warn/Wunused-2.C  (test for warnings, line 5)

		=== g++ Summary ===

# of expected passes		7101
# of unexpected failures	2
# of expected failures		87
# of untested testcases		32
# of unsupported tests		7
/mnt/miscb3/builds2/mmixware-sim/gcc/testsuite/../g++ version 3.2 20020525 (experimental)

Host   is i686-pc-linux-gnu

		=== objc tests ===


Running target mmixware-sim

		=== objc Summary ===

# of expected passes		1035
# of expected failures		6
/mnt/miscb3/builds2/mmixware-sim/gcc/xgcc version 3.2 20020525 (experimental)

Host   is mmix-knuth-mmixware

		=== libstdc++-v3 tests ===


Running target mmixware-sim
FAIL: 21_strings/ctor_copy_dtor.cc execution test
FAIL: 21_strings/insert.cc execution test
XPASS: 22_locale/collate_members_wchar_t.cc execution test
FAIL: 22_locale/ctype_is_wchar_t.cc (test for excess errors)
WARNING: 22_locale/ctype_is_wchar_t.cc compilation failed to produce executable
FAIL: 22_locale/ctype_narrow_wchar_t.cc (test for excess errors)
WARNING: 22_locale/ctype_narrow_wchar_t.cc compilation failed to produce executable
FAIL: 22_locale/ctype_to_wchar_t.cc (test for excess errors)
WARNING: 22_locale/ctype_to_wchar_t.cc compilation failed to produce executable
FAIL: 22_locale/ctype_widen_wchar_t.cc (test for excess errors)
WARNING: 22_locale/ctype_widen_wchar_t.cc compilation failed to produce executable
XPASS: 22_locale/money_get_members_wchar_t.cc execution test
XPASS: 22_locale/money_put_members_wchar_t.cc execution test
XPASS: 22_locale/moneypunct_members_wchar_t.cc execution test
XPASS: 22_locale/num_get_members_wchar_t.cc execution test
XPASS: 22_locale/num_put_members_wchar_t.cc execution test
XPASS: 22_locale/numpunct_members_wchar_t.cc execution test
XPASS: 22_locale/time_get_members_wchar_t.cc execution test
XPASS: 22_locale/time_put_members_wchar_t.cc execution test
WARNING: program timed out.
FAIL: 23_containers/bitset_shift.cc execution test
FAIL: 27_io/filebuf_members.cc (test for excess errors)
WARNING: 27_io/filebuf_members.cc compilation failed to produce executable
FAIL: 27_io/filebuf_virtuals.cc execution test
FAIL: 27_io/ios_base_members_static.cc execution test
FAIL: 27_io/ios_base_storage.cc execution test

		=== libstdc++-v3 Summary ===

# of expected passes		369
# of unexpected failures	11
# of unexpected successes	9
# of expected failures		16
# of unsupported tests		6

Compiler version: 3.2 20020525 (experimental)
Platform: mmix-knuth-mmixware
configure flags: --host=i686-pc-linux-gnu --target=mmix


Index Nav: [Date Index] [Subject Index] [Author Index] [Thread Index]
Message Nav: [Date Prev] [Date Next] [Thread Prev] [Thread Next]