This is the mail archive of the gcc-testresults@gcc.gnu.org mailing list for the GCC project.


Index Nav: [Date Index] [Subject Index] [Author Index] [Thread Index]
Message Nav: [Date Prev] [Date Next] [Thread Prev] [Thread Next]
Other format: [Raw text]

Results for 3.2 20020524 (experimental) testsuite on mips-sgi-irix6.2


LAST_UPDATED: 
Native configuration is mips-sgi-irix6.2

		=== g++ tests ===


Running target unix
FAIL: g++.dg/ext/instantiate2.C scan-assembler 
FAIL: g++.dg/template/typename2.C (test for excess errors)
FAIL: g++.dg/warn/Wunused-2.C  (test for warnings, line 5)

		=== g++ Summary ===

# of expected passes		7126
# of unexpected failures	3
# of expected failures		95
# of untested testcases		23
# of unsupported tests		4
/caip/u99/ghazi/gcc-testing/build/gcc/testsuite/../g++ version 3.2 20020524 (experimental)

		=== g77 tests ===


Running target unix
FAIL: g77.f-torture/execute/6367.f execution,  -O0 
FAIL: g77.f-torture/execute/6367.f execution,  -O1 
FAIL: g77.f-torture/execute/6367.f execution,  -O2 
FAIL: g77.f-torture/execute/6367.f execution,  -O3 -fomit-frame-pointer 
FAIL: g77.f-torture/execute/6367.f execution,  -O3 -fomit-frame-pointer -funroll-loops 
FAIL: g77.f-torture/execute/6367.f execution,  -O3 -fomit-frame-pointer -funroll-all-loops -finline-functions 
FAIL: g77.f-torture/execute/6367.f execution,  -O3 -g 
FAIL: g77.f-torture/execute/6367.f execution,  -Os 

		=== g77 Summary ===

# of expected passes		1618
# of unexpected failures	8
# of unsupported tests		8
/caip/u99/ghazi/gcc-testing/build/gcc/testsuite/../g77 version 3.2 20020524 (experimental)

		=== gcc tests ===


Running target unix
WARNING: program timed out.
FAIL: gcc.c-torture/compile/20001226-1.c,  -O2  
WARNING: program timed out.
FAIL: gcc.c-torture/compile/20001226-1.c,  -O3 -fomit-frame-pointer  
WARNING: program timed out.
FAIL: gcc.c-torture/compile/20001226-1.c,  -O3 -g  
WARNING: program timed out.
FAIL: gcc.c-torture/compile/20001226-1.c,  -Os  
FAIL: gcc.c-torture/execute/20020412-1.c execution,  -O0 
FAIL: gcc.c-torture/execute/20020412-1.c execution,  -O1 
FAIL: gcc.c-torture/execute/20020412-1.c execution,  -O2 
FAIL: gcc.c-torture/execute/20020412-1.c execution,  -O3 -fomit-frame-pointer 
FAIL: gcc.c-torture/execute/20020412-1.c execution,  -O3 -fomit-frame-pointer -funroll-loops 
FAIL: gcc.c-torture/execute/20020412-1.c execution,  -O3 -fomit-frame-pointer -funroll-all-loops -finline-functions 
FAIL: gcc.c-torture/execute/20020412-1.c execution,  -O3 -g 
FAIL: gcc.c-torture/execute/20020412-1.c execution,  -Os 
FAIL: cmdlne-dM-M.c: #define line not printed

		=== gcc Summary ===

# of expected passes		18197
# of unexpected failures	13
# of expected failures		117
# of unsupported tests		129
/caip/u99/ghazi/gcc-testing/build/gcc/xgcc version 3.2 20020524 (experimental)

		=== objc tests ===


Running target unix

		=== objc Summary ===

# of expected passes		1035
# of expected failures		6
/caip/u99/ghazi/gcc-testing/build/gcc/xgcc version 3.2 20020524 (experimental)

		=== libstdc++-v3 tests ===


Running target unix
XPASS: 22_locale/collate_members_wchar_t.cc execution test
FAIL: 22_locale/ctype_is_wchar_t.cc (test for excess errors)
WARNING: 22_locale/ctype_is_wchar_t.cc compilation failed to produce executable
FAIL: 22_locale/ctype_narrow_wchar_t.cc (test for excess errors)
WARNING: 22_locale/ctype_narrow_wchar_t.cc compilation failed to produce executable
FAIL: 22_locale/ctype_to_wchar_t.cc (test for excess errors)
WARNING: 22_locale/ctype_to_wchar_t.cc compilation failed to produce executable
FAIL: 22_locale/ctype_widen_wchar_t.cc (test for excess errors)
WARNING: 22_locale/ctype_widen_wchar_t.cc compilation failed to produce executable
XPASS: 22_locale/money_get_members_wchar_t.cc execution test
XPASS: 22_locale/money_put_members_wchar_t.cc execution test
XPASS: 22_locale/moneypunct_members_wchar_t.cc execution test
XPASS: 22_locale/num_get_members_wchar_t.cc execution test
XPASS: 22_locale/num_put_members_wchar_t.cc execution test
XPASS: 22_locale/numpunct_members_wchar_t.cc execution test
XPASS: 22_locale/time_get_members_wchar_t.cc execution test
XPASS: 22_locale/time_put_members_wchar_t.cc execution test
FAIL: 27_io/ios_base_storage.cc execution test
FAIL: 27_io/ostream_inserter_arith.cc execution test

		=== libstdc++-v3 Summary ===

# of expected passes		375
# of unexpected failures	6
# of unexpected successes	9
# of expected failures		16
# of unsupported tests		6

Compiler version: 3.2 20020524 (experimental) 
Platform: mips-sgi-irix6.2
configure flags: --host=mips-sgi-irix6.2 --verbose


Index Nav: [Date Index] [Subject Index] [Author Index] [Thread Index]
Message Nav: [Date Prev] [Date Next] [Thread Prev] [Thread Next]