This is the mail archive of the gcc-testresults@gcc.gnu.org mailing list for the GCC project.


Index Nav: [Date Index] [Subject Index] [Author Index] [Thread Index]
Message Nav: [Date Prev] [Date Next] [Thread Prev] [Thread Next]
Other format: [Raw text]

Results for 3.2 20020523 (experimental) testsuite on alpha-unknown-netbsd


LAST_UPDATED: Thu May 23 20:15:54 UTC 2002

Native configuration is alpha-unknown-netbsd

		=== libstdc++-v3 tests ===


Running target unix
XPASS: 22_locale/collate_members_wchar_t.cc execution test
FAIL: 22_locale/ctype_scan_char.cc execution test
XPASS: 22_locale/ctype_scan_wchar_t.cc execution test
XPASS: 22_locale/money_get_members_wchar_t.cc execution test
XPASS: 22_locale/money_put_members_wchar_t.cc execution test
XPASS: 22_locale/moneypunct_members_wchar_t.cc execution test
XPASS: 22_locale/num_get_members_wchar_t.cc execution test
XPASS: 22_locale/num_put_members_wchar_t.cc execution test
XPASS: 22_locale/numpunct_members_wchar_t.cc execution test
XPASS: 22_locale/time_get_members_wchar_t.cc execution test
XPASS: 22_locale/time_put_members_wchar_t.cc execution test
FAIL: 23_containers/list_modifiers.cc execution test
FAIL: 23_containers/vector_ctor.cc execution test
FAIL: 23_containers/vector_modifiers.cc execution test

		=== libstdc++-v3 Summary ===

# of expected passes		364
# of unexpected failures	4
# of unexpected successes	10
# of expected failures		16
# of unsupported tests		6
		=== g++ tests ===


Running target unix
FAIL: g++.dg/parse/stack1.C (test for excess errors)
FAIL: g++.dg/template/typename2.C (test for excess errors)
FAIL: g++.dg/warn/Wunused-2.C  (test for warnings, line 5)
FAIL: g++.law/profile1.C  Execution test

		=== g++ Summary ===

# of expected passes		7320
# of unexpected failures	4
# of expected failures		87
# of untested testcases		22
# of unsupported tests		4
/u2/hack/gnu-toolchain/gcc/build/alpha-alpha/gcc/testsuite/../g++ version 3.2 20020523 (experimental)

		=== g77 tests ===


Running target unix
FAIL: g77.f-torture/execute/6367.f execution,  -O0 
FAIL: g77.f-torture/execute/6367.f execution,  -O1 
FAIL: g77.f-torture/execute/6367.f execution,  -O2 
FAIL: g77.f-torture/execute/6367.f execution,  -O3 -fomit-frame-pointer 
FAIL: g77.f-torture/execute/6367.f execution,  -O3 -fomit-frame-pointer -funroll-loops 
FAIL: g77.f-torture/execute/6367.f execution,  -O3 -fomit-frame-pointer -funroll-all-loops -finline-functions 
FAIL: g77.f-torture/execute/6367.f execution,  -O3 -g 
FAIL: g77.f-torture/execute/6367.f execution,  -Os 

		=== g77 Summary ===

# of expected passes		1618
# of unexpected failures	8
# of unsupported tests		8
/u2/hack/gnu-toolchain/gcc/build/alpha-alpha/gcc/testsuite/../g77 version 3.2 20020523 (experimental)

		=== gcc tests ===


Running target unix
FAIL: gcc.c-torture/execute/960218-1.c compilation,  -O0 
UNRESOLVED: gcc.c-torture/execute/960218-1.c execution,  -O0 
FAIL: gcc.c-torture/execute/960218-1.c compilation,  -O1 
UNRESOLVED: gcc.c-torture/execute/960218-1.c execution,  -O1 
FAIL: gcc.c-torture/execute/960218-1.c compilation,  -O2 
UNRESOLVED: gcc.c-torture/execute/960218-1.c execution,  -O2 
FAIL: gcc.c-torture/execute/960218-1.c compilation,  -O3 -fomit-frame-pointer 
UNRESOLVED: gcc.c-torture/execute/960218-1.c execution,  -O3 -fomit-frame-pointer 
FAIL: gcc.c-torture/execute/960218-1.c compilation,  -O3 -fomit-frame-pointer -funroll-loops 
UNRESOLVED: gcc.c-torture/execute/960218-1.c execution,  -O3 -fomit-frame-pointer -funroll-loops 
FAIL: gcc.c-torture/execute/960218-1.c compilation,  -O3 -fomit-frame-pointer -funroll-all-loops -finline-functions 
UNRESOLVED: gcc.c-torture/execute/960218-1.c execution,  -O3 -fomit-frame-pointer -funroll-all-loops -finline-functions 
FAIL: gcc.c-torture/execute/960218-1.c compilation,  -Os 
UNRESOLVED: gcc.c-torture/execute/960218-1.c execution,  -Os 
FAIL: gcc.c-torture/execute/ieee/rbug.c execution,  -O0 
FAIL: gcc.c-torture/execute/ieee/rbug.c execution,  -O1 
FAIL: gcc.c-torture/execute/ieee/rbug.c execution,  -O2 
FAIL: gcc.c-torture/execute/ieee/rbug.c execution,  -Os 
FAIL: cmdlne-dM-M.c: #define line not printed
FAIL: gcc.dg/20010912-1.c (test for excess errors)
WARNING: gcc.dg/20010912-1.c compilation failed to produce executable
XPASS: gcc.dg/c99-intconst-1.c (test for excess errors)
FAIL: gcc.dg/gnu89-init-1.c (test for excess errors)
FAIL: gcc.dg/format/c99-scanf-3.c vfscanf (test for warnings, line 21)
FAIL: gcc.dg/format/c99-scanf-3.c vfscanf (test for warnings, line 21)
FAIL: gcc.dg/format/ext-6.c vfscanf (test for warnings, line 42)
FAIL: gcc.dg/format/ext-6.c vfscanf (test for warnings, line 42)

		=== gcc Summary ===

# of expected passes		18548
# of unexpected failures	18
# of unexpected successes	1
# of expected failures		75
# of unresolved testcases	7
# of unsupported tests		119
/u2/hack/gnu-toolchain/gcc/build/alpha-alpha/gcc/xgcc version 3.2 20020523 (experimental)

		=== objc tests ===


Running target unix

		=== objc Summary ===

# of expected passes		1035
# of expected failures		6
/u2/hack/gnu-toolchain/gcc/build/alpha-alpha/gcc/xgcc version 3.2 20020523 (experimental)


Compiler version: 3.2 20020523 (experimental) 
Platform: alpha-unknown-netbsd
configure flags: --disable-shared --prefix=/usr/local/gnu --host=alpha-unknown-netbsd --target=alpha-unknown-netbsd


Index Nav: [Date Index] [Subject Index] [Author Index] [Thread Index]
Message Nav: [Date Prev] [Date Next] [Thread Prev] [Thread Next]