This is the mail archive of the gcc-testresults@gcc.gnu.org mailing list for the GCC project.


Index Nav: [Date Index] [Subject Index] [Author Index] [Thread Index]
Message Nav: [Date Prev] [Date Next] [Thread Prev] [Thread Next]
Other format: [Raw text]

Results for 3.2 20020523 (experimental) testsuite on sparc-suse-linux-gnu


This includes the patch
http://gcc.gnu.org/ml/gcc-patches/2002-05/msg01802.html by Jakub
Jelinek which fixes a bug in a test case I made. My test case is also
included in the mentioned patch.

Robert

LAST_UPDATED: Thu May 23 22:20:47 UTC 2002

Native configuration is sparc-suse-linux-gnu

		=== g++ tests ===


Running target unix
FAIL: g++.dg/template/typename2.C (test for excess errors)
FAIL: g++.dg/warn/Wunused-2.C  (test for warnings, line 5)

		=== g++ Summary ===

# of expected passes		7324
# of unexpected failures	2
# of expected failures		87
# of untested testcases		22
# of unsupported tests		4
/local/gccbuild/gcc/testsuite/../g++ version 3.2 20020523 (experimental)

		=== g77 tests ===


Running target unix
FAIL: g77.f-torture/execute/6367.f execution,  -O0 
FAIL: g77.f-torture/execute/6367.f execution,  -O1 
FAIL: g77.f-torture/execute/6367.f execution,  -O2 
FAIL: g77.f-torture/execute/6367.f execution,  -O3 -fomit-frame-pointer 
FAIL: g77.f-torture/execute/6367.f execution,  -O3 -fomit-frame-pointer -funroll-loops 
FAIL: g77.f-torture/execute/6367.f execution,  -O3 -fomit-frame-pointer -funroll-all-loops -finline-functions 
FAIL: g77.f-torture/execute/6367.f execution,  -O3 -g 
FAIL: g77.f-torture/execute/6367.f execution,  -Os 

		=== g77 Summary ===

# of expected passes		1618
# of unexpected failures	8
# of unsupported tests		8
/local/gccbuild/gcc/testsuite/../g77 version 3.2 20020523 (experimental)

		=== gcc tests ===


Running target unix
FAIL: cmdlne-dM-M.c: #define line not printed
FAIL: gcc.dg/noncompile/920923-1.c  (test for errors, line 111)
FAIL: gcc.dg/noncompile/920923-1.c (test for excess errors)

		=== gcc Summary ===

# of expected passes		18592
# of unexpected failures	3
# of expected failures		66
# of unsupported tests		115
/local/gccbuild/gcc/xgcc version 3.2 20020523 (experimental)

		=== objc tests ===


Running target unix

		=== objc Summary ===

# of expected passes		1035
# of expected failures		6
/local/gccbuild/gcc/xgcc version 3.2 20020523 (experimental)

		=== libjava tests ===


Running target unix
FAIL: calls run
FAIL: field run
FAIL: final_method run
FAIL: findclass run
FAIL: invoke run
FAIL: martin run
FAIL: noclass run
FAIL: overload run
FAIL: register run
FAIL: simple_int run
FAIL: throwit run
FAIL: virtual run
FAIL: cxxtest run
FAIL: KeepInline output from source compiled test
FAIL: KeepInline output from bytecode->native test
FAIL: KeepInline -O output from source compiled test
FAIL: KeepInline -O output from bytecode->native test
FAIL: PR6729 output from source compiled test
FAIL: PR6729 -O output from source compiled test

		=== libjava Summary ===

# of expected passes		2126
# of unexpected failures	19
# of expected failures		18
# of untested testcases		27
		=== libstdc++-v3 tests ===


Running target unix
XPASS: 22_locale/ctype_scan_wchar_t.cc execution test
XPASS: 22_locale/time_put_members_char.cc execution test
XPASS: 22_locale/time_put_members_wchar_t.cc execution test
FAIL: 26_numerics/c99_classification_macros_c.cc (test for excess errors)

		=== libstdc++-v3 Summary ===

# of expected passes		379
# of unexpected failures	1
# of unexpected successes	3
# of expected failures		23

Compiler version: 3.2 20020523 (experimental) 
Platform: sparc-suse-linux-gnu
configure flags: --host=sparc-suse-linux --enable-threads=posix --enable-long-long --prefix=/opt/Pkg/Linux/sparc64/gcc32 --enable-languages=c,c++,f77,objc,java --disable-nls --enable-shared


Index Nav: [Date Index] [Subject Index] [Author Index] [Thread Index]
Message Nav: [Date Prev] [Date Next] [Thread Prev] [Thread Next]