This is the mail archive of the
gcc-testresults@gcc.gnu.org
mailing list for the GCC project.
Results for 3.2 20020521 (experimental) testsuite on ia64-suse-linux-gnu
- From: Andreas Schwab <schwab at suse dot de>
- To: gcc-testresults at gcc dot gnu dot org
- Date: Wed, 22 May 2002 22:25:21 +0200
- Subject: Results for 3.2 20020521 (experimental) testsuite on ia64-suse-linux-gnu
LAST_UPDATED: Wed May 22 08:36:51 UTC 2002
Native configuration is ia64-suse-linux-gnu
=== g++ tests ===
Running target unix
FAIL: g++.dg/template/typename2.C (test for excess errors)
FAIL: g++.dg/warn/Wunused-2.C (test for warnings, line 5)
FAIL: g++.pt/repo3.C (test for excess errors)
WARNING: program timed out.
FAIL: g++.robertl/eh990323-1.C (test for excess errors)
=== g++ Summary ===
# of expected passes 7137
# of unexpected failures 4
# of expected failures 88
# of untested testcases 23
# of unsupported tests 4
/tmp/cvs/gcc-20020522/Build/gcc/testsuite/../g++ version 3.2 20020521 (experimental)
=== g77 tests ===
Running target unix
FAIL: g77.f-torture/compile/960317-1.f, -O0
FAIL: g77.f-torture/compile/960317-1.f, -O1
FAIL: g77.f-torture/compile/960317-1.f, -O2
FAIL: g77.f-torture/compile/960317-1.f, -O3 -fomit-frame-pointer
FAIL: g77.f-torture/compile/960317-1.f, -O3 -g
FAIL: g77.f-torture/compile/960317-1.f, -Os
WARNING: program timed out.
FAIL: g77.f-torture/compile/980310-3.f, -O0
WARNING: program timed out.
FAIL: g77.f-torture/execute/20010430.f compilation, -O0
FAIL: g77.f-torture/execute/6367.f execution, -O0
FAIL: g77.f-torture/execute/6367.f execution, -O1
FAIL: g77.f-torture/execute/6367.f execution, -O2
FAIL: g77.f-torture/execute/6367.f execution, -O3 -fomit-frame-pointer
FAIL: g77.f-torture/execute/6367.f execution, -O3 -fomit-frame-pointer -funroll-loops
FAIL: g77.f-torture/execute/6367.f execution, -O3 -fomit-frame-pointer -funroll-all-loops -finline-functions
FAIL: g77.f-torture/execute/6367.f execution, -O3 -g
FAIL: g77.f-torture/execute/6367.f execution, -Os
WARNING: program timed out.
FAIL: g77.f-torture/execute/f90-intrinsic-bit.f compilation, -O0
=== g77 Summary ===
# of expected passes 1607
# of unexpected failures 17
# of untested testcases 2
# of unsupported tests 8
/tmp/cvs/gcc-20020522/Build/gcc/testsuite/../g77 version 3.2 20020521 (experimental)
=== gcc tests ===
Running target unix
FAIL: gcc.c-torture/compile/20000326-2.c, -O0
FAIL: gcc.c-torture/compile/20000326-2.c, -O1
FAIL: gcc.c-torture/compile/20000326-2.c, -O2
FAIL: gcc.c-torture/compile/20000326-2.c, -O3 -fomit-frame-pointer
FAIL: gcc.c-torture/compile/20000326-2.c, -O3 -g
FAIL: gcc.c-torture/compile/20000326-2.c, -Os
FAIL: gcc.c-torture/compile/20000518-1.c, -O1
FAIL: gcc.c-torture/compile/20000518-1.c, -O2
FAIL: gcc.c-torture/compile/20000518-1.c, -O3 -fomit-frame-pointer
FAIL: gcc.c-torture/compile/20000518-1.c, -O3 -g
FAIL: gcc.c-torture/compile/20000518-1.c, -Os
FAIL: gcc.c-torture/compile/920501-1.c, -O0
FAIL: gcc.c-torture/compile/920501-7.c, -O1
FAIL: gcc.c-torture/compile/920501-7.c, -O2
FAIL: gcc.c-torture/compile/920501-7.c, -O3 -fomit-frame-pointer
FAIL: gcc.c-torture/compile/920501-7.c, -O3 -g
FAIL: gcc.c-torture/compile/920501-7.c, -Os
FAIL: gcc.c-torture/compile/labels-1.c, -O0
FAIL: gcc.c-torture/compile/labels-1.c, -O1
FAIL: gcc.c-torture/compile/labels-1.c, -O2
FAIL: gcc.c-torture/compile/labels-1.c, -O3 -fomit-frame-pointer
FAIL: gcc.c-torture/compile/labels-1.c, -O3 -g
FAIL: gcc.c-torture/compile/labels-1.c, -Os
FAIL: gcc.c-torture/compile/labels-2.c, -O0
FAIL: gcc.c-torture/compile/labels-2.c, -O1
FAIL: gcc.c-torture/compile/labels-2.c, -O2
FAIL: gcc.c-torture/compile/labels-2.c, -O3 -fomit-frame-pointer
FAIL: gcc.c-torture/compile/labels-2.c, -O3 -g
FAIL: gcc.c-torture/compile/labels-2.c, -Os
FAIL: gcc.c-torture/execute/20011219-1.c compilation, -O2
UNRESOLVED: gcc.c-torture/execute/20011219-1.c execution, -O2
FAIL: gcc.c-torture/execute/20011219-1.c compilation, -Os
UNRESOLVED: gcc.c-torture/execute/20011219-1.c execution, -Os
FAIL: gcc.c-torture/execute/990208-1.c compilation, -O0
UNRESOLVED: gcc.c-torture/execute/990208-1.c execution, -O0
FAIL: gcc.c-torture/execute/990208-1.c compilation, -O1
UNRESOLVED: gcc.c-torture/execute/990208-1.c execution, -O1
FAIL: gcc.c-torture/execute/990208-1.c compilation, -O2
UNRESOLVED: gcc.c-torture/execute/990208-1.c execution, -O2
FAIL: gcc.c-torture/execute/990208-1.c compilation, -O3 -fomit-frame-pointer
UNRESOLVED: gcc.c-torture/execute/990208-1.c execution, -O3 -fomit-frame-pointer
FAIL: gcc.c-torture/execute/990208-1.c compilation, -O3 -g
UNRESOLVED: gcc.c-torture/execute/990208-1.c execution, -O3 -g
FAIL: gcc.c-torture/execute/990208-1.c compilation, -Os
UNRESOLVED: gcc.c-torture/execute/990208-1.c execution, -Os
FAIL: cmdlne-dM-M.c: #define line not printed
FAIL: gcc.dg/20000707-1.c (test for excess errors)
XPASS: gcc.dg/c99-intconst-1.c (test for excess errors)
=== gcc Summary ===
# of expected passes 18172
# of unexpected failures 39
# of unexpected successes 1
# of expected failures 82
# of unresolved testcases 8
# of unsupported tests 112
/tmp/cvs/gcc-20020522/Build/gcc/xgcc version 3.2 20020521 (experimental)
=== objc tests ===
Running target unix
FAIL: objc.dg/const-str-2.m (test for errors, line 5)
=== objc Summary ===
# of expected passes 1035
# of unexpected failures 1
# of expected failures 6
/tmp/cvs/gcc-20020522/Build/gcc/xgcc version 3.2 20020521 (experimental)
=== libjava tests ===
Running target unix
FAIL: calls run
WARNING: program timed out.
FAIL: cxxtest run
FAIL: field run
FAIL: final_method run
FAIL: findclass run
FAIL: invoke run
FAIL: martin run
FAIL: noclass run
FAIL: overload run
FAIL: register run
FAIL: simple_int run
FAIL: throwit run
FAIL: virtual run
FAIL: KeepInline output from source compiled test
FAIL: KeepInline output from bytecode->native test
FAIL: KeepInline -O output from source compiled test
FAIL: KeepInline -O output from bytecode->native test
WARNING: program timed out.
FAIL: Thread_Wait_2 compilation from bytecode
=== libjava Summary ===
# of expected passes 2111
# of unexpected failures 18
# of expected failures 18
# of untested testcases 29
=== libstdc++-v3 tests ===
Running target unix
XPASS: 22_locale/collate_byname.cc execution test
XPASS: 22_locale/collate_members_char.cc execution test
XPASS: 22_locale/collate_members_wchar_t.cc execution test
XPASS: 22_locale/ctype_members_char.cc execution test
XPASS: 22_locale/ctype_scan_wchar_t.cc execution test
XPASS: 22_locale/members.cc execution test
XPASS: 22_locale/messages_byname.cc execution test
XPASS: 22_locale/messages_members_char.cc execution test
XPASS: 22_locale/money_get_members_char.cc execution test
XPASS: 22_locale/money_put_members_char.cc execution test
XPASS: 22_locale/moneypunct_byname.cc execution test
XPASS: 22_locale/moneypunct_members_char.cc execution test
XPASS: 22_locale/moneypunct_members_wchar_t.cc execution test
WARNING: program timed out.
FAIL: 22_locale/num_get_members_char.cc (test for excess errors)
WARNING: 22_locale/num_get_members_char.cc compilation failed to produce executable
WARNING: program timed out.
FAIL: 22_locale/num_get_members_wchar_t.cc (test for excess errors)
WARNING: 22_locale/num_get_members_wchar_t.cc compilation failed to produce executable
XPASS: 22_locale/num_put_members_char.cc execution test
XPASS: 22_locale/num_put_members_wchar_t.cc execution test
XPASS: 22_locale/numpunct_byname.cc execution test
XPASS: 22_locale/numpunct_members_char.cc execution test
XPASS: 22_locale/numpunct_members_wchar_t.cc execution test
XPASS: 22_locale/time_get_members_char.cc execution test
XPASS: 22_locale/time_get_members_wchar_t.cc execution test
XPASS: 22_locale/time_put_members_char.cc execution test
XPASS: 22_locale/time_put_members_wchar_t.cc execution test
WARNING: program timed out.
FAIL: 23_containers/bitset_shift.cc (test for excess errors)
WARNING: 23_containers/bitset_shift.cc compilation failed to produce executable
WARNING: program timed out.
FAIL: 23_containers/list_capacity.cc (test for excess errors)
WARNING: 23_containers/list_capacity.cc compilation failed to produce executable
WARNING: program timed out.
FAIL: 23_containers/list_ctor.cc (test for excess errors)
WARNING: 23_containers/list_ctor.cc compilation failed to produce executable
WARNING: program timed out.
FAIL: 23_containers/vector_modifiers.cc (test for excess errors)
WARNING: 23_containers/vector_modifiers.cc compilation failed to produce executable
WARNING: program timed out.
FAIL: 24_iterators/istreambuf_iterator.cc (test for excess errors)
WARNING: 24_iterators/istreambuf_iterator.cc compilation failed to produce executable
WARNING: program timed out.
FAIL: 24_iterators/ostreambuf_iterator.cc (test for excess errors)
WARNING: 24_iterators/ostreambuf_iterator.cc compilation failed to produce executable
FAIL: 26_numerics/c99_classification_macros_c.cc (test for excess errors)
WARNING: program timed out.
FAIL: 27_io/istream_extractor_arith.cc (test for excess errors)
WARNING: 27_io/istream_extractor_arith.cc compilation failed to produce executable
WARNING: program timed out.
FAIL: 27_io/ostream_inserter_char.cc (test for excess errors)
WARNING: 27_io/ostream_inserter_char.cc compilation failed to produce executable
=== libstdc++-v3 Summary ===
# of expected passes 361
# of unexpected failures 11
# of unexpected successes 22
# of expected failures 2
Compiler version: 3.2 20020521 (experimental)
Platform: ia64-suse-linux-gnu
configure flags: --host=ia64-suse-linux --enable-shared --enable-threads --with-system-zlib