This is the mail archive of the gcc-testresults@gcc.gnu.org mailing list for the GCC project.


Index Nav: [Date Index] [Subject Index] [Author Index] [Thread Index]
Message Nav: [Date Prev] [Date Next] [Thread Prev] [Thread Next]
Other format: [Raw text]

Results for 3.1.1 20020521 (prerelease) testsuite on ia64-unknown-linux-gnu


LAST_UPDATED: Wed May 22 08:33:59 UTC 2002

Native configuration is ia64-unknown-linux-gnu

		=== g77 tests ===


Running target unix

		=== g77 Summary ===

# of expected passes		1452
# of unsupported tests		8
/builds/gcc-3_1-branch/ia64/obj/gcc/testsuite/../g77 version 3.1.1 20020521 (prerelease)

		=== gcc tests ===


Running target unix
XPASS: gcc.c-torture/compile/920625-1.c,  -O2  
XPASS: gcc.c-torture/compile/920625-1.c,  -O3 -fomit-frame-pointer  
XPASS: gcc.c-torture/compile/920625-1.c,  -O3 -fomit-frame-pointer -funroll-loops  
XPASS: gcc.c-torture/compile/920625-1.c,  -O3 -fomit-frame-pointer -funroll-all-loops -finline-functions  
XPASS: gcc.c-torture/compile/920625-1.c,  -O3 -g  
XPASS: gcc.c-torture/compile/920625-1.c,  -Os  
XPASS: gcc.c-torture/compile/981223-1.c,  -O2  
XPASS: gcc.c-torture/compile/981223-1.c,  -O3 -fomit-frame-pointer  
XPASS: gcc.c-torture/compile/981223-1.c,  -O3 -g  
XPASS: gcc.c-torture/compile/981223-1.c,  -Os  
FAIL: gcc.c-torture/execute/x.c execution,  -O0 
FAIL: gcc.c-torture/execute/x.c execution,  -O1 
FAIL: gcc.c-torture/execute/x.c execution,  -O2 
FAIL: gcc.c-torture/execute/x.c execution,  -O3 -fomit-frame-pointer 
FAIL: gcc.c-torture/execute/x.c execution,  -O3 -g 
FAIL: gcc.c-torture/execute/x.c execution,  -Os 
XPASS: gcc.dg/c99-intconst-1.c (test for excess errors)

		=== gcc Summary ===

# of expected passes		17911
# of unexpected failures	6
# of unexpected successes	11
# of expected failures		73
# of unsupported tests		106
/builds/gcc-3_1-branch/ia64/obj/gcc/xgcc version 3.1.1 20020521 (prerelease)

		=== g++ tests ===


Running target unix
FAIL: g++.dg/eh/filter1.C execution test
FAIL: g++.dg/eh/loop1.C execution test
FAIL: g++.dg/eh/omit-frame-pointer.C execution test
FAIL: g++.dg/eh/registers1.C execution test
FAIL: g++.dg/eh/template1.C execution test
FAIL: g++.dg/eh/unexpected1.C execution test
FAIL: g++.abi/cxa_vec.C  Execution test
FAIL: g++.brendan/eh1.C  Execution test
FAIL: g++.eh/badalloc1.C  Execution test
FAIL: g++.eh/catch11.C  Execution test
FAIL: g++.eh/catch12.C  Execution test
FAIL: g++.eh/catch3.C  Execution test
FAIL: g++.eh/catch3p.C  Execution test
FAIL: g++.eh/catch4.C  Execution test
FAIL: g++.eh/catch4p.C  Execution test
FAIL: g++.eh/catch5.C  Execution test
FAIL: g++.eh/catch5p.C  Execution test
FAIL: g++.eh/catch6.C  Execution test
FAIL: g++.eh/catch6p.C  Execution test
FAIL: g++.eh/catch7.C  Execution test
FAIL: g++.eh/catch7p.C  Execution test
FAIL: g++.eh/catch8.C  Execution test
FAIL: g++.eh/catch8p.C  Execution test
FAIL: g++.eh/catch9.C  Execution test
FAIL: g++.eh/catch9p.C  Execution test
FAIL: g++.eh/catchptr1.C  Execution test
FAIL: g++.eh/cleanup1.C  Execution test
FAIL: g++.eh/cleanup2.C  Execution test
FAIL: g++.eh/flow1.C  Execution test
FAIL: g++.eh/fntry1.C  Execution test
FAIL: g++.eh/ia64-1.C  Execution test
FAIL: g++.eh/inline2.C  Execution test
FAIL: g++.eh/new1.C  Execution test
FAIL: g++.eh/new2.C  Execution test
FAIL: g++.eh/pdel1.C  Execution test
FAIL: g++.eh/pdel2.C  Execution test
FAIL: g++.eh/ptr1.C  Execution test
FAIL: g++.eh/ptrmem1.C  Execution test
FAIL: g++.eh/rethrow1.C  Execution test
FAIL: g++.eh/rethrow2.C  Execution test
FAIL: g++.eh/rethrow3.C  Execution test
FAIL: g++.eh/rethrow4.C  Execution test
FAIL: g++.eh/rethrow5.C  Execution test
FAIL: g++.eh/rethrow6.C  Execution test
FAIL: g++.eh/spec1.C  Execution test
FAIL: g++.eh/spec2.C  Execution test
FAIL: g++.eh/spec3.C  Execution test
FAIL: g++.eh/tmpl1.C  Execution test
FAIL: g++.eh/unwind1.C  Execution test
FAIL: g++.eh/vbase1.C  Execution test
FAIL: g++.eh/vbase2.C  Execution test
FAIL: g++.eh/vbase4.C  Execution test
FAIL: g++.martin/new1.C  Execution test
FAIL: g++.mike/dyncast1.C  Execution test
FAIL: g++.mike/dyncast2.C  Execution test
FAIL: g++.mike/eh10.C  Execution test
FAIL: g++.mike/eh12.C  Execution test
FAIL: g++.mike/eh14.C  Execution test
FAIL: g++.mike/eh16.C  Execution test
FAIL: g++.mike/eh17.C  Execution test
FAIL: g++.mike/eh18.C  Execution test
FAIL: g++.mike/eh2.C  Execution test
FAIL: g++.mike/eh21.C  Execution test
FAIL: g++.mike/eh24.C  Execution test
FAIL: g++.mike/eh25.C  Execution test
FAIL: g++.mike/eh26.C  Execution test
FAIL: g++.mike/eh27.C  Execution test
FAIL: g++.mike/eh28.C  Execution test
FAIL: g++.mike/eh29.C  Execution test
FAIL: g++.mike/eh3.C  Execution test
FAIL: g++.mike/eh31.C  Execution test
FAIL: g++.mike/eh33.C  Execution test
FAIL: g++.mike/eh34.C  Execution test
FAIL: g++.mike/eh35.C  Execution test
FAIL: g++.mike/eh36.C  Execution test
FAIL: g++.mike/eh37.C  Execution test
FAIL: g++.mike/eh38.C  Execution test
FAIL: g++.mike/eh39.C  Execution test
FAIL: g++.mike/eh40.C  Execution test
FAIL: g++.mike/eh41.C  Execution test
FAIL: g++.mike/eh42.C  Execution test
FAIL: g++.mike/eh44.C  Execution test
FAIL: g++.mike/eh47.C  Execution test
FAIL: g++.mike/eh48.C  Execution test
FAIL: g++.mike/eh49.C  Execution test
FAIL: g++.mike/eh5.C  Execution test
FAIL: g++.mike/eh50.C  Execution test
FAIL: g++.mike/eh51.C  Execution test
FAIL: g++.mike/eh6.C  Execution test
FAIL: g++.mike/eh8.C  Execution test
FAIL: g++.mike/p7912.C  Execution test
FAIL: g++.mike/p9706.C  Execution test
FAIL: g++.oliva/delete3.C  Execution test
FAIL: g++.oliva/new1.C  Execution test
FAIL: g++.other/array1.C  Execution test
FAIL: g++.other/eh3.C  Execution test
FAIL: g++.other/init7.C  Execution test
FAIL: g++.other/new7.C  Execution test
FAIL: g++.other/singleton.C  Execution test
FAIL: g++.other/vbase2.C  Execution test
FAIL: g++.pt/fntry1.C  Execution test
FAIL: g++.robertl/eb31.C  Execution test
FAIL: g++.robertl/eb50.C  Execution test
FAIL: g++.robertl/eb66.C  Execution test
FAIL: g++.robertl/eb88.C  Execution test
FAIL: g++.robertl/eh990323-1.C  Execution test
FAIL: g++.robertl/eh990323-2.C  Execution test
FAIL: g++.robertl/eh990323-3.C  Execution test
FAIL: g++.robertl/eh990323-4.C  Execution test
FAIL: g++.robertl/eh990323-5.C  Execution test
FAIL: g++.robertl/ice990323-2.C  Execution test

		=== g++ Summary ===

# of expected passes		6920
# of unexpected failures	111
# of expected failures		88
# of untested testcases		23
# of unsupported tests		4
/builds/gcc-3_1-branch/ia64/obj/gcc/testsuite/../g++ version 3.1.1 20020521 (prerelease)

		=== objc tests ===


Running target unix

		=== objc Summary ===

# of expected passes		1036
# of expected failures		6
/builds/gcc-3_1-branch/ia64/obj/gcc/xgcc version 3.1.1 20020521 (prerelease)

		=== libjava tests ===


Running target unix
FAIL: gnu.testlet.java.io.File.jdk11: getCanonicalPath () java.io.IOException: No such file or directory (number 1)
FAIL: gnu.testlet.java.lang.Integer.IntegerTest: Error: test_Basics failed - 1 (number 1)
FAIL: gnu.testlet.java.lang.Math.MathTest: Error : test_pow failed - 9 (number 1)
FAIL: Compile gnu/testlet/java/lang/Math/min.o for gnu.testlet.java.lang.Math.min
WARNING: program timed out.
FAIL: gnu.testlet.java.lang.StringBuffer.plus (number 1)
FAIL: gnu.testlet.java.net.ServerSocket.ServerSocketTest: Error : test_params failed - 4toString did not return proper values  (number 1)
FAIL: gnu.testlet.java.net.Socket.SocketTest: Error : test_Basics failed - 7 exception should not have been thrown here (number 1)
FAIL: gnu.testlet.java.net.Socket.SocketTest: Error : test_params failed - 10 exception was thrown (number 1)
FAIL: gnu.testlet.java.net.Socket.SocketTest: Error : test_BasicServer failed - 7 len returned is not correct.  1 (number 1)
FAIL: gnu.testlet.java.net.URL.URLTest: openConnection (number 1)
FAIL: gnu.testlet.java.net.URL.URLTest: openConnection (number 2)
FAIL: gnu.testlet.java.net.URLConnection.URLConnectionTest: Error in test_getContentFunctions  - 1  content type was not correct  (number 1)
FAIL: gnu.testlet.java.net.URLConnection.URLConnectionTest: Error in test_getContentFunctions  - 3 size  was not correct  (number 1)
FAIL: gnu.testlet.java.net.URLConnection.URLConnectionTest: Error in test_getContentFunctions  - 4 getContent did not return proper results  (number 1)
FAIL: gnu.testlet.java.net.URLConnection.URLConnectionTest: Error in test_getHeaderField  - 0  0 header field wrong (number 1)
FAIL: gnu.testlet.java.net.URLConnection.URLConnectionTest: Error in test_getHeaderField  - 1  2 header field wrong (number 1)
FAIL: gnu.testlet.java.net.URLConnection.URLConnectionTest: Error in test_getHeaderField  - 3  5 header field wrong (number 1)
FAIL: gnu.testlet.java.net.URLConnection.URLConnectionTest: Error in test_getHeaderField  - 4  0 headerkey  field wrong (number 1)
FAIL: gnu.testlet.java.net.URLConnection.URLConnectionTest: Error in test_getHeaderField  - 7  3 headerkey field wrong (number 1)
FAIL: gnu.testlet.java.net.URLConnection.URLConnectionTest: Error in test_getHeaderField  - 8  4 headerkey field wrong (number 1)
FAIL: gnu.testlet.java.net.URLConnection.URLConnectionTest: Error in test_URLConnection  - 23  should not have raised  exception here  (number 1)
FAIL: Link for gnu.testlet.java.text.AttributedCharacterIterator.implement
FAIL: gnu.testlet.java.util.AbstractList.AcuniaAbstractListTest: should not throw a ConcurrentModificationException -- 3 (number 1)
FAIL: gnu.testlet.java.util.AbstractList.AcuniaAbstractListTest: got unwanted exception java.util.ConcurrentModificationException (number 1)
FAIL: Link for gnu.testlet.java.util.AbstractMap.AcuniaAbstractMapTest
FAIL: gnu.testlet.java.util.AbstractSequentialList.AcuniaAbstractSequentialListTest: should throw a ConcurrentModificationException -- 7 (number 1)
FAIL: gnu.testlet.java.util.ArrayList.AcuniaArrayListTest: should throw a ConcurrentModificationException -- 7 (number 1)
FAIL: gnu.testlet.java.util.HashMap.AcuniaHashMapTest: checking value of loadFactor, got 1.5 (number 1)
FAIL: gnu.testlet.java.util.HashMap.AcuniaHashMapTest: it.hasNext should not throw ConcurrentModificationException (number 1)
FAIL: gnu.testlet.java.util.HashMap.AcuniaHashMapTest: should throw an UnsupportedOperationException (number 1)
FAIL: gnu.testlet.java.util.LinkedList.AcuniaLinkedListTest: should throw a ConcurrentModificationException -- 7 (number 1)
FAIL: gnu.testlet.java.util.Vector.AcuniaVectorTest: should throw a ConcurrentModificationException -- set (number 1)
FAIL: gnu.testlet.java.util.Vector.AcuniaVectorTest: should throw a ConcurrentModificationException -- setElementAt (number 1)

		=== libjava Summary ===

# of expected passes		8488
# of unexpected failures	33
# of expected failures		84
# of untested testcases		14
		=== libstdc++-v3 tests ===


Running target unix
FAIL: 19_diagnostics/stdexceptions.cc execution test
FAIL: 21_strings/append.cc execution test
FAIL: 21_strings/ctor_copy_dtor.cc execution test
FAIL: 21_strings/element_access.cc execution test
FAIL: 21_strings/insert.cc execution test
FAIL: 21_strings/substr.cc execution test
XPASS: 22_locale/ctype_scan_wchar_t.cc execution test
XPASS: 22_locale/time_put_members_char.cc execution test
XPASS: 22_locale/time_put_members_wchar_t.cc execution test
FAIL: 23_containers/bitset_ctor.cc execution test
FAIL: 23_containers/bitset_members.cc execution test
FAIL: 23_containers/list_modifiers.cc execution test
FAIL: 23_containers/vector_element_access.cc execution test
FAIL: 26_numerics/c99_classification_macros_c.cc (test for excess errors)
FAIL: 27_io/ios_base_storage.cc execution test
FAIL: 27_io/ios_init.cc execution test
FAIL: 27_io/ios_members.cc execution test

		=== libstdc++-v3 Summary ===

# of expected passes		364
# of unexpected failures	14
# of unexpected successes	3
# of expected failures		23

Compiler version: 3.1.1 20020521 (prerelease) 
Platform: ia64-unknown-linux-gnu
configure flags: --host=ia64-unknown-linux --prefix=/builds/gcc-3_1-branch/ia64/install --enable-shared --enable-threads

Red Hat Linux release 7.1.94 (Roswell)
Linux kernel 2.4.18
glibc-2.2.4
binutils-2.12.90.0.4
dejagnu-1.4.2
mauve-snapshot-2002-04-08


Index Nav: [Date Index] [Subject Index] [Author Index] [Thread Index]
Message Nav: [Date Prev] [Date Next] [Thread Prev] [Thread Next]