This is the mail archive of the gcc-testresults@gcc.gnu.org mailing list for the GCC project.


Index Nav: [Date Index] [Subject Index] [Author Index] [Thread Index]
Message Nav: [Date Prev] [Date Next] [Thread Prev] [Thread Next]
Other format: [Raw text]

Results for 3.2 20020521 (experimental) testsuite on powerpc-unknown-linux-gnu


Environment:
  binutils-2.12.90.0.7
  glibc-2.2.5
  linux-2.4.19pre1

Local modifications:
 - reject hard regs in CSE for constant replacement



LAST_UPDATED: Tue May 21 09:09:24 UTC 2002

Native configuration is powerpc-unknown-linux-gnu

		=== g77 tests ===


Running target unix/-O2
FAIL: g77.dg/gcov/gcov-1.f gcov: 3 failures in line counts, 7 in branch percentages, 0 in return percentages
FAIL: g77.f-torture/execute/6367.f execution,  -O0 
FAIL: g77.f-torture/execute/6367.f execution,  -O1 
FAIL: g77.f-torture/execute/6367.f execution,  -O2 
FAIL: g77.f-torture/execute/6367.f execution,  -O3 -fomit-frame-pointer 
FAIL: g77.f-torture/execute/6367.f execution,  -O3 -fomit-frame-pointer -funroll-loops 
FAIL: g77.f-torture/execute/6367.f execution,  -O3 -fomit-frame-pointer -funroll-all-loops -finline-functions 
FAIL: g77.f-torture/execute/6367.f execution,  -O3 -g 
FAIL: g77.f-torture/execute/6367.f execution,  -Os 

		=== g77 Summary for unix/-O2 ===

# of expected passes		1617
# of unexpected failures	9
# of unsupported tests		8

Running target unix/-fpic
FAIL: g77.f-torture/execute/6367.f execution,  -O0 
FAIL: g77.f-torture/execute/6367.f execution,  -O1 
FAIL: g77.f-torture/execute/6367.f execution,  -O2 
FAIL: g77.f-torture/execute/6367.f execution,  -O3 -fomit-frame-pointer 
FAIL: g77.f-torture/execute/6367.f execution,  -O3 -fomit-frame-pointer -funroll-loops 
FAIL: g77.f-torture/execute/6367.f execution,  -O3 -fomit-frame-pointer -funroll-all-loops -finline-functions 
FAIL: g77.f-torture/execute/6367.f execution,  -O3 -g 
FAIL: g77.f-torture/execute/6367.f execution,  -Os 

		=== g77 Summary for unix/-fpic ===

# of expected passes		1618
# of unexpected failures	8
# of unsupported tests		8

Running target unix/-fPIC
FAIL: g77.f-torture/execute/6367.f execution,  -O0 
FAIL: g77.f-torture/execute/6367.f execution,  -O1 
FAIL: g77.f-torture/execute/6367.f execution,  -O2 
FAIL: g77.f-torture/execute/6367.f execution,  -O3 -fomit-frame-pointer 
FAIL: g77.f-torture/execute/6367.f execution,  -O3 -fomit-frame-pointer -funroll-loops 
FAIL: g77.f-torture/execute/6367.f execution,  -O3 -fomit-frame-pointer -funroll-all-loops -finline-functions 
FAIL: g77.f-torture/execute/6367.f execution,  -O3 -g 
FAIL: g77.f-torture/execute/6367.f execution,  -Os 

		=== g77 Summary for unix/-fPIC ===

# of expected passes		1618
# of unexpected failures	8
# of unsupported tests		8

Running target unix
FAIL: g77.f-torture/execute/6367.f execution,  -O0 
FAIL: g77.f-torture/execute/6367.f execution,  -O1 
FAIL: g77.f-torture/execute/6367.f execution,  -O2 
FAIL: g77.f-torture/execute/6367.f execution,  -O3 -fomit-frame-pointer 
FAIL: g77.f-torture/execute/6367.f execution,  -O3 -fomit-frame-pointer -funroll-loops 
FAIL: g77.f-torture/execute/6367.f execution,  -O3 -fomit-frame-pointer -funroll-all-loops -finline-functions 
FAIL: g77.f-torture/execute/6367.f execution,  -O3 -g 
FAIL: g77.f-torture/execute/6367.f execution,  -Os 

		=== g77 Summary for unix ===

# of expected passes		1618
# of unexpected failures	8
# of unsupported tests		8

		=== g77 Summary ===

# of expected passes		6471
# of unexpected failures	33
# of unsupported tests		32
/home/fsirl/obj/gccm/gcc/testsuite/../g77 version 3.2 20020521 (experimental)

		=== gcc tests ===


Running target unix/-O2
FAIL: cmdlne-dM-M.c: #define line not printed
FAIL: gcc.dg/20020103-1.c scan-assembler-not LC
FAIL: gcc.dg/20020118-1.c execution test
FAIL: gcc.dg/altivec-5.c (test for excess errors)
FAIL: gcc.misc-tests/gcov-4.c gcov: 3 failures in line counts
FAIL: gcc.misc-tests/gcov-4b.c gcov: 8 failures in branch percentages

		=== gcc Summary for unix/-O2 ===

# of expected passes		18572
# of unexpected failures	6
# of expected failures		66
# of unsupported tests		107

Running target unix/-fpic
FAIL: cmdlne-dM-M.c: #define line not printed
FAIL: gcc.dg/20020103-1.c scan-assembler-not LC
FAIL: gcc.dg/20020118-1.c execution test
FAIL: gcc.dg/altivec-5.c (test for excess errors)

		=== gcc Summary for unix/-fpic ===

# of expected passes		18574
# of unexpected failures	4
# of expected failures		66
# of unsupported tests		107

Running target unix/-fPIC
FAIL: gcc.c-torture/compile/20011029-1.c,  -O1  
FAIL: gcc.c-torture/compile/20011029-1.c,  -O2  
FAIL: gcc.c-torture/compile/20011029-1.c,  -O3 -fomit-frame-pointer  
FAIL: gcc.c-torture/compile/20011029-1.c,  -O3 -g  
FAIL: gcc.c-torture/compile/20011029-1.c,  -Os  
FAIL: gcc.c-torture/execute/built-in-setjmp.c compilation,  -O1 
UNRESOLVED: gcc.c-torture/execute/built-in-setjmp.c execution,  -O1 
FAIL: gcc.c-torture/execute/built-in-setjmp.c compilation,  -O2 
UNRESOLVED: gcc.c-torture/execute/built-in-setjmp.c execution,  -O2 
FAIL: gcc.c-torture/execute/built-in-setjmp.c compilation,  -O3 -fomit-frame-pointer 
UNRESOLVED: gcc.c-torture/execute/built-in-setjmp.c execution,  -O3 -fomit-frame-pointer 
FAIL: gcc.c-torture/execute/built-in-setjmp.c compilation,  -O3 -fomit-frame-pointer -funroll-loops 
UNRESOLVED: gcc.c-torture/execute/built-in-setjmp.c execution,  -O3 -fomit-frame-pointer -funroll-loops 
FAIL: gcc.c-torture/execute/built-in-setjmp.c compilation,  -O3 -fomit-frame-pointer -funroll-all-loops -finline-functions 
UNRESOLVED: gcc.c-torture/execute/built-in-setjmp.c execution,  -O3 -fomit-frame-pointer -funroll-all-loops -finline-functions 
FAIL: gcc.c-torture/execute/built-in-setjmp.c compilation,  -O3 -g 
UNRESOLVED: gcc.c-torture/execute/built-in-setjmp.c execution,  -O3 -g 
FAIL: gcc.c-torture/execute/built-in-setjmp.c compilation,  -Os 
UNRESOLVED: gcc.c-torture/execute/built-in-setjmp.c execution,  -Os 
FAIL: gcc.c-torture/execute/builtin-prefetch-2.c compilation,  -O3 -fomit-frame-pointer 
UNRESOLVED: gcc.c-torture/execute/builtin-prefetch-2.c execution,  -O3 -fomit-frame-pointer 
FAIL: gcc.c-torture/execute/builtin-prefetch-2.c compilation,  -O3 -g 
UNRESOLVED: gcc.c-torture/execute/builtin-prefetch-2.c execution,  -O3 -g 
FAIL: cmdlne-dM-M.c: #define line not printed
FAIL: gcc.dg/20020103-1.c scan-assembler-not LC
FAIL: gcc.dg/20020118-1.c execution test
FAIL: gcc.dg/altivec-5.c (test for excess errors)

		=== gcc Summary for unix/-fPIC ===

# of expected passes		18551
# of unexpected failures	18
# of expected failures		66
# of unresolved testcases	9
# of unsupported tests		107

Running target unix
FAIL: cmdlne-dM-M.c: #define line not printed
FAIL: gcc.dg/20020103-1.c scan-assembler-not LC
FAIL: gcc.dg/20020118-1.c execution test
FAIL: gcc.dg/altivec-5.c (test for excess errors)

		=== gcc Summary for unix ===

# of expected passes		18574
# of unexpected failures	4
# of expected failures		66
# of unsupported tests		107

		=== gcc Summary ===

# of expected passes		74271
# of unexpected failures	32
# of expected failures		264
# of unresolved testcases	9
# of unsupported tests		428
/home/fsirl/obj/gccm/gcc/xgcc version 3.2 20020521 (experimental)

		=== g++ tests ===


Running target unix/-O2
FAIL: g++.dg/template/typename2.C (test for excess errors)
FAIL: g++.dg/gcov/gcov-1.C gcov: 4 failures in line counts, 8 in branch percentages, 0 in return percentages
FAIL: g++.pt/repo3.C (test for excess errors)

		=== g++ Summary for unix/-O2 ===

# of expected passes		7317
# of unexpected failures	3
# of expected failures		87
# of untested testcases		23
# of unsupported tests		4

Running target unix/-fpic
FAIL: g++.dg/template/typename2.C (test for excess errors)
FAIL: g++.dg/warn/Wunused-2.C  (test for warnings, line 5)

		=== g++ Summary for unix/-fpic ===

# of expected passes		7318
# of unexpected failures	2
# of expected failures		87
# of untested testcases		23
# of unsupported tests		4

Running target unix/-fPIC
FAIL: g++.dg/abi/rtti1.C scan-assembler-dem-not typeinfo for A[: \\t\\n]
FAIL: g++.dg/template/typename2.C (test for excess errors)
FAIL: g++.dg/warn/Wunused-2.C  (test for warnings, line 5)

		=== g++ Summary for unix/-fPIC ===

# of expected passes		7317
# of unexpected failures	3
# of expected failures		87
# of untested testcases		23
# of unsupported tests		4

Running target unix
FAIL: g++.dg/template/typename2.C (test for excess errors)
FAIL: g++.dg/warn/Wunused-2.C  (test for warnings, line 5)

		=== g++ Summary for unix ===

# of expected passes		7318
# of unexpected failures	2
# of expected failures		87
# of untested testcases		23
# of unsupported tests		4

		=== g++ Summary ===

# of expected passes		29270
# of unexpected failures	10
# of expected failures		348
# of untested testcases		92
# of unsupported tests		16
/home/fsirl/obj/gccm/gcc/testsuite/../g++ version 3.2 20020521 (experimental)

		=== objc tests ===


Running target unix/-O2

		=== objc Summary for unix/-O2 ===

# of expected passes		1036
# of expected failures		6

Running target unix/-fpic

		=== objc Summary for unix/-fpic ===

# of expected passes		1036
# of expected failures		6

Running target unix/-fPIC

		=== objc Summary for unix/-fPIC ===

# of expected passes		1036
# of expected failures		6

Running target unix

		=== objc Summary for unix ===

# of expected passes		1036
# of expected failures		6

		=== objc Summary ===

# of expected passes		4144
# of expected failures		24
/home/fsirl/obj/gccm/gcc/xgcc version 3.2 20020521 (experimental)

		=== libjava tests ===


Running target unix/-O2
FAIL: calls run
FAIL: final_method run
FAIL: findclass run
FAIL: invoke run
FAIL: noclass run
FAIL: overload run
FAIL: register run
FAIL: simple_int run
FAIL: throwit run
FAIL: virtual run
FAIL: martin run
FAIL: field run
WARNING: program timed out.
FAIL: cxxtest run
FAIL: KeepInline output from source compiled test
FAIL: KeepInline output from bytecode->native test
FAIL: KeepInline -O output from source compiled test
FAIL: KeepInline -O output from bytecode->native test
FAIL: Array_3 execution from source compiled test
FAIL: Array_3 execution from bytecode->native test
FAIL: Array_3 -O execution from source compiled test
FAIL: Array_3 -O execution from bytecode->native test

		=== libjava Summary for unix/-O2 ===

# of expected passes		2106
# of unexpected failures	21
# of expected failures		18
# of untested testcases		31

Running target unix/-fpic
FAIL: calls run
FAIL: final_method run
FAIL: findclass run
FAIL: invoke run
FAIL: noclass run
FAIL: overload run
FAIL: register run
FAIL: simple_int run
FAIL: throwit run
FAIL: virtual run
FAIL: martin run
FAIL: field run
WARNING: program timed out.
FAIL: cxxtest run
FAIL: KeepInline output from source compiled test
FAIL: KeepInline output from bytecode->native test
FAIL: KeepInline -O output from source compiled test
FAIL: KeepInline -O output from bytecode->native test
FAIL: Array_3 execution from source compiled test
FAIL: Array_3 execution from bytecode->native test
FAIL: Array_3 -O execution from source compiled test
FAIL: Array_3 -O execution from bytecode->native test

		=== libjava Summary for unix/-fpic ===

# of expected passes		2106
# of unexpected failures	21
# of expected failures		18
# of untested testcases		31

Running target unix/-fPIC
FAIL: calls run
FAIL: final_method run
FAIL: findclass run
FAIL: invoke run
FAIL: noclass run
FAIL: overload run
FAIL: register run
FAIL: simple_int run
FAIL: throwit run
FAIL: virtual run
FAIL: martin run
FAIL: field run
WARNING: program timed out.
FAIL: cxxtest run
FAIL: KeepInline output from source compiled test
FAIL: KeepInline output from bytecode->native test
FAIL: KeepInline -O output from source compiled test
FAIL: KeepInline -O output from bytecode->native test
FAIL: Array_3 execution from source compiled test
FAIL: Array_3 execution from bytecode->native test
FAIL: Array_3 -O execution from source compiled test
FAIL: Array_3 -O execution from bytecode->native test

		=== libjava Summary for unix/-fPIC ===

# of expected passes		2106
# of unexpected failures	21
# of expected failures		18
# of untested testcases		31

Running target unix
FAIL: calls run
FAIL: final_method run
FAIL: findclass run
FAIL: invoke run
FAIL: noclass run
FAIL: overload run
FAIL: register run
FAIL: simple_int run
FAIL: throwit run
FAIL: virtual run
FAIL: martin run
FAIL: field run
WARNING: program timed out.
FAIL: cxxtest run
FAIL: KeepInline output from source compiled test
FAIL: KeepInline output from bytecode->native test
FAIL: KeepInline -O output from source compiled test
FAIL: KeepInline -O output from bytecode->native test
FAIL: Array_3 execution from source compiled test
FAIL: Array_3 execution from bytecode->native test
FAIL: Array_3 -O execution from source compiled test
FAIL: Array_3 -O execution from bytecode->native test

		=== libjava Summary for unix ===

# of expected passes		2106
# of unexpected failures	21
# of expected failures		18
# of untested testcases		31

		=== libjava Summary ===

# of expected passes		8424
# of unexpected failures	84
# of expected failures		72
# of untested testcases		124
		=== libstdc++-v3 tests ===


Running target unix/-O2
XPASS: 22_locale/collate_byname.cc execution test
XPASS: 22_locale/collate_members_char.cc execution test
XPASS: 22_locale/collate_members_wchar_t.cc execution test
XPASS: 22_locale/ctype_members_char.cc execution test
XPASS: 22_locale/ctype_scan_wchar_t.cc execution test
XPASS: 22_locale/members.cc execution test
XPASS: 22_locale/messages_byname.cc execution test
XPASS: 22_locale/messages_members_char.cc execution test
XPASS: 22_locale/money_get_members_char.cc execution test
XPASS: 22_locale/money_put_members_char.cc execution test
XPASS: 22_locale/moneypunct_byname.cc execution test
XPASS: 22_locale/moneypunct_members_char.cc execution test
XPASS: 22_locale/moneypunct_members_wchar_t.cc execution test
XPASS: 22_locale/num_get_members_char.cc execution test
XPASS: 22_locale/num_get_members_wchar_t.cc execution test
XPASS: 22_locale/num_put_members_char.cc execution test
XPASS: 22_locale/num_put_members_wchar_t.cc execution test
XPASS: 22_locale/numpunct_byname.cc execution test
XPASS: 22_locale/numpunct_members_char.cc execution test
XPASS: 22_locale/numpunct_members_wchar_t.cc execution test
XPASS: 22_locale/time_get_members_char.cc execution test
XPASS: 22_locale/time_get_members_wchar_t.cc execution test
XPASS: 22_locale/time_put_members_char.cc execution test
XPASS: 22_locale/time_put_members_wchar_t.cc execution test
FAIL: 26_numerics/c99_classification_macros_c.cc (test for excess errors)

		=== libstdc++-v3 Summary for unix/-O2 ===

# of expected passes		379
# of unexpected failures	1
# of unexpected successes	24
# of expected failures		2

Running target unix/-fpic
XPASS: 22_locale/collate_byname.cc execution test
XPASS: 22_locale/collate_members_char.cc execution test
XPASS: 22_locale/collate_members_wchar_t.cc execution test
XPASS: 22_locale/ctype_members_char.cc execution test
XPASS: 22_locale/ctype_scan_wchar_t.cc execution test
XPASS: 22_locale/members.cc execution test
XPASS: 22_locale/messages_byname.cc execution test
XPASS: 22_locale/messages_members_char.cc execution test
XPASS: 22_locale/money_get_members_char.cc execution test
XPASS: 22_locale/money_put_members_char.cc execution test
XPASS: 22_locale/moneypunct_byname.cc execution test
XPASS: 22_locale/moneypunct_members_char.cc execution test
XPASS: 22_locale/moneypunct_members_wchar_t.cc execution test
XPASS: 22_locale/num_get_members_char.cc execution test
XPASS: 22_locale/num_get_members_wchar_t.cc execution test
XPASS: 22_locale/num_put_members_char.cc execution test
XPASS: 22_locale/num_put_members_wchar_t.cc execution test
XPASS: 22_locale/numpunct_byname.cc execution test
XPASS: 22_locale/numpunct_members_char.cc execution test
XPASS: 22_locale/numpunct_members_wchar_t.cc execution test
XPASS: 22_locale/time_get_members_char.cc execution test
XPASS: 22_locale/time_get_members_wchar_t.cc execution test
XPASS: 22_locale/time_put_members_char.cc execution test
XPASS: 22_locale/time_put_members_wchar_t.cc execution test
FAIL: 26_numerics/c99_classification_macros_c.cc (test for excess errors)
WARNING: program timed out.
FAIL: thread/pthread4.cc execution test

		=== libstdc++-v3 Summary for unix/-fpic ===

# of expected passes		378
# of unexpected failures	2
# of unexpected successes	24
# of expected failures		2

Running target unix/-fPIC
XPASS: 22_locale/collate_byname.cc execution test
XPASS: 22_locale/collate_members_char.cc execution test
XPASS: 22_locale/collate_members_wchar_t.cc execution test
XPASS: 22_locale/ctype_members_char.cc execution test
XPASS: 22_locale/ctype_scan_wchar_t.cc execution test
XPASS: 22_locale/members.cc execution test
XPASS: 22_locale/messages_byname.cc execution test
XPASS: 22_locale/messages_members_char.cc execution test
XPASS: 22_locale/money_get_members_char.cc execution test
XPASS: 22_locale/money_put_members_char.cc execution test
XPASS: 22_locale/moneypunct_byname.cc execution test
XPASS: 22_locale/moneypunct_members_char.cc execution test
XPASS: 22_locale/moneypunct_members_wchar_t.cc execution test
XPASS: 22_locale/num_get_members_char.cc execution test
XPASS: 22_locale/num_get_members_wchar_t.cc execution test
XPASS: 22_locale/num_put_members_char.cc execution test
XPASS: 22_locale/num_put_members_wchar_t.cc execution test
XPASS: 22_locale/numpunct_byname.cc execution test
XPASS: 22_locale/numpunct_members_char.cc execution test
XPASS: 22_locale/numpunct_members_wchar_t.cc execution test
XPASS: 22_locale/time_get_members_char.cc execution test
XPASS: 22_locale/time_get_members_wchar_t.cc execution test
XPASS: 22_locale/time_put_members_char.cc execution test
XPASS: 22_locale/time_put_members_wchar_t.cc execution test
FAIL: 26_numerics/c99_classification_macros_c.cc (test for excess errors)
WARNING: program timed out.
FAIL: thread/pthread4.cc execution test

		=== libstdc++-v3 Summary for unix/-fPIC ===

# of expected passes		378
# of unexpected failures	2
# of unexpected successes	24
# of expected failures		2

Running target unix
XPASS: 22_locale/collate_byname.cc execution test
XPASS: 22_locale/collate_members_char.cc execution test
XPASS: 22_locale/collate_members_wchar_t.cc execution test
XPASS: 22_locale/ctype_members_char.cc execution test
XPASS: 22_locale/ctype_scan_wchar_t.cc execution test
XPASS: 22_locale/members.cc execution test
XPASS: 22_locale/messages_byname.cc execution test
XPASS: 22_locale/messages_members_char.cc execution test
XPASS: 22_locale/money_get_members_char.cc execution test
XPASS: 22_locale/money_put_members_char.cc execution test
XPASS: 22_locale/moneypunct_byname.cc execution test
XPASS: 22_locale/moneypunct_members_char.cc execution test
XPASS: 22_locale/moneypunct_members_wchar_t.cc execution test
XPASS: 22_locale/num_get_members_char.cc execution test
XPASS: 22_locale/num_get_members_wchar_t.cc execution test
XPASS: 22_locale/num_put_members_char.cc execution test
XPASS: 22_locale/num_put_members_wchar_t.cc execution test
XPASS: 22_locale/numpunct_byname.cc execution test
XPASS: 22_locale/numpunct_members_char.cc execution test
XPASS: 22_locale/numpunct_members_wchar_t.cc execution test
XPASS: 22_locale/time_get_members_char.cc execution test
XPASS: 22_locale/time_get_members_wchar_t.cc execution test
XPASS: 22_locale/time_put_members_char.cc execution test
XPASS: 22_locale/time_put_members_wchar_t.cc execution test
FAIL: 26_numerics/c99_classification_macros_c.cc (test for excess errors)
WARNING: program timed out.
FAIL: thread/pthread4.cc execution test

		=== libstdc++-v3 Summary for unix ===

# of expected passes		378
# of unexpected failures	2
# of unexpected successes	24
# of expected failures		2

		=== libstdc++-v3 Summary ===

# of expected passes		1513
# of unexpected failures	7
# of unexpected successes	96
# of expected failures		8

Compiler version: 3.2 20020521 (experimental) 
Platform: powerpc-unknown-linux-gnu
configure flags: --host=ppc-linux --prefix=/home/fsirl/gnubin --enable-shared --enable-threads --with-system-zlib --enable-checking=gc,misc,tree,rtlflag


Index Nav: [Date Index] [Subject Index] [Author Index] [Thread Index]
Message Nav: [Date Prev] [Date Next] [Thread Prev] [Thread Next]