This is the mail archive of the
gcc-testresults@gcc.gnu.org
mailing list for the GCC project.
Results for 3.2 (ast-optimizer-branch) testsuite on i686-pc-linux-gnu
- From: aj at suse dot de (Andreas Jaeger)
- To: gcc-testresults at gcc dot gnu dot org
- Date: Mon, 20 May 2002 13:45:58 +0200 (CEST)
- Subject: Results for 3.2 (ast-optimizer-branch) testsuite on i686-pc-linux-gnu
Bootstrap and regtesting on i686-linux-gnu.
CVS sources: branch: ast-optimizer-branch
LAST_UPDATED: Mon May 20 05:59:33 UTC 2002
Native configuration is i686-pc-linux-gnu
=== g++ tests ===
Running target unix
FAIL: g++.dg/template/typename2.C (test for excess errors)
FAIL: g++.dg/warn/Wunused-2.C (test for warnings, line 5)
FAIL: g++.warn/inline1.C cannot inline (test for warnings, line 8)
FAIL: g++.warn/inline1.C cannot inline (test for warnings, line 14)
FAIL: g++.warn/inline1.C cannot inline (test for warnings, line 20)
FAIL: g++.warn/inline1.C cannot inline (test for warnings, line 23)
FAIL: g++.warn/inline1.C cannot inline (test for warnings, line 25)
FAIL: g++.warn/inline1.C cannot inline (test for warnings, line 27)
=== g++ Summary ===
# of expected passes 7349
# of unexpected failures 8
# of expected failures 87
# of untested testcases 9
# of unsupported tests 3
/builds/gcc/misc/gcc/testsuite/../g++ version 3.2 (ast-optimizer-branch)
=== g77 tests ===
Running target unix
FAIL: g77.f-torture/execute/6367.f execution, -O0
FAIL: g77.f-torture/execute/6367.f execution, -O1
FAIL: g77.f-torture/execute/6367.f execution, -O2
FAIL: g77.f-torture/execute/6367.f execution, -O3 -fomit-frame-pointer
FAIL: g77.f-torture/execute/6367.f execution, -O3 -fomit-frame-pointer -funroll-loops
FAIL: g77.f-torture/execute/6367.f execution, -O3 -fomit-frame-pointer -funroll-all-loops -finline-functions
FAIL: g77.f-torture/execute/6367.f execution, -O3 -g
FAIL: g77.f-torture/execute/6367.f execution, -Os
=== g77 Summary ===
# of expected passes 1634
# of unexpected failures 8
/builds/gcc/misc/gcc/testsuite/../g77 version 3.2 (ast-optimizer-branch)
=== gcc tests ===
Running target unix
FAIL: gcc.c-torture/compile/981006-1.c, -O0 -Wuninitialized -Werror -fpic
FAIL: gcc.c-torture/compile/981006-1.c, -O1 -Wuninitialized -Werror -fpic
FAIL: gcc.c-torture/compile/981006-1.c, -O2 -Wuninitialized -Werror -fpic
FAIL: gcc.c-torture/compile/981006-1.c, -O3 -fomit-frame-pointer -Wuninitialized -Werror -fpic
FAIL: gcc.c-torture/compile/981006-1.c, -O3 -g -Wuninitialized -Werror -fpic
FAIL: gcc.c-torture/compile/981006-1.c, -Os -Wuninitialized -Werror -fpic
FAIL: gcc.c-torture/execute/20020402-1.c execution, -Os
FAIL: gcc.c-torture/execute/20020412-1.c execution, -O1
FAIL: gcc.c-torture/execute/20020412-1.c execution, -O2
FAIL: gcc.c-torture/execute/20020412-1.c execution, -O3 -fomit-frame-pointer
FAIL: gcc.c-torture/execute/20020412-1.c execution, -O3 -fomit-frame-pointer -funroll-loops
FAIL: gcc.c-torture/execute/20020412-1.c execution, -O3 -fomit-frame-pointer -funroll-all-loops -finline-functions
FAIL: gcc.c-torture/execute/20020412-1.c execution, -O3 -g
XPASS: gcc.c-torture/execute/loop-2c.c execution, -Os
XPASS: gcc.c-torture/execute/loop-2d.c execution, -Os
FAIL: cmdlne-dM-M.c: #define line not printed
XPASS: gcc.dg/uninit-1.c uninitialized variable warning (test for bogus messages, line 16)
FAIL: gcc.dg/uninit-1.c (test for excess errors)
XPASS: gcc.dg/uninit-2.c uninitialized variable warning (test for bogus messages, line 28)
FAIL: gcc.dg/uninit-2.c (test for excess errors)
XPASS: gcc.dg/uninit-3.c uninitialized variable warning (test for bogus messages, line 11)
FAIL: gcc.dg/uninit-3.c (test for excess errors)
XPASS: gcc.dg/uninit-4.c uninitialized variable warning (test for bogus messages, line 26)
FAIL: gcc.dg/uninit-4.c (test for excess errors)
XPASS: gcc.dg/uninit-5.c uninitialized variable warning (test for bogus messages, line 13)
XPASS: gcc.dg/uninit-5.c uninitialized variable warning (test for bogus messages, line 27)
FAIL: gcc.dg/uninit-5.c (test for excess errors)
XPASS: gcc.dg/uninit-6.c uninitialized variable warning (test for bogus messages, line 37)
FAIL: gcc.dg/uninit-6.c (test for excess errors)
XPASS: gcc.dg/uninit-8.c uninitialized variable warning (test for bogus messages, line 14)
FAIL: gcc.dg/uninit-8.c (test for excess errors)
XPASS: gcc.dg/uninit-9.c uninitialized variable warning (test for bogus messages, line 26)
FAIL: gcc.dg/uninit-9.c (test for excess errors)
=== gcc Summary ===
# of expected passes 18679
# of unexpected failures 22
# of unexpected successes 11
# of expected failures 59
# of unsupported tests 49
/builds/gcc/misc/gcc/xgcc version 3.2 (ast-optimizer-branch)
=== libjava tests ===
Running target unix
FAIL: calls run
WARNING: program timed out.
FAIL: cxxtest run
FAIL: field run
FAIL: final_method run
FAIL: findclass run
FAIL: invoke run
FAIL: martin run
FAIL: noclass run
FAIL: overload run
FAIL: register run
FAIL: simple_int run
FAIL: throwit run
FAIL: virtual run
FAIL: KeepInline output from source compiled test
FAIL: KeepInline output from bytecode->native test
FAIL: KeepInline -O output from source compiled test
FAIL: KeepInline -O output from bytecode->native test
=== libjava Summary ===
# of expected passes 2114
# of unexpected failures 17
# of expected failures 18
# of untested testcases 27
=== libstdc++-v3 tests ===
Running target unix
XPASS: 22_locale/collate_byname.cc execution test
XPASS: 22_locale/collate_members_char.cc execution test
XPASS: 22_locale/collate_members_wchar_t.cc execution test
XPASS: 22_locale/ctype_members_char.cc execution test
XPASS: 22_locale/ctype_scan_wchar_t.cc execution test
XPASS: 22_locale/members.cc execution test
XPASS: 22_locale/money_get_members_char.cc execution test
XPASS: 22_locale/money_put_members_char.cc execution test
XPASS: 22_locale/moneypunct_byname.cc execution test
XPASS: 22_locale/moneypunct_members_char.cc execution test
XPASS: 22_locale/moneypunct_members_wchar_t.cc execution test
XPASS: 22_locale/num_get_members_char.cc execution test
XPASS: 22_locale/num_get_members_wchar_t.cc execution test
XPASS: 22_locale/num_put_members_char.cc execution test
XPASS: 22_locale/num_put_members_wchar_t.cc execution test
XPASS: 22_locale/numpunct_byname.cc execution test
XPASS: 22_locale/numpunct_members_char.cc execution test
XPASS: 22_locale/numpunct_members_wchar_t.cc execution test
XPASS: 22_locale/time_get_members_char.cc execution test
XPASS: 22_locale/time_get_members_wchar_t.cc execution test
XPASS: 22_locale/time_put_members_char.cc execution test
XPASS: 22_locale/time_put_members_wchar_t.cc execution test
FAIL: 26_numerics/c99_classification_macros_c.cc (test for excess errors)
=== libstdc++-v3 Summary ===
# of expected passes 379
# of unexpected failures 1
# of unexpected successes 22
# of expected failures 4
Compiler version: 3.2 (ast-optimizer-branch)
Platform: i686-pc-linux-gnu
configure flags: --host=i686-pc-linux-gnu --prefix=/opt/gcc/ast-optimizer --enable-shared --enable-threads=posix --enable-clocale=gnu --disable-nls --enable-languages=c,c++,f77,java --enable-checking=misc,tree,rtl,gc --with-system-zlib