This is the mail archive of the
gcc-testresults@gcc.gnu.org
mailing list for the GCC project.
Results for 3.2 20020519 (experimental) testsuite on i686-pc-cygwin
- From: "Billinghurst, David (CRTS)" <David dot Billinghurst at riotinto dot com>
- To: <gcc-testresults at gcc dot gnu dot org>
- Date: Mon, 20 May 2002 21:55:20 +1000
- Subject: Results for 3.2 20020519 (experimental) testsuite on i686-pc-cygwin
LAST_UPDATED: Sun May 19 23:37:59 2002
Native configuration is i686-pc-cygwin
=== g++ tests ===
Running target unix
FAIL: g++.dg/abi/rtti1.C scan-assembler-dem-not typeinfo for A[: \\t\\n]
FAIL: g++.dg/ext/instantiate3.C scan-assembler-not
FAIL: g++.dg/parse/stack1.C (test for excess errors)
FAIL: g++.dg/template/typename2.C (test for excess errors)
FAIL: g++.dg/warn/Wunused-2.C (test for warnings, line 5)
FAIL: g++.dg/special/conpr-1.C execution test
FAIL: g++.dg/special/conpr-2.C execution test
FAIL: g++.dg/special/conpr-3.C execution test
FAIL: g++.dg/special/conpr-3.C execution test
FAIL: g++.dg/special/initp1.C execution test
FAIL: g++.eh/badalloc1.C Execution test
XPASS: g++.ext/attrib5.C Execution test
XPASS: g++.jason/template18.C (test for excess errors)
XPASS: g++.jason/template18.C Execution test
=== g++ Summary ===
# of expected passes 7321
# of unexpected failures 11
# of unexpected successes 3
# of expected failures 86
# of untested testcases 15
# of unsupported tests 3
gcc version 3.2 20020519 (experimental)
=== g77 tests ===
Running target unix
FAIL: g77.f-torture/execute/20001201.f execution, -O0
FAIL: g77.f-torture/execute/20001201.f execution, -O1
FAIL: g77.f-torture/execute/20001201.f execution, -O2
FAIL: g77.f-torture/execute/20001201.f execution, -O3 -fomit-frame-pointer
FAIL: g77.f-torture/execute/20001201.f execution, -O3 -g
FAIL: g77.f-torture/execute/20001201.f execution, -Os
FAIL: g77.f-torture/execute/6367.f execution, -O0
FAIL: g77.f-torture/execute/6367.f execution, -O1
FAIL: g77.f-torture/execute/6367.f execution, -O2
FAIL: g77.f-torture/execute/6367.f execution, -O3 -fomit-frame-pointer
FAIL: g77.f-torture/execute/6367.f execution, -O3 -fomit-frame-pointer -funroll-loops
FAIL: g77.f-torture/execute/6367.f execution, -O3 -fomit-frame-pointer -funroll-all-loops -finline-functions
FAIL: g77.f-torture/execute/6367.f execution, -O3 -g
FAIL: g77.f-torture/execute/6367.f execution, -Os
FAIL: g77.f-torture/execute/io0.f execution, -O0
FAIL: g77.f-torture/execute/io0.f execution, -O1
FAIL: g77.f-torture/execute/io0.f execution, -O2
FAIL: g77.f-torture/execute/io0.f execution, -O3 -fomit-frame-pointer
FAIL: g77.f-torture/execute/io0.f execution, -O3 -g
FAIL: g77.f-torture/execute/io0.f execution, -Os
FAIL: g77.f-torture/execute/io1.f execution, -O0
FAIL: g77.f-torture/execute/io1.f execution, -O1
FAIL: g77.f-torture/execute/io1.f execution, -O2
FAIL: g77.f-torture/execute/io1.f execution, -O3 -fomit-frame-pointer
FAIL: g77.f-torture/execute/io1.f execution, -O3 -g
FAIL: g77.f-torture/execute/io1.f execution, -Os
=== g77 Summary ===
# of expected passes 1616
# of unexpected failures 26
gcc version 3.2 20020519 (experimental)
=== gcc tests ===
Running target unix
WARNING: program timed out.
FAIL: gcc.c-torture/execute/20020213-1.c compilation, -O1
UNRESOLVED: gcc.c-torture/execute/20020213-1.c execution, -O1
FAIL: gcc.c-torture/execute/20020402-1.c execution, -Os
FAIL: gcc.c-torture/execute/20020412-1.c execution, -O1
FAIL: gcc.c-torture/execute/20020412-1.c execution, -O2
FAIL: gcc.c-torture/execute/20020412-1.c execution, -O3 -fomit-frame-pointer
FAIL: gcc.c-torture/execute/20020412-1.c execution, -O3 -fomit-frame-pointer -funroll-loops
FAIL: gcc.c-torture/execute/20020412-1.c execution, -O3 -fomit-frame-pointer -funroll-all-loops -finline-functions
FAIL: gcc.c-torture/execute/20020412-1.c execution, -O3 -g
XPASS: gcc.c-torture/execute/loop-2e.c execution, -Os
FAIL: cmdlne-dM-M.c: #define line not printed
=== gcc Summary ===
# of expected passes 18638
# of unexpected failures 9
# of unexpected successes 1
# of expected failures 70
# of unresolved testcases 1
# of unsupported tests 54
gcc version 3.2 20020519 (experimental)
=== objc tests ===
Running target unix
=== objc Summary ===
# of expected passes 1036
# of expected failures 6
gcc version 3.2 20020519 (experimental)
=== libjava tests ===
Running target unix
FAIL: PR5641 byte compilation
FAIL: PR5641 byte compilation
FAIL: linking calls
FAIL: linking cxxtest
FAIL: linking field
FAIL: linking final_method
FAIL: linking findclass
FAIL: linking invoke
FAIL: linking martin
FAIL: linking noclass
FAIL: linking overload
FAIL: linking register
FAIL: linking simple_int
FAIL: linking throwit
FAIL: linking virtual
WARNING: program timed out.
FAIL: Array_3 execution from source compiled test
WARNING: program timed out.
FAIL: Array_3 execution from bytecode->native test
WARNING: program timed out.
FAIL: Array_3 -O execution from source compiled test
WARNING: program timed out.
FAIL: Array_3 -O execution from bytecode->native test
WARNING: program timed out.
FAIL: Divide_1 execution from source compiled test
WARNING: program timed out.
FAIL: Divide_1 execution from bytecode->native test
WARNING: program timed out.
FAIL: Divide_1 -O execution from source compiled test
WARNING: program timed out.
FAIL: Divide_1 -O execution from bytecode->native test
FAIL: KeepInline output from source compiled test
FAIL: KeepInline output from bytecode->native test
FAIL: KeepInline -O output from source compiled test
FAIL: KeepInline -O output from bytecode->native test
FAIL: PR242 byte compilation
FAIL: PR242 byte compilation
FAIL: SyncTest execution from bytecode->native test
FAIL: SyncTest -O execution from bytecode->native test
FAIL: Thread_Sleep output from bytecode->native test
FAIL: Thread_Sleep -O output from source compiled test
WARNING: program timed out.
FAIL: Thread_Wait_2 execution from source compiled test
FAIL: Thread_Wait_Interrupt output from source compiled test
WARNING: program timed out.
FAIL: Throw_2 execution from source compiled test
WARNING: program timed out.
FAIL: Throw_2 execution from bytecode->native test
WARNING: program timed out.
FAIL: Throw_2 -O execution from source compiled test
WARNING: program timed out.
FAIL: Throw_2 -O execution from bytecode->native test
=== libjava Summary ===
# of expected passes 2058
# of unexpected failures 39
# of expected failures 29
# of untested testcases 37
=== libstdc++-v3 tests ===
Running target unix
WARNING: 17_intro/header_cwchar.cc compilation failed to produce executable
XPASS: 22_locale/collate_members_wchar_t.cc execution test
XPASS: 22_locale/ctype_scan_wchar_t.cc execution test
XPASS: 22_locale/money_get_members_wchar_t.cc execution test
XPASS: 22_locale/money_put_members_wchar_t.cc execution test
XPASS: 22_locale/moneypunct_members_wchar_t.cc execution test
XPASS: 22_locale/num_get_members_wchar_t.cc execution test
XPASS: 22_locale/num_put_members_wchar_t.cc execution test
XPASS: 22_locale/numpunct_members_wchar_t.cc execution test
XPASS: 22_locale/time_get_members_wchar_t.cc execution test
XPASS: 22_locale/time_put_members_wchar_t.cc execution test
FAIL: 27_io/filebuf_members.cc execution test
FAIL: 27_io/ios_base_storage.cc execution test
=== libstdc++-v3 Summary ===
# of expected passes 377
# of unexpected failures 2
# of unexpected successes 10
# of expected failures 16
Compiler version: 3.2 20020519 (experimental)
Platform: i686-pc-cygwin
configure flags: --host=i686-pc-cygwin --enable-threads=posix --enable-libgcj --enable-sjlj-exceptions --with-system-zlib --enable-nls --enable-version-specific-runtime-libs --program-suffix=-3.1 --without-included-gettext --with-as=/usr/local/bin/as.exe --with-ld=/usr/local/bin/ld.exe --disable-shared
Counting all warnings,
there are 76 warnings in stage3 of this bootstrap.
Number of warnings per file:
23 gcc/combine.c
10 gcc/regclass.c
9 gcc/gcc.c
4 gcc/optabs.c
4 gcc/java/lex.c
3 gcc/unroll.c
3 gcc/cp/lang-specs.h
3 /usr/share/bison/bison.simple
2 gcc/real.c
2 gcc/java/javaop.def
1 gcc/varasm.c
1 gcc/unwind-pe.h
1 gcc/tree.c
1 gcc/sdbout.c
1 gcc/reload.c
1 gcc/java/jvspec.c
1 gcc/function.c
1 gcc/flow.c
1 gcc/f/where.c
1 gcc/cpptrad.c
1 gcc/cp/init.c
1 gcc/cfgrtl.c
1 gcc/c-common.c
Number of warning types:
38 comparison between signed and unsigned
7 string length \`???' is greater than the length \`???' ISO C89 compilers are required to support
4 traditional C rejects string concatenation
4 \`???' might be used uninitialized in this function
4 \`???' defined but not used
3 signed and unsigned type in conditional expression
3 label \`???' defined but not used
2 unused variable \`???'
2 operation on \`???' may be undefined
2 comparison is always true due to limited range of data type
2 comparison is always false due to limited range of data type
2 assignment of read-only location
1 traditional C ignores #define with the # indented
1 pointer targets in passing arg ??? of \`???' differ in signedness
1 assignment discards qualifiers from pointer target type