This is the mail archive of the gcc-testresults@gcc.gnu.org mailing list for the GCC project.


Index Nav: [Date Index] [Subject Index] [Author Index] [Thread Index]
Message Nav: [Date Prev] [Date Next] [Thread Prev] [Thread Next]
Other format: [Raw text]

Results for 3.1 20020513 (prerelease) testsuite on rs6000-ibm-aix4.2.0.0


LAST_UPDATED:
Native configuration is rs6000-ibm-aix4.2.0.0

            === g++ tests ===


Running target unix
FAIL: g++.dg/eh/filter1.C execution test
FAIL: g++.dg/eh/loop1.C execution test
FAIL: g++.dg/eh/omit-frame-pointer.C (test for excess errors)
WARNING: g++.dg/eh/omit-frame-pointer.C compilation failed to produce executable
FAIL: g++.dg/eh/registers1.C execution test
FAIL: g++.dg/eh/template1.C execution test
FAIL: g++.dg/eh/unexpected1.C execution test
FAIL: g++.dg/template/friend.C (test for excess errors)
FAIL: g++.dg/warn/weak1.C (test for excess errors)
FAIL: g++.dg/special/conpr-1.C execution test
FAIL: g++.dg/special/conpr-2.C execution test
FAIL: g++.dg/special/conpr-3.C execution test
FAIL: g++.dg/special/conpr-3.C execution test
FAIL: g++.dg/special/initp1.C execution test
FAIL: g++.abi/cxa_vec.C  Execution test
FAIL: g++.benjamin/15071.C (test for excess errors)
FAIL: g++.benjamin/tem04.C .* (test for errors, line 173)
FAIL: g++.benjamin/tem04.C .* (test for errors, line 175)
FAIL: g++.benjamin/tem04.C (test for excess errors)
FAIL: g++.brendan/copy9.C (test for excess errors)
FAIL: g++.brendan/crash15.C (test for excess errors)
FAIL: g++.brendan/crash20.C (test for excess errors)
FAIL: g++.brendan/crash30.C (test for excess errors)
FAIL: g++.brendan/crash38.C (test for excess errors)
FAIL: g++.brendan/crash49.C (test for excess errors)
FAIL: g++.brendan/crash62.C (test for excess errors)
FAIL: g++.brendan/cvt1.C (test for excess errors)
FAIL: g++.brendan/eh1.C  Execution test
FAIL: g++.brendan/err-msg3.C (test for excess errors)
FAIL: g++.brendan/nest21.C (test for excess errors)
FAIL: g++.brendan/new3.C  Execution test
FAIL: g++.brendan/ptolemy2.C (test for excess errors)
FAIL: g++.bugs/900519_03.C  (test for errors, line 44)
FAIL: g++.bugs/900519_03.C (test for excess errors)
FAIL: g++.eh/badalloc1.C  Execution test
FAIL: g++.eh/catch11.C  Execution test
FAIL: g++.eh/catch12.C  Execution test
FAIL: g++.eh/catch3.C  Execution test
FAIL: g++.eh/catch3p.C  Execution test
FAIL: g++.eh/catch4.C  Execution test
FAIL: g++.eh/catch4p.C  Execution test
FAIL: g++.eh/catch5.C  Execution test
FAIL: g++.eh/catch5p.C  Execution test
FAIL: g++.eh/catch6.C  Execution test
FAIL: g++.eh/catch6p.C  Execution test
FAIL: g++.eh/catch7.C  Execution test
FAIL: g++.eh/catch7p.C  Execution test
FAIL: g++.eh/catch8.C  Execution test
FAIL: g++.eh/catch8p.C  Execution test
FAIL: g++.eh/catch9.C  Execution test
FAIL: g++.eh/catch9p.C  Execution test
FAIL: g++.eh/catchptr1.C  Execution test
FAIL: g++.eh/cleanup1.C  Execution test
FAIL: g++.eh/cleanup2.C  Execution test
FAIL: g++.eh/flow1.C  Execution test
FAIL: g++.eh/fntry1.C  Execution test
FAIL: g++.eh/ia64-1.C  Execution test
FAIL: g++.eh/inline2.C  Execution test
FAIL: g++.eh/new1.C  Execution test
FAIL: g++.eh/new2.C  Execution test
FAIL: g++.eh/pdel1.C  Execution test
FAIL: g++.eh/pdel2.C  Execution test
FAIL: g++.eh/ptr1.C  Execution test
FAIL: g++.eh/ptrmem1.C  Execution test
FAIL: g++.eh/rethrow1.C  Execution test
FAIL: g++.eh/rethrow2.C  Execution test
FAIL: g++.eh/rethrow3.C  Execution test
FAIL: g++.eh/rethrow4.C  Execution test
FAIL: g++.eh/rethrow5.C  Execution test
FAIL: g++.eh/rethrow6.C  Execution test
FAIL: g++.eh/spec1.C  Execution test
FAIL: g++.eh/spec2.C  Execution test
FAIL: g++.eh/spec3.C  Execution test
FAIL: g++.eh/tmpl1.C  Execution test
FAIL: g++.eh/unwind1.C  Execution test
FAIL: g++.eh/vbase1.C  Execution test
FAIL: g++.eh/vbase2.C  Execution test
FAIL: g++.eh/vbase4.C  Execution test
FAIL: g++.ext/attrib5.C (test for excess errors)
FAIL: g++.jason/2371.C (test for excess errors)
FAIL: g++.jason/template24.C (test for excess errors)
FAIL: g++.jason/template31.C (test for excess errors)
FAIL: g++.jason/typeid1.C (test for excess errors)
FAIL: g++.law/arg1.C (test for excess errors)
FAIL: g++.law/arg8.C (test for excess errors)
FAIL: g++.law/arm12.C (test for excess errors)
FAIL: g++.law/arm9.C (test for excess errors)
FAIL: g++.law/bad-error7.C (test for excess errors)
FAIL: g++.law/code-gen5.C (test for excess errors)
FAIL: g++.law/ctors10.C (test for excess errors)
FAIL: g++.law/ctors12.C (test for excess errors)
FAIL: g++.law/ctors13.C (test for excess errors)
FAIL: g++.law/ctors17.C (test for excess errors)
FAIL: g++.law/ctors6.C (test for excess errors)
FAIL: g++.law/cvt16.C (test for excess errors)
FAIL: g++.law/cvt2.C (test for excess errors)
FAIL: g++.law/missed-error2.C (test for excess errors)
FAIL: g++.law/nest3.C (test for excess errors)
FAIL: g++.law/operators32.C (test for excess errors)
FAIL: g++.law/operators4.C (test for excess errors)
FAIL: g++.law/vbase1.C (test for excess errors)
FAIL: g++.law/virtual3.C (test for excess errors)
FAIL: g++.law/visibility1.C (test for excess errors)
FAIL: g++.law/visibility10.C (test for excess errors)
FAIL: g++.law/visibility13.C (test for excess errors)
FAIL: g++.law/visibility17.C (test for excess errors)
FAIL: g++.law/visibility2.C (test for excess errors)
FAIL: g++.law/visibility22.C (test for excess errors)
FAIL: g++.law/visibility25.C (test for excess errors)
FAIL: g++.law/visibility7.C (test for excess errors)
FAIL: g++.martin/bitset1.C (test for excess errors)
FAIL: g++.martin/new1.C  Execution test
FAIL: g++.mike/dyncast1.C  Execution test
FAIL: g++.mike/dyncast2.C  Execution test
FAIL: g++.mike/eh10.C  Execution test
FAIL: g++.mike/eh12.C  Execution test
FAIL: g++.mike/eh14.C  Execution test
FAIL: g++.mike/eh16.C  Execution test
FAIL: g++.mike/eh17.C  Execution test
FAIL: g++.mike/eh18.C  Execution test
FAIL: g++.mike/eh2.C (test for excess errors)
FAIL: g++.mike/eh21.C  Execution test
FAIL: g++.mike/eh24.C  Execution test
FAIL: g++.mike/eh25.C  Execution test
FAIL: g++.mike/eh26.C  Execution test
FAIL: g++.mike/eh27.C  Execution test
FAIL: g++.mike/eh28.C  Execution test
FAIL: g++.mike/eh29.C  Execution test
FAIL: g++.mike/eh3.C  Execution test
FAIL: g++.mike/eh31.C  Execution test
FAIL: g++.mike/eh33.C  Execution test
FAIL: g++.mike/eh34.C  Execution test
FAIL: g++.mike/eh35.C  Execution test
FAIL: g++.mike/eh36.C  Execution test
FAIL: g++.mike/eh37.C  Execution test
FAIL: g++.mike/eh38.C  Execution test
FAIL: g++.mike/eh39.C  Execution test
FAIL: g++.mike/eh40.C  Execution test
FAIL: g++.mike/eh41.C  Execution test
FAIL: g++.mike/eh42.C  Execution test
FAIL: g++.mike/eh44.C  Execution test
FAIL: g++.mike/eh47.C  Execution test
FAIL: g++.mike/eh48.C  Execution test
FAIL: g++.mike/eh49.C  Execution test
FAIL: g++.mike/eh5.C  Execution test
FAIL: g++.mike/eh50.C  Execution test
FAIL: g++.mike/eh51.C  Execution test
FAIL: g++.mike/eh6.C  Execution test
FAIL: g++.mike/eh8.C  Execution test
FAIL: g++.mike/net34.C (test for excess errors)
FAIL: g++.mike/net46.C (test for excess errors)
FAIL: g++.mike/p658.C (test for excess errors)
FAIL: g++.mike/p7912.C  Execution test
FAIL: g++.mike/p9706.C  Execution test
FAIL: g++.mike/rtti1.C (test for excess errors)
FAIL: g++.oliva/delete3.C  Execution test
FAIL: g++.oliva/new1.C  Execution test
FAIL: g++.other/ambig1.C (test for excess errors)
FAIL: g++.other/array1.C  Execution test
FAIL: g++.other/defarg6.C (test for excess errors)
FAIL: g++.other/eh3.C  Execution test
FAIL: g++.other/headers1.C (test for excess errors)
FAIL: g++.other/init7.C  Execution test
FAIL: g++.other/inline14.C (test for excess errors)
FAIL: g++.other/mangle3.C (test for excess errors)
FAIL: g++.other/new7.C  Execution test
FAIL: g++.other/sibcall1.C (test for excess errors)
FAIL: g++.other/singleton.C  Execution test
FAIL: g++.other/unchanging1.C (test for excess errors)
FAIL: g++.other/vbase2.C  Execution test
XPASS: g++.pt/const2.C (test for excess errors)
XPASS: g++.pt/const2.C  Execution test
FAIL: g++.pt/crash68.C (test for excess errors)
FAIL: g++.pt/fntry1.C  Execution test
FAIL: g++.pt/instantiate10.C (test for excess errors)
FAIL: g++.pt/static3.C (test for excess errors)
FAIL: g++.pt/static6.C (test for excess errors)
FAIL: g++.robertl/eb109.C (test for excess errors)
FAIL: g++.robertl/eb113.C (test for excess errors)
FAIL: g++.robertl/eb115.C (test for excess errors)
FAIL: g++.robertl/eb118.C (test for excess errors)
FAIL: g++.robertl/eb124.C (test for excess errors)
FAIL: g++.robertl/eb127.C (test for excess errors)
FAIL: g++.robertl/eb15.C (test for excess errors)
FAIL: g++.robertl/eb21.C (test for excess errors)
FAIL: g++.robertl/eb24.C (test for excess errors)
FAIL: g++.robertl/eb27.C (test for excess errors)
FAIL: g++.robertl/eb3.C (test for excess errors)
FAIL: g++.robertl/eb30.C (test for excess errors)
FAIL: g++.robertl/eb31.C (test for excess errors)
FAIL: g++.robertl/eb33.C (test for excess errors)
FAIL: g++.robertl/eb39.C (test for excess errors)
FAIL: g++.robertl/eb4.C (test for excess errors)
FAIL: g++.robertl/eb41.C (test for excess errors)
FAIL: g++.robertl/eb44.C (test for excess errors)
FAIL: g++.robertl/eb46.C (test for excess errors)
FAIL: g++.robertl/eb50.C  Execution test
FAIL: g++.robertl/eb54.C (test for excess errors)
FAIL: g++.robertl/eb55.C (test for excess errors)
FAIL: g++.robertl/eb59.C (test for excess errors)
FAIL: g++.robertl/eb60.C (test for excess errors)
FAIL: g++.robertl/eb65.C (test for excess errors)
FAIL: g++.robertl/eb66.C (test for excess errors)
FAIL: g++.robertl/eb73.C (test for excess errors)
FAIL: g++.robertl/eb77.C (test for excess errors)
FAIL: g++.robertl/eb79.C (test for excess errors)
FAIL: g++.robertl/eb88.C  Execution test
FAIL: g++.robertl/eh990323-1.C  Execution test
FAIL: g++.robertl/eh990323-2.C  Execution test
FAIL: g++.robertl/eh990323-3.C  Execution test
FAIL: g++.robertl/eh990323-4.C  Execution test
FAIL: g++.robertl/eh990323-5.C  Execution test
FAIL: g++.robertl/ice990323-2.C  Execution test

            === g++ Summary ===

# of expected passes          6848
# of unexpected failures      210
# of unexpected successes     2
# of expected failures        125
# of untested testcases       23
# of unsupported tests        4
/devel/tmp/gcc-20020513.obj/gcc/testsuite/../g++ version 3.1 20020513 (prerelease)

            === g77 tests ===


Running target unix
WARNING: program timed out.
FAIL: g77.f-torture/execute/intrinsic77.f compilation,  -O3 -fomit-frame-pointer
WARNING: program timed out.
FAIL: g77.f-torture/execute/intrinsic77.f compilation,  -O3 -g

            === g77 Summary ===

# of expected passes          1448
# of unexpected failures      2
# of untested testcases       2
# of unsupported tests        8
/devel/tmp/gcc-20020513.obj/gcc/testsuite/../g77 version 3.1 20020513 (prerelease)

            === gcc tests ===


Running target unix
WARNING: program timed out.
FAIL: gcc.c-torture/compile/20001226-1.c,  -O0
WARNING: program timed out.
FAIL: gcc.c-torture/compile/20001226-1.c,  -O1
WARNING: program timed out.
FAIL: gcc.c-torture/compile/20001226-1.c,  -O2
WARNING: program timed out.
FAIL: gcc.c-torture/compile/20001226-1.c,  -O3 -fomit-frame-pointer
WARNING: program timed out.
FAIL: gcc.c-torture/compile/20001226-1.c,  -O3 -g
WARNING: program timed out.
FAIL: gcc.c-torture/compile/20001226-1.c,  -Os
FAIL: gcc.c-torture/compile/20011119-1.c,  -O3 -fomit-frame-pointer
FAIL: gcc.c-torture/compile/20011119-1.c,  -O3 -g
FAIL: gcc.c-torture/compile/20011119-2.c,  -O0
FAIL: gcc.c-torture/compile/20011119-2.c,  -O1
FAIL: gcc.c-torture/compile/20011119-2.c,  -O2
FAIL: gcc.c-torture/compile/20011119-2.c,  -O3 -fomit-frame-pointer
FAIL: gcc.c-torture/compile/20011119-2.c,  -O3 -g
FAIL: gcc.c-torture/compile/20011119-2.c,  -Os
FAIL: gcc.c-torture/compile/981001-2.c,  -O3 -fomit-frame-pointer
FAIL: gcc.c-torture/compile/981001-2.c,  -O3 -g
FAIL: gcc.c-torture/compile/990801-1.c,  -O3 -fomit-frame-pointer -funroll-all-loops -finline-functions
FAIL: gcc.c-torture/execute/20020307-2.c execution,  -O0
FAIL: gcc.c-torture/execute/20020307-2.c execution,  -O1
FAIL: gcc.c-torture/execute/20020307-2.c execution,  -O2
FAIL: gcc.c-torture/execute/20020307-2.c execution,  -O3 -fomit-frame-pointer
FAIL: gcc.c-torture/execute/20020307-2.c execution,  -O3 -fomit-frame-pointer -funroll-loops
FAIL: gcc.c-torture/execute/20020307-2.c execution,  -O3 -fomit-frame-pointer -funroll-all-loops -finline-functions
FAIL: gcc.c-torture/execute/20020307-2.c execution,  -O3 -g
FAIL: gcc.c-torture/execute/20020307-2.c execution,  -Os
FAIL: gcc.c-torture/execute/eeprof-1.c execution,  -O0
FAIL: gcc.c-torture/execute/eeprof-1.c execution,  -O1
FAIL: gcc.c-torture/execute/eeprof-1.c execution,  -O2
FAIL: gcc.c-torture/execute/eeprof-1.c execution,  -O3 -fomit-frame-pointer
FAIL: gcc.c-torture/execute/eeprof-1.c execution,  -O3 -g
FAIL: gcc.c-torture/execute/eeprof-1.c execution,  -Os
WARNING: program timed out.
FAIL: gcc.c-torture/execute/memcpy-bi.c compilation,  -O3 -fomit-frame-pointer
UNRESOLVED: gcc.c-torture/execute/memcpy-bi.c execution,  -O3 -fomit-frame-pointer
WARNING: program timed out.
FAIL: gcc.c-torture/execute/memcpy-bi.c compilation,  -O3 -fomit-frame-pointer -funroll-loops
UNRESOLVED: gcc.c-torture/execute/memcpy-bi.c execution,  -O3 -fomit-frame-pointer -funroll-loops
WARNING: program timed out.
FAIL: gcc.c-torture/execute/memcpy-bi.c compilation,  -O3 -fomit-frame-pointer -funroll-all-loops -finline-functions
UNRESOLVED: gcc.c-torture/execute/memcpy-bi.c execution,  -O3 -fomit-frame-pointer -funroll-all-loops -finline-functions
WARNING: program timed out.
FAIL: gcc.c-torture/execute/memcpy-bi.c compilation,  -O3 -g
UNRESOLVED: gcc.c-torture/execute/memcpy-bi.c execution,  -O3 -g
FAIL: gcc.c-torture/execute/ieee/20010114-2.c execution,  -O1
FAIL: gcc.c-torture/execute/ieee/20010114-2.c execution,  -O2
FAIL: gcc.c-torture/execute/ieee/20010114-2.c execution,  -Os
FAIL: gcc.c-torture/execute/ieee/980619-1.c execution,  -O1
FAIL: gcc.c-torture/execute/ieee/980619-1.c execution,  -O2
FAIL: gcc.c-torture/execute/ieee/980619-1.c execution,  -O3 -fomit-frame-pointer
FAIL: gcc.c-torture/execute/ieee/980619-1.c execution,  -O3 -fomit-frame-pointer -funroll-loops
FAIL: gcc.c-torture/execute/ieee/980619-1.c execution,  -O3 -fomit-frame-pointer -funroll-all-loops -finline-functions
FAIL: gcc.c-torture/execute/ieee/980619-1.c execution,  -O3 -g
FAIL: gcc.c-torture/execute/ieee/980619-1.c execution,  -Os
FAIL: gcc.dg/cpp/poison.c #if defined foo6 (test for errors, line 20)
FAIL: gcc.dg/cpp/poison.c use of foo6 (test for errors, line 23)
FAIL: gcc.dg/cpp/poison.c (test for excess errors)
FAIL: gcc.dg/cpp/tr-warn1.c #elif skipping (test for warnings, line 31)
FAIL: gcc.dg/cpp/tr-warn1.c #elif not skipping (test for warnings, line 33)
FAIL: gcc.dg/cpp/tr-warn1.c extension warning (test for warnings, line 24)
FAIL: gcc.dg/cpp/tr-warn1.c extension warning (test for warnings, line 25)
FAIL: gcc.dg/cpp/tr-warn1.c (test for excess errors)
FAIL: gcc.dg/cpp/wchar-1.c execution test
FAIL: gcc.dg/20020103-1.c scan-assembler-not LC
FAIL: gcc.dg/20020312-2.c (test for excess errors)
WARNING: gcc.dg/20020312-2.c compilation failed to produce executable
FAIL: gcc.dg/asm-fs-1.c scan-assembler-not \\*_bar
FAIL: gcc.dg/asm-names.c (test for excess errors)
FAIL: gcc.dg/c99-float-1.c (test for excess errors)
FAIL: gcc.dg/c99-init-2.c  (test for warnings, line 26)
FAIL: gcc.dg/c99-init-2.c  (test for warnings, line 27)
FAIL: gcc.dg/c99-init-2.c (test for excess errors)
WARNING: program timed out.
WARNING: program timed out.
FAIL: gcc.dg/struct-by-value-1.c (test for excess errors)
WARNING: gcc.dg/struct-by-value-1.c compilation failed to produce executable
FAIL: gcc.dg/weak-1.c scan-assembler weak[^     ]*[   ]_?a
FAIL: gcc.dg/weak-1.c scan-assembler weak[^     ]*[   ]_?b
FAIL: gcc.dg/weak-1.c scan-assembler weak[^     ]*[   ]_?c
FAIL: gcc.dg/weak-1.c scan-assembler weak[^     ]*[   ]_?d
FAIL: gcc.dg/weak-1.c scan-assembler weak[^     ]*[   ]_?e
FAIL: gcc.dg/weak-1.c scan-assembler weak[^     ]*[   ]_?g
FAIL: gcc.dg/weak-1.c scan-assembler weak[^     ]*[   ]_?j
FAIL: gcc.dg/weak-2.c applying #pragma weak (test for warnings, line 33)
FAIL: gcc.dg/weak-2.c scan-assembler weak[^     ]*[   ]ffoo1a
FAIL: gcc.dg/weak-2.c scan-assembler weak[^     ]*[   ]ffoo1b
FAIL: gcc.dg/weak-2.c scan-assembler weak[^     ]*[   ]ffoo1c
FAIL: gcc.dg/weak-2.c scan-assembler weak[^     ]*[   ]ffoo1e
FAIL: gcc.dg/weak-3.c (test for excess errors)
FAIL: gcc.dg/weak-3.c scan-assembler weak[^     ]*[   ]ffoo1a
FAIL: gcc.dg/weak-3.c scan-assembler weak[^     ]*[   ]ffoo1b
FAIL: gcc.dg/weak-3.c scan-assembler weak[^     ]*[   ]ffoo1c
FAIL: gcc.dg/weak-3.c scan-assembler weak[^     ]*[   ]ffoo1e
FAIL: gcc.dg/weak-3.c scan-assembler weak[^     ]*[   ]ffoo1f
FAIL: gcc.dg/weak-3.c scan-assembler weak[^     ]*[   ]ffoo1g
FAIL: gcc.dg/weak-4.c applying #pragma weak (test for warnings, line 41)
FAIL: gcc.dg/weak-4.c applying #pragma weak (test for warnings, line 73)
FAIL: gcc.dg/weak-4.c scan-assembler weak[^     ]*[   ]vfoo1a
FAIL: gcc.dg/weak-4.c scan-assembler weak[^     ]*[   ]vfoo1b
FAIL: gcc.dg/weak-4.c scan-assembler weak[^     ]*[   ]vfoo1c
FAIL: gcc.dg/weak-4.c scan-assembler weak[^     ]*[   ]vfoo1d
FAIL: gcc.dg/weak-4.c scan-assembler weak[^     ]*[   ]vfoo1e
FAIL: gcc.dg/weak-4.c scan-assembler weak[^     ]*[   ]vfoo1f
FAIL: gcc.dg/weak-4.c scan-assembler weak[^     ]*[   ]vfoo1g
FAIL: gcc.dg/weak-4.c scan-assembler weak[^     ]*[   ]vfoo1h
FAIL: gcc.dg/weak-4.c scan-assembler weak[^     ]*[   ]vfoo1i
FAIL: gcc.dg/weak-4.c scan-assembler weak[^     ]*[   ]vfoo1j
FAIL: gcc.dg/weak-4.c scan-assembler weak[^     ]*[   ]vfoo1k
FAIL: gcc.dg/weak-5.c (test for excess errors)
FAIL: gcc.dg/weak-5.c scan-assembler weak[^     ]*[   ]vfoo1a
FAIL: gcc.dg/weak-5.c scan-assembler weak[^     ]*[   ]vfoo1b
FAIL: gcc.dg/weak-5.c scan-assembler weak[^     ]*[   ]vfoo1c
FAIL: gcc.dg/weak-5.c scan-assembler weak[^     ]*[   ]vfoo1d
FAIL: gcc.dg/weak-5.c scan-assembler weak[^     ]*[   ]vfoo1e
FAIL: gcc.dg/weak-5.c scan-assembler weak[^     ]*[   ]vfoo1f
FAIL: gcc.dg/weak-5.c scan-assembler weak[^     ]*[   ]vfoo1g
FAIL: gcc.dg/weak-5.c scan-assembler weak[^     ]*[   ]vfoo1h
FAIL: gcc.dg/weak-5.c scan-assembler weak[^     ]*[   ]vfoo1i
FAIL: gcc.dg/weak-5.c scan-assembler weak[^     ]*[   ]vfoo1j
FAIL: gcc.dg/weak-5.c scan-assembler weak[^     ]*[   ]vfoo1k
FAIL: gcc.dg/weak-5.c scan-assembler weak[^     ]*[   ]vfoo1l
FAIL: gcc.dg/weak-6.c  (test for errors, line 4)
FAIL: gcc.dg/weak-7.c (test for excess errors)
FAIL: gcc.dg/noncompile/920923-1.c  (test for errors, line 111)
FAIL: gcc.dg/noncompile/920923-1.c  (test for errors, line 111)
FAIL: gcc.dg/noncompile/init-1.c  (test for errors, line 16)
FAIL: gcc.dg/noncompile/init-1.c (test for excess errors)
FAIL: gcc.dg/noncompile/init-1.c (test for excess errors)
UNRESOLVED: weak-1.c
UNRESOLVED: weak-2.c
FAIL: alias-1.c
FAIL: alias-2.c
UNRESOLVED: wkali-1.c
UNRESOLVED: wkali-2.c
FAIL: 20000419-2.c

            === gcc Summary ===

# of expected passes          17943
# of unexpected failures      118
# of expected failures        66
# of unresolved testcases     8
# of unsupported tests        114
/devel/tmp/gcc-20020513.obj/gcc/xgcc version 3.1 20020513 (prerelease)

            === objc tests ===


Running target unix

            === objc Summary ===

# of expected passes          1036
# of expected failures        6
/devel/tmp/gcc-20020513.obj/gcc/xgcc version 3.1 20020513 (prerelease)

            === libstdc++-v3 tests ===


Running target unix
FAIL: 17_intro/header_iostream.cc (test for excess errors)
WARNING: 17_intro/header_iostream.cc compilation failed to produce executable
FAIL: 17_intro/headers.cc (test for excess errors)
WARNING: 17_intro/headers.cc compilation failed to produce executable
FAIL: 18_support/numeric_limits.cc execution test
FAIL: 19_diagnostics/stdexceptions.cc (test for excess errors)
WARNING: 19_diagnostics/stdexceptions.cc compilation failed to produce executable
FAIL: 20_util/allocator_members.cc execution test
FAIL: 21_strings/append.cc (test for excess errors)
WARNING: 21_strings/append.cc compilation failed to produce executable
FAIL: 21_strings/assign.cc (test for excess errors)
WARNING: 21_strings/assign.cc compilation failed to produce executable
FAIL: 21_strings/capacity.cc (test for excess errors)
WARNING: 21_strings/capacity.cc compilation failed to produce executable
FAIL: 21_strings/char_traits_requirements.cc (test for excess errors)
WARNING: 21_strings/char_traits_requirements.cc compilation failed to produce executable
FAIL: 21_strings/compare.cc (test for excess errors)
WARNING: 21_strings/compare.cc compilation failed to produce executable
FAIL: 21_strings/ctor_copy_dtor.cc (test for excess errors)
WARNING: 21_strings/ctor_copy_dtor.cc compilation failed to produce executable
FAIL: 21_strings/element_access.cc (test for excess errors)
WARNING: 21_strings/element_access.cc compilation failed to produce executable
FAIL: 21_strings/find.cc (test for excess errors)
WARNING: 21_strings/find.cc compilation failed to produce executable
FAIL: 21_strings/insert.cc (test for excess errors)
WARNING: 21_strings/insert.cc compilation failed to produce executable
FAIL: 21_strings/inserters_extractors.cc (test for excess errors)
WARNING: 21_strings/inserters_extractors.cc compilation failed to produce executable
FAIL: 21_strings/invariants.cc (test for excess errors)
WARNING: 21_strings/invariants.cc compilation failed to produce executable
FAIL: 21_strings/nonmember.cc (test for excess errors)
WARNING: 21_strings/nonmember.cc compilation failed to produce executable
FAIL: 21_strings/operations.cc (test for excess errors)
WARNING: 21_strings/operations.cc compilation failed to produce executable
FAIL: 21_strings/replace.cc (test for excess errors)
WARNING: 21_strings/replace.cc compilation failed to produce executable
FAIL: 21_strings/rfind.cc (test for excess errors)
WARNING: 21_strings/rfind.cc compilation failed to produce executable
FAIL: 21_strings/substr.cc (test for excess errors)
WARNING: 21_strings/substr.cc compilation failed to produce executable
FAIL: 22_locale/codecvt_members_char_char.cc (test for excess errors)
WARNING: 22_locale/codecvt_members_char_char.cc compilation failed to produce executable
FAIL: 22_locale/collate_byname.cc (test for excess errors)
WARNING: 22_locale/collate_byname.cc compilation failed to produce executable
FAIL: 22_locale/collate_members_char.cc (test for excess errors)
WARNING: 22_locale/collate_members_char.cc compilation failed to produce executable
XPASS: 22_locale/collate_members_wchar_t.cc execution test
FAIL: 22_locale/ctor_copy_dtor.cc (test for excess errors)
WARNING: 22_locale/ctor_copy_dtor.cc compilation failed to produce executable
FAIL: 22_locale/ctype_members_char.cc (test for excess errors)
WARNING: 22_locale/ctype_members_char.cc compilation failed to produce executable
FAIL: 22_locale/facet.cc (test for excess errors)
WARNING: 22_locale/facet.cc compilation failed to produce executable
FAIL: 22_locale/global_templates.cc (test for excess errors)
WARNING: 22_locale/global_templates.cc compilation failed to produce executable
FAIL: 22_locale/members.cc (test for excess errors)
WARNING: 22_locale/members.cc compilation failed to produce executable
FAIL: 22_locale/messages_byname.cc (test for excess errors)
WARNING: 22_locale/messages_byname.cc compilation failed to produce executable
FAIL: 22_locale/messages_members_char.cc (test for excess errors)
WARNING: 22_locale/messages_members_char.cc compilation failed to produce executable
FAIL: 22_locale/money_get_members_char.cc (test for excess errors)
WARNING: 22_locale/money_get_members_char.cc compilation failed to produce executable
XPASS: 22_locale/money_get_members_wchar_t.cc execution test
FAIL: 22_locale/money_put_members_char.cc (test for excess errors)
WARNING: 22_locale/money_put_members_char.cc compilation failed to produce executable
XPASS: 22_locale/money_put_members_wchar_t.cc execution test
FAIL: 22_locale/moneypunct_byname.cc (test for excess errors)
WARNING: 22_locale/moneypunct_byname.cc compilation failed to produce executable
FAIL: 22_locale/moneypunct_members_char.cc (test for excess errors)
WARNING: 22_locale/moneypunct_members_char.cc compilation failed to produce executable
XPASS: 22_locale/moneypunct_members_wchar_t.cc execution test
FAIL: 22_locale/num_get_members_char.cc (test for excess errors)
WARNING: 22_locale/num_get_members_char.cc compilation failed to produce executable
XPASS: 22_locale/num_get_members_wchar_t.cc execution test
FAIL: 22_locale/num_put_members_char.cc (test for excess errors)
WARNING: 22_locale/num_put_members_char.cc compilation failed to produce executable
XPASS: 22_locale/num_put_members_wchar_t.cc execution test
FAIL: 22_locale/numpunct_byname.cc (test for excess errors)
WARNING: 22_locale/numpunct_byname.cc compilation failed to produce executable
FAIL: 22_locale/numpunct_members_char.cc (test for excess errors)
WARNING: 22_locale/numpunct_members_char.cc compilation failed to produce executable
XPASS: 22_locale/numpunct_members_wchar_t.cc execution test
FAIL: 22_locale/operators.cc (test for excess errors)
WARNING: 22_locale/operators.cc compilation failed to produce executable
FAIL: 22_locale/static_members.cc (test for excess errors)
WARNING: 22_locale/static_members.cc compilation failed to produce executable
FAIL: 22_locale/time_get_members_char.cc (test for excess errors)
WARNING: 22_locale/time_get_members_char.cc compilation failed to produce executable
XPASS: 22_locale/time_get_members_wchar_t.cc execution test
FAIL: 22_locale/time_put_members_char.cc (test for excess errors)
WARNING: 22_locale/time_put_members_char.cc compilation failed to produce executable
XPASS: 22_locale/time_put_members_wchar_t.cc execution test
FAIL: 23_containers/bitset_ctor.cc (test for excess errors)
WARNING: 23_containers/bitset_ctor.cc compilation failed to produce executable
FAIL: 23_containers/bitset_members.cc execution test
FAIL: 23_containers/bitset_shift.cc (test for excess errors)
WARNING: 23_containers/bitset_shift.cc compilation failed to produce executable
FAIL: 23_containers/list_modifiers.cc execution test
FAIL: 23_containers/multiset.cc (test for excess errors)
WARNING: 23_containers/multiset.cc compilation failed to produce executable
FAIL: 23_containers/vector_ctor.cc (test for excess errors)
WARNING: 23_containers/vector_ctor.cc compilation failed to produce executable
FAIL: 23_containers/vector_element_access.cc execution test
FAIL: 24_iterators/istream_iterator.cc (test for excess errors)
WARNING: 24_iterators/istream_iterator.cc compilation failed to produce executable
FAIL: 24_iterators/istreambuf_iterator.cc (test for excess errors)
WARNING: 24_iterators/istreambuf_iterator.cc compilation failed to produce executable
FAIL: 24_iterators/iterator.cc (test for excess errors)
WARNING: 24_iterators/iterator.cc compilation failed to produce executable
FAIL: 24_iterators/ostream_iterator.cc (test for excess errors)
WARNING: 24_iterators/ostream_iterator.cc compilation failed to produce executable
FAIL: 24_iterators/ostreambuf_iterator.cc (test for excess errors)
WARNING: 24_iterators/ostreambuf_iterator.cc compilation failed to produce executable
FAIL: 26_numerics/binary_closure.cc (test for excess errors)
WARNING: 26_numerics/binary_closure.cc compilation failed to produce executable
WARNING: program timed out.
FAIL: 26_numerics/complex_inserters_extractors.cc (test for excess errors)
WARNING: 26_numerics/complex_inserters_extractors.cc compilation failed to produce executable
FAIL: 27_io/filebuf_members.cc (test for excess errors)
WARNING: 27_io/filebuf_members.cc compilation failed to produce executable
FAIL: 27_io/filebuf_virtuals.cc (test for excess errors)
WARNING: 27_io/filebuf_virtuals.cc compilation failed to produce executable
FAIL: 27_io/fstream_members.cc (test for excess errors)
WARNING: 27_io/fstream_members.cc compilation failed to produce executable
FAIL: 27_io/ifstream_members.cc (test for excess errors)
WARNING: 27_io/ifstream_members.cc compilation failed to produce executable
FAIL: 27_io/instantiations.cc (test for excess errors)
WARNING: 27_io/instantiations.cc compilation failed to produce executable
FAIL: 27_io/ios_base_callbacks.cc (test for excess errors)
WARNING: 27_io/ios_base_callbacks.cc compilation failed to produce executable
FAIL: 27_io/ios_base_members_static.cc (test for excess errors)
WARNING: 27_io/ios_base_members_static.cc compilation failed to produce executable
FAIL: 27_io/ios_base_storage.cc (test for excess errors)
WARNING: 27_io/ios_base_storage.cc compilation failed to produce executable
FAIL: 27_io/ios_ctor.cc (test for excess errors)
WARNING: 27_io/ios_ctor.cc compilation failed to produce executable
WARNING: program timed out.
FAIL: 27_io/ios_init.cc (test for excess errors)
WARNING: 27_io/ios_init.cc compilation failed to produce executable
FAIL: 27_io/ios_manip_basefield.cc (test for excess errors)
WARNING: 27_io/ios_manip_basefield.cc compilation failed to produce executable
FAIL: 27_io/ios_manip_fmtflags.cc (test for excess errors)
WARNING: 27_io/ios_manip_fmtflags.cc compilation failed to produce executable
FAIL: 27_io/ios_members.cc (test for excess errors)
WARNING: 27_io/ios_members.cc compilation failed to produce executable
FAIL: 27_io/iostream_members.cc (test for excess errors)
WARNING: 27_io/iostream_members.cc compilation failed to produce executable
FAIL: 27_io/istream_extractor_arith.cc (test for excess errors)
WARNING: 27_io/istream_extractor_arith.cc compilation failed to produce executable
FAIL: 27_io/istream_extractor_char.cc (test for excess errors)
WARNING: 27_io/istream_extractor_char.cc compilation failed to produce executable
FAIL: 27_io/istream_extractor_other.cc (test for excess errors)
WARNING: 27_io/istream_extractor_other.cc compilation failed to produce executable
FAIL: 27_io/istream_manip.cc (test for excess errors)
WARNING: 27_io/istream_manip.cc compilation failed to produce executable
FAIL: 27_io/istream_seeks.cc (test for excess errors)
WARNING: 27_io/istream_seeks.cc compilation failed to produce executable
FAIL: 27_io/istream_sentry.cc (test for excess errors)
WARNING: 27_io/istream_sentry.cc compilation failed to produce executable
FAIL: 27_io/istream_unformatted.cc (test for excess errors)
WARNING: 27_io/istream_unformatted.cc compilation failed to produce executable
FAIL: 27_io/istringstream_members.cc (test for excess errors)
WARNING: 27_io/istringstream_members.cc compilation failed to produce executable
FAIL: 27_io/narrow_stream_objects.cc (test for excess errors)
WARNING: 27_io/narrow_stream_objects.cc compilation failed to produce executable
FAIL: 27_io/ofstream_members.cc (test for excess errors)
WARNING: 27_io/ofstream_members.cc compilation failed to produce executable
FAIL: 27_io/ostream_inserter_arith.cc (test for excess errors)
WARNING: 27_io/ostream_inserter_arith.cc compilation failed to produce executable
FAIL: 27_io/ostream_inserter_char.cc (test for excess errors)
WARNING: 27_io/ostream_inserter_char.cc compilation failed to produce executable
FAIL: 27_io/ostream_inserter_other.cc (test for excess errors)
WARNING: 27_io/ostream_inserter_other.cc compilation failed to produce executable
FAIL: 27_io/ostream_manip.cc (test for excess errors)
WARNING: 27_io/ostream_manip.cc compilation failed to produce executable
FAIL: 27_io/ostream_seeks.cc (test for excess errors)
WARNING: 27_io/ostream_seeks.cc compilation failed to produce executable
FAIL: 27_io/ostream_unformatted.cc (test for excess errors)
WARNING: 27_io/ostream_unformatted.cc compilation failed to produce executable
FAIL: 27_io/ostringstream_members.cc (test for excess errors)
WARNING: 27_io/ostringstream_members.cc compilation failed to produce executable
FAIL: 27_io/standard_manipulators.cc (test for excess errors)
WARNING: 27_io/standard_manipulators.cc compilation failed to produce executable
FAIL: 27_io/streambuf.cc (test for excess errors)
WARNING: 27_io/streambuf.cc compilation failed to produce executable
FAIL: 27_io/stringbuf.cc (test for excess errors)
WARNING: 27_io/stringbuf.cc compilation failed to produce executable
FAIL: 27_io/stringbuf_virtuals.cc (test for excess errors)
WARNING: 27_io/stringbuf_virtuals.cc compilation failed to produce executable
FAIL: 27_io/stringstream.cc (test for excess errors)
WARNING: 27_io/stringstream.cc compilation failed to produce executable
FAIL: 27_io/stringstream_members.cc (test for excess errors)
WARNING: 27_io/stringstream_members.cc compilation failed to produce executable
FAIL: 27_io/wide_stream_objects.cc (test for excess errors)
WARNING: 27_io/wide_stream_objects.cc compilation failed to produce executable
FAIL: backward/header_deque_h.cc (test for excess errors)
WARNING: backward/header_deque_h.cc compilation failed to produce executable
FAIL: backward/header_hash_map_h.cc (test for excess errors)
WARNING: backward/header_hash_map_h.cc compilation failed to produce executable
FAIL: backward/header_hash_set_h.cc (test for excess errors)
WARNING: backward/header_hash_set_h.cc compilation failed to produce executable
FAIL: backward/header_hashtable_h.cc (test for excess errors)
WARNING: backward/header_hashtable_h.cc compilation failed to produce executable
FAIL: backward/header_iterator_h.cc (test for excess errors)
WARNING: backward/header_iterator_h.cc compilation failed to produce executable
FAIL: backward/header_rope_h.cc (test for excess errors)
WARNING: backward/header_rope_h.cc compilation failed to produce executable
FAIL: backward/header_tempbuf_h.cc (test for excess errors)
WARNING: backward/header_tempbuf_h.cc compilation failed to produce executable
FAIL: ext/concept_checks.cc (test for excess errors)
WARNING: ext/concept_checks.cc compilation failed to produce executable
FAIL: ext/headers.cc (test for excess errors)
WARNING: ext/headers.cc compilation failed to produce executable
FAIL: ext/rope.cc (test for excess errors)
WARNING: ext/rope.cc compilation failed to produce executable

            === libstdc++-v3 Summary ===

# of expected passes          174
# of unexpected failures      105
# of unexpected successes     9
# of unsupported tests        6

Compiler version: 3.1 20020513 (prerelease)
Platform: rs6000-ibm-aix4.2.0.0
configure flags: --host=rs6000-ibm-aix4.2.0.0
Counting all warnings,
there are 78 warnings in stage3 of this bootstrap.

Number of warnings per file:
  18 gcc/combine.c
  14 gcc/libgcc2.c
  10 gcc/regclass.c
   4 insn-emit.c
   4 gcc/optabs.c
   4 gcc/gcc.c
   4 gcc/config/rs6000/rs6000.md
   3 gcc/reload1.c
   3 gcc/collect2.c
   2 gcc/reload.c
   2 gcc/java/javaop.def
   2 gcc/fold-const.c
   1 gcc/varasm.c
   1 gcc/regmove.c
   1 gcc/read-rtl.c
   1 gcc/objc/lang-specs.h
   1 gcc/java/jvspec.c
   1 gcc/ggc-page.c
   1 gcc/emit-rtl.c
   1 gcc/cp/lang-specs.h

Number of warning types:
  35 comparison between signed and unsigned
  10 implicit declaration of function \`???'
   8 function declaration isn't a prototype
   7 string length \`???' is greater than the length \`???' ISO C89 compilers are required to support
   4 unused parameter \`???'
   4 operand 3 missing mode?
   3 signed and unsigned type in conditional expression
   2 operation on \`???' may be undefined
   2 \`???' might be used uninitialized in this function
   1 unused variable \`???'
   1 pointer targets in passing arg ??? of \`???' differ in signedness
   1 ??? format, ??? arg (arg ???)


Index Nav: [Date Index] [Subject Index] [Author Index] [Thread Index]
Message Nav: [Date Prev] [Date Next] [Thread Prev] [Thread Next]