This is the mail archive of the
gcc-testresults@gcc.gnu.org
mailing list for the GCC project.
Results for 3.1 testsuite on sparc-sun-solaris2.8
- From: ro at TechFak dot Uni-Bielefeld dot DE
- To: gcc-testresults at gcc dot gnu dot org
- Date: Fri, 17 May 2002 23:02:12 +0200 (MEST)
- Subject: Results for 3.1 testsuite on sparc-sun-solaris2.8
LAST_UPDATED:
Native configuration is sparc-sun-solaris2.8
=== g++ tests ===
Running target unix
FAIL: g++.dg/special/conpr-2.C execution test
FAIL: g++.dg/special/conpr-3.C execution test
FAIL: g++.dg/special/initp1.C execution test
=== g++ Summary for unix ===
# of expected passes 7166
# of unexpected failures 3
# of expected failures 88
# of untested testcases 21
# of unsupported tests 3
Running target unix/-m64
FAIL: g++.dg/special/conpr-2.C execution test
FAIL: g++.dg/special/conpr-3.C execution test
FAIL: g++.dg/special/initp1.C execution test
=== g++ Summary for unix/-m64 ===
# of expected passes 7166
# of unexpected failures 3
# of expected failures 88
# of untested testcases 21
# of unsupported tests 3
=== g++ Summary ===
# of expected passes 14332
# of unexpected failures 6
# of expected failures 176
# of untested testcases 42
# of unsupported tests 6
/amnt/figaro/volumes/obj-gcc/gcc/obj.sol2/gcc-3.1/8-gcc-ada/gcc/testsuite/../g++ version 3.1
=== g77 tests ===
Running target unix
=== g77 Summary for unix ===
# of expected passes 1452
# of unsupported tests 8
Running target unix/-m64
=== g77 Summary for unix/-m64 ===
# of expected passes 1452
# of unsupported tests 8
=== g77 Summary ===
# of expected passes 2904
# of unsupported tests 16
/amnt/figaro/volumes/obj-gcc/gcc/obj.sol2/gcc-3.1/8-gcc-ada/gcc/testsuite/../g77 version 3.1
=== gcc tests ===
Running target unix
UNRESOLVED: weak-1.c
UNRESOLVED: weak-2.c
UNRESOLVED: wkali-1.c
UNRESOLVED: wkali-2.c
=== gcc Summary for unix ===
# of expected passes 18256
# of expected failures 66
# of unresolved testcases 4
# of unsupported tests 108
Running target unix/-m64
XPASS: gcc.c-torture/execute/20020227-1.c execution, -O0
XPASS: gcc.c-torture/execute/20020227-1.c execution, -O1
FAIL: gcc.c-torture/execute/regstack-1.c execution, -O0
XPASS: gcc.dg/c99-intconst-1.c (test for excess errors)
FAIL: gcc.dg/sparc-ret.c (test for excess errors)
ERROR: gcc.dg/sparc-ret.c: error executing dg-final: couldn't open "sparc-ret.s": no such file or directory
UNRESOLVED: gcc.dg/sparc-ret.c: error executing dg-final: couldn't open "sparc-ret.s": no such file or directory
UNRESOLVED: weak-1.c
UNRESOLVED: weak-2.c
UNRESOLVED: wkali-1.c
UNRESOLVED: wkali-2.c
=== gcc Summary for unix/-m64 ===
# of expected passes 18246
# of unexpected failures 2
# of unexpected successes 3
# of expected failures 69
# of unresolved testcases 5
# of unsupported tests 108
=== gcc Summary ===
# of expected passes 36502
# of unexpected failures 2
# of unexpected successes 3
# of expected failures 135
# of unresolved testcases 9
# of unsupported tests 216
/amnt/figaro/volumes/obj-gcc/gcc/obj.sol2/gcc-3.1/8-gcc-ada/gcc/xgcc version 3.1
=== objc tests ===
Running target unix
=== objc Summary for unix ===
# of expected passes 1036
# of expected failures 6
Running target unix/-m64
=== objc Summary for unix/-m64 ===
# of expected passes 1036
# of expected failures 6
=== objc Summary ===
# of expected passes 2072
# of expected failures 12
/amnt/figaro/volumes/obj-gcc/gcc/obj.sol2/gcc-3.1/8-gcc-ada/gcc/xgcc version 3.1
=== libjava tests ===
Running target unix
FAIL: FileHandleGcTest execution from source compiled test
FAIL: FileHandleGcTest execution from bytecode->native test
FAIL: FileHandleGcTest -O execution from source compiled test
FAIL: FileHandleGcTest -O execution from bytecode->native test
FAIL: Thread_Interrupt output from bytecode->native test
FAIL: Throw_2 execution from source compiled test
FAIL: Throw_2 execution from bytecode->native test
FAIL: Throw_2 -O execution from source compiled test
FAIL: Throw_2 -O execution from bytecode->native test
=== libjava Summary for unix ===
# of expected passes 2058
# of unexpected failures 9
# of expected failures 18
# of untested testcases 22
Running target unix/-m64
FAIL: calls output
FAIL: FileHandleGcTest execution from source compiled test
FAIL: FileHandleGcTest execution from bytecode->native test
FAIL: FileHandleGcTest -O execution from source compiled test
FAIL: FileHandleGcTest -O execution from bytecode->native test
FAIL: InvokeReturn output from source compiled test
FAIL: InvokeReturn output from bytecode->native test
FAIL: InvokeReturn -O output from source compiled test
FAIL: InvokeReturn -O output from bytecode->native test
=== libjava Summary for unix/-m64 ===
# of expected passes 2062
# of unexpected failures 9
# of expected failures 18
# of untested testcases 18
=== libjava Summary ===
# of expected passes 4120
# of unexpected failures 18
# of expected failures 36
# of untested testcases 40
=== libstdc++-v3 tests ===
Running target unix
XPASS: 22_locale/collate_members_wchar_t.cc execution test
XPASS: 22_locale/money_get_members_wchar_t.cc execution test
XPASS: 22_locale/money_put_members_wchar_t.cc execution test
XPASS: 22_locale/moneypunct_members_wchar_t.cc execution test
XPASS: 22_locale/num_get_members_wchar_t.cc execution test
XPASS: 22_locale/num_put_members_wchar_t.cc execution test
XPASS: 22_locale/numpunct_members_wchar_t.cc execution test
XPASS: 22_locale/time_get_members_wchar_t.cc execution test
XPASS: 22_locale/time_put_members_wchar_t.cc execution test
FAIL: 27_io/istream_extractor_arith.cc execution test
=== libstdc++-v3 Summary for unix ===
# of expected passes 374
# of unexpected failures 1
# of unexpected successes 9
# of expected failures 16
Running target unix/-m64
XPASS: 22_locale/collate_members_wchar_t.cc execution test
XPASS: 22_locale/money_get_members_wchar_t.cc execution test
XPASS: 22_locale/money_put_members_wchar_t.cc execution test
XPASS: 22_locale/moneypunct_members_wchar_t.cc execution test
XPASS: 22_locale/num_get_members_wchar_t.cc execution test
XPASS: 22_locale/num_put_members_wchar_t.cc execution test
XPASS: 22_locale/numpunct_members_wchar_t.cc execution test
XPASS: 22_locale/time_get_members_wchar_t.cc execution test
XPASS: 22_locale/time_put_members_wchar_t.cc execution test
FAIL: 27_io/istream_extractor_arith.cc execution test
=== libstdc++-v3 Summary for unix/-m64 ===
# of expected passes 374
# of unexpected failures 1
# of unexpected successes 9
# of expected failures 16
=== libstdc++-v3 Summary ===
# of expected passes 748
# of unexpected failures 2
# of unexpected successes 18
# of expected failures 32
Compiler version: 3.1
Platform: sparc-sun-solaris2.8
configure flags: --host=sparc-sun-solaris2.8 --prefix=/vol/gnu --with-local-prefix=/vol/gnu --disable-nls