This is the mail archive of the
gcc-testresults@gcc.gnu.org
mailing list for the GCC project.
Results for 3.1 testsuite on i686-pc-linux-gnu
- From: Carl Eugen Hoyos <ceh at cg dot tuwien dot ac dot at>
- To: gcc-testresults at gcc dot gnu dot org
- Date: Fri, 17 May 2002 18:30:20 +0200
- Subject: Results for 3.1 testsuite on i686-pc-linux-gnu
The computer is an Athlon 800MHz running SuSE Linux 7.3
I configured with --with-cpu=athlon and --enable-threads
LAST_UPDATED:
Native configuration is i686-pc-linux-gnu
=== gcc tests ===
Running target unix
FAIL: gcc.c-torture/execute/20020307-2.c execution, -O1
FAIL: gcc.c-torture/execute/20020307-2.c execution, -O2
FAIL: gcc.c-torture/execute/20020307-2.c execution, -O3 -fomit-frame-pointer
FAIL: gcc.c-torture/execute/20020307-2.c execution, -O3 -fomit-frame-pointer -funroll-loops
FAIL: gcc.c-torture/execute/20020307-2.c execution, -O3 -fomit-frame-pointer -funroll-all-loops -finline-functions
FAIL: gcc.c-torture/execute/20020307-2.c execution, -O3 -g
FAIL: gcc.c-torture/execute/20020402-1.c execution, -Os
=== gcc Summary ===
# of expected passes 18405
# of unexpected failures 7
# of expected failures 67
# of unsupported tests 43
/ceh/gcc31/gcc/xgcc version 3.1
=== objc tests ===
Running target unix
=== objc Summary ===
# of expected passes 1036
# of expected failures 6
/ceh/gcc31/gcc/xgcc version 3.1
Compiler version: 3.1
Platform: i686-pc-linux-gnu
configure flags: --host=i686-pc-linux-gnu --prefix=/usr/local/gcc-3.1 --with-gnu-as --with-as=/usr/local/bin/as --with-gnu-ld --with-ld=/usr/local/bin/ld --with-cpu=athlon --enable-threads