This is the mail archive of the
gcc-testresults@gcc.gnu.org
mailing list for the GCC project.
Results for 3.2 20020515 (experimental) testsuite on alpha-unknown-netbsd
- From: Jason R Thorpe <thorpej at frau-farbissina dot shagadelic dot org>
- To: gcc-testresults at gcc dot gnu dot org
- Date: Thu, 16 May 2002 00:10:59 -0700 (PDT)
- Subject: Results for 3.2 20020515 (experimental) testsuite on alpha-unknown-netbsd
LAST_UPDATED: Thu May 16 02:56:03 UTC 2002
Native configuration is alpha-unknown-netbsd
=== libstdc++-v3 tests ===
Running target unix
XPASS: 22_locale/collate_members_wchar_t.cc execution test
XPASS: 22_locale/ctype_scan_wchar_t.cc execution test
XPASS: 22_locale/money_get_members_wchar_t.cc execution test
XPASS: 22_locale/money_put_members_wchar_t.cc execution test
XPASS: 22_locale/moneypunct_members_wchar_t.cc execution test
XPASS: 22_locale/num_get_members_wchar_t.cc execution test
XPASS: 22_locale/num_put_members_wchar_t.cc execution test
XPASS: 22_locale/numpunct_members_wchar_t.cc execution test
XPASS: 22_locale/time_get_members_wchar_t.cc execution test
XPASS: 22_locale/time_put_members_wchar_t.cc execution test
=== libstdc++-v3 Summary ===
# of expected passes 366
# of unexpected successes 10
# of expected failures 16
# of unsupported tests 6
=== g++ tests ===
Running target unix
FAIL: g++.dg/abi/rtti1.C scan-assembler-dem-not typeinfo for A[: \\t\\n]
FAIL: g++.dg/parse/stack1.C (test for excess errors)
FAIL: g++.dg/template/typename2.C (test for excess errors)
FAIL: g++.dg/warn/Wunused-2.C (test for warnings, line 5)
FAIL: g++.law/profile1.C Execution test
=== g++ Summary ===
# of expected passes 7320
# of unexpected failures 5
# of expected failures 87
# of untested testcases 22
# of unsupported tests 4
/u2/hack/gnu-toolchain/gcc/build/alpha/gcc/testsuite/../g++ version 3.2 20020515 (experimental)
=== g77 tests ===
Running target unix
FAIL: g77.f-torture/execute/6367.f execution, -O0
FAIL: g77.f-torture/execute/6367.f execution, -O1
FAIL: g77.f-torture/execute/6367.f execution, -O2
FAIL: g77.f-torture/execute/6367.f execution, -O3 -fomit-frame-pointer
FAIL: g77.f-torture/execute/6367.f execution, -O3 -fomit-frame-pointer -funroll-loops
FAIL: g77.f-torture/execute/6367.f execution, -O3 -fomit-frame-pointer -funroll-all-loops -finline-functions
FAIL: g77.f-torture/execute/6367.f execution, -O3 -g
FAIL: g77.f-torture/execute/6367.f execution, -Os
=== g77 Summary ===
# of expected passes 1618
# of unexpected failures 8
# of unsupported tests 8
/u2/hack/gnu-toolchain/gcc/build/alpha/gcc/testsuite/../g77 version 3.2 20020515 (experimental)
=== gcc tests ===
Running target unix
FAIL: gcc.c-torture/compile/labels-3.c, -O0
FAIL: gcc.c-torture/compile/labels-3.c, -O1
FAIL: gcc.c-torture/compile/labels-3.c, -O2
FAIL: gcc.c-torture/compile/labels-3.c, -O3 -fomit-frame-pointer
FAIL: gcc.c-torture/compile/labels-3.c, -O3 -g
FAIL: gcc.c-torture/compile/labels-3.c, -Os
FAIL: gcc.c-torture/execute/20020412-1.c compilation, -O0
UNRESOLVED: gcc.c-torture/execute/20020412-1.c execution, -O0
FAIL: gcc.c-torture/execute/20020412-1.c compilation, -O1
UNRESOLVED: gcc.c-torture/execute/20020412-1.c execution, -O1
FAIL: gcc.c-torture/execute/20020412-1.c compilation, -O2
UNRESOLVED: gcc.c-torture/execute/20020412-1.c execution, -O2
FAIL: gcc.c-torture/execute/20020412-1.c compilation, -O3 -fomit-frame-pointer
UNRESOLVED: gcc.c-torture/execute/20020412-1.c execution, -O3 -fomit-frame-pointer
FAIL: gcc.c-torture/execute/20020412-1.c compilation, -O3 -fomit-frame-pointer -funroll-loops
UNRESOLVED: gcc.c-torture/execute/20020412-1.c execution, -O3 -fomit-frame-pointer -funroll-loops
FAIL: gcc.c-torture/execute/20020412-1.c compilation, -O3 -fomit-frame-pointer -funroll-all-loops -finline-functions
UNRESOLVED: gcc.c-torture/execute/20020412-1.c execution, -O3 -fomit-frame-pointer -funroll-all-loops -finline-functions
FAIL: gcc.c-torture/execute/20020412-1.c compilation, -O3 -g
UNRESOLVED: gcc.c-torture/execute/20020412-1.c execution, -O3 -g
FAIL: gcc.c-torture/execute/20020412-1.c compilation, -Os
UNRESOLVED: gcc.c-torture/execute/20020412-1.c execution, -Os
FAIL: gcc.c-torture/execute/960218-1.c compilation, -O0
UNRESOLVED: gcc.c-torture/execute/960218-1.c execution, -O0
FAIL: gcc.c-torture/execute/960218-1.c compilation, -O1
UNRESOLVED: gcc.c-torture/execute/960218-1.c execution, -O1
FAIL: gcc.c-torture/execute/960218-1.c compilation, -O2
UNRESOLVED: gcc.c-torture/execute/960218-1.c execution, -O2
FAIL: gcc.c-torture/execute/960218-1.c compilation, -O3 -fomit-frame-pointer
UNRESOLVED: gcc.c-torture/execute/960218-1.c execution, -O3 -fomit-frame-pointer
FAIL: gcc.c-torture/execute/960218-1.c compilation, -O3 -fomit-frame-pointer -funroll-loops
UNRESOLVED: gcc.c-torture/execute/960218-1.c execution, -O3 -fomit-frame-pointer -funroll-loops
FAIL: gcc.c-torture/execute/960218-1.c compilation, -O3 -fomit-frame-pointer -funroll-all-loops -finline-functions
UNRESOLVED: gcc.c-torture/execute/960218-1.c execution, -O3 -fomit-frame-pointer -funroll-all-loops -finline-functions
FAIL: gcc.c-torture/execute/960218-1.c compilation, -Os
UNRESOLVED: gcc.c-torture/execute/960218-1.c execution, -Os
FAIL: gcc.c-torture/execute/ieee/rbug.c execution, -O0
FAIL: gcc.c-torture/execute/ieee/rbug.c execution, -O1
FAIL: gcc.c-torture/execute/ieee/rbug.c execution, -O2
FAIL: gcc.c-torture/execute/ieee/rbug.c execution, -Os
FAIL: cmdlne-dM-M.c: #define line not printed
XPASS: gcc.dg/c99-intconst-1.c (test for excess errors)
FAIL: gcc.dg/gnu89-init-1.c (test for excess errors)
FAIL: gcc.dg/format/branch-1.c null format arg (test for warnings, line 25)
FAIL: gcc.dg/format/branch-1.c null format arg (test for warnings, line 25)
FAIL: gcc.dg/format/c90-printf-1.c warning for empty format (test for warnings, line 226)
FAIL: gcc.dg/format/c90-printf-1.c null format string warning (test for warnings, line 230)
FAIL: gcc.dg/format/c90-printf-1.c warning for empty format (test for warnings, line 226)
FAIL: gcc.dg/format/c90-printf-1.c null format string warning (test for warnings, line 230)
FAIL: gcc.dg/format/c90-scanf-1.c warning for empty format (test for warnings, line 112)
FAIL: gcc.dg/format/c90-scanf-1.c null format string warning (test for warnings, line 116)
FAIL: gcc.dg/format/c90-scanf-1.c warning for empty format (test for warnings, line 112)
FAIL: gcc.dg/format/c90-scanf-1.c null format string warning (test for warnings, line 116)
FAIL: gcc.dg/format/c99-scanf-3.c vfscanf (test for warnings, line 21)
FAIL: gcc.dg/format/c99-scanf-3.c vfscanf (test for warnings, line 21)
FAIL: gcc.dg/format/ext-6.c vfscanf (test for warnings, line 42)
FAIL: gcc.dg/format/ext-6.c vfscanf (test for warnings, line 42)
FAIL: gcc.dg/format/plus-1.c zero-length string (test for warnings, line 15)
FAIL: gcc.dg/format/plus-1.c zero-length string (test for warnings, line 15)
FAIL: gcc.dg/format/strfmon-1.c empty (test for warnings, line 58)
FAIL: gcc.dg/format/strfmon-1.c null format string (test for warnings, line 59)
FAIL: gcc.dg/format/strfmon-1.c empty (test for warnings, line 58)
FAIL: gcc.dg/format/strfmon-1.c null format string (test for warnings, line 59)
=== gcc Summary ===
# of expected passes 18466
# of unexpected failures 47
# of unexpected successes 1
# of expected failures 75
# of unresolved testcases 15
# of unsupported tests 118
/u2/hack/gnu-toolchain/gcc/build/alpha/gcc/xgcc version 3.2 20020515 (experimental)
=== objc tests ===
Running target unix
=== objc Summary ===
# of expected passes 1036
# of expected failures 6
/u2/hack/gnu-toolchain/gcc/build/alpha/gcc/xgcc version 3.2 20020515 (experimental)
Compiler version: 3.2 20020515 (experimental)
Platform: alpha-unknown-netbsd
configure flags: --disable-shared --prefix=/usr/local/gnu --host=alpha-unknown-netbsd --target=alpha-unknown-netbsd