This is the mail archive of the gcc-testresults@gcc.gnu.org mailing list for the GCC project.


Index Nav: [Date Index] [Subject Index] [Author Index] [Thread Index]
Message Nav: [Date Prev] [Date Next] [Thread Prev] [Thread Next]
Other format: [Raw text]

Results for 3.2 20020514 (experimental) testsuite on sparc-unknown-linux-gnu


LAST_UPDATED: Wed May 15 03:45:17 UTC 2002

Native configuration is sparc-unknown-linux-gnu

		=== g++ tests ===


Running target unix
FAIL: g++.dg/abi/rtti1.C scan-assembler-dem-not typeinfo for A[: \\t\\n]
FAIL: g++.dg/template/typename2.C (test for excess errors)
FAIL: g++.dg/warn/Wunused-2.C  (test for warnings, line 5)
FAIL: g++.jason/typeid1.C  Execution test
FAIL: g++.law/arg8.C  Execution test
FAIL: g++.mike/eh2.C  Execution test
FAIL: g++.mike/net34.C  Execution test
FAIL: g++.other/unchanging1.C  Execution test
FAIL: g++.robertl/eb118.C  Execution test
FAIL: g++.robertl/eb27.C  Execution test
FAIL: g++.robertl/eb41.C  Execution test
FAIL: g++.robertl/eb77.C  Execution test

		=== g++ Summary ===

# of expected passes		7313
# of unexpected failures	12
# of expected failures		87
# of untested testcases		22
# of unsupported tests		4
/disk1/davem/GCC/cvs/mainline/build-sparc-linux/gcc/testsuite/../g++ version 3.2 20020514 (experimental)

		=== gcc tests ===


Running target unix
FAIL: cmdlne-dM-M.c: #define line not printed

		=== gcc Summary ===

# of expected passes		18547
# of unexpected failures	1
# of expected failures		66
# of unsupported tests		114
/disk1/davem/GCC/cvs/mainline/build-sparc-linux/gcc/xgcc version 3.2 20020514 (experimental)

		=== objc tests ===


Running target unix

		=== objc Summary ===

# of expected passes		1036
# of expected failures		6
/disk1/davem/GCC/cvs/mainline/build-sparc-linux/gcc/xgcc version 3.2 20020514 (experimental)

		=== libstdc++-v3 tests ===


Running target unix
FAIL: 21_strings/char_traits_requirements.cc execution test
FAIL: 21_strings/inserters_extractors.cc execution test
FAIL: 22_locale/ctype_members_wchar_t.cc execution test
XPASS: 22_locale/ctype_scan_wchar_t.cc execution test
XPASS: 22_locale/members.cc execution test
XPASS: 22_locale/messages_byname.cc execution test
XPASS: 22_locale/messages_members_char.cc execution test
XPASS: 22_locale/moneypunct_byname.cc execution test
XPASS: 22_locale/moneypunct_members_char.cc execution test
XPASS: 22_locale/moneypunct_members_wchar_t.cc execution test
XPASS: 22_locale/num_get_members_char.cc execution test
XPASS: 22_locale/num_get_members_wchar_t.cc execution test
XPASS: 22_locale/numpunct_byname.cc execution test
XPASS: 22_locale/numpunct_members_char.cc execution test
XPASS: 22_locale/numpunct_members_wchar_t.cc execution test
XPASS: 22_locale/time_get_members_char.cc execution test
XPASS: 22_locale/time_get_members_wchar_t.cc execution test
FAIL: 23_containers/multiset.cc execution test
FAIL: 26_numerics/binary_closure.cc execution test
FAIL: 26_numerics/c99_classification_macros_c.cc (test for excess errors)
FAIL: 26_numerics/complex_inserters_extractors.cc execution test
FAIL: 27_io/ios_base_members_static.cc execution test
FAIL: 27_io/ios_manip_basefield.cc execution test
FAIL: 27_io/ios_manip_fmtflags.cc execution test
FAIL: 27_io/istream_extractor_arith.cc execution test
FAIL: 27_io/istream_extractor_char.cc execution test
FAIL: 27_io/istream_seeks.cc execution test
FAIL: 27_io/narrow_stream_objects.cc execution test
FAIL: 27_io/ostream_inserter_arith.cc execution test
FAIL: 27_io/ostream_inserter_char.cc execution test
FAIL: 27_io/ostream_manip.cc execution test
FAIL: 27_io/ostream_unformatted.cc execution test
FAIL: 27_io/streambuf.cc execution test
FAIL: 27_io/stringbuf.cc execution test
FAIL: 27_io/stringstream.cc execution test
FAIL: 27_io/wide_stream_objects.cc execution test

		=== libstdc++-v3 Summary ===

# of expected passes		356
# of unexpected failures	22
# of unexpected successes	14
# of expected failures		12

Compiler version: 3.2 20020514 (experimental) 
Platform: sparc-unknown-linux-gnu
configure flags: --host=sparc-unknown-linux-gnu --prefix=/usr/local --enable-shared --enable-threads --enable-languages=c,c++,g77,objc


Index Nav: [Date Index] [Subject Index] [Author Index] [Thread Index]
Message Nav: [Date Prev] [Date Next] [Thread Prev] [Thread Next]