This is the mail archive of the
gcc-testresults@gcc.gnu.org
mailing list for the GCC project.
Results for 3.2 20020513 (experimental) testsuite on ia64-suse-linux-gnu
- From: Andreas Schwab <schwab at suse dot de>
- To: gcc-testresults at gcc dot gnu dot org
- Date: Tue, 14 May 2002 20:58:40 +0200
- Subject: Results for 3.2 20020513 (experimental) testsuite on ia64-suse-linux-gnu
LAST_UPDATED: Tue May 14 08:08:12 UTC 2002
Native configuration is ia64-suse-linux-gnu
=== g++ tests ===
Running target unix
FAIL: g++.dg/template/typename2.C (test for excess errors)
FAIL: g++.dg/warn/Wunused-2.C (test for warnings, line 5)
FAIL: g++.pt/repo3.C (test for excess errors)
=== g++ Summary ===
# of expected passes 7138
# of unexpected failures 3
# of expected failures 87
# of untested testcases 23
# of unsupported tests 4
/tmp/cvs/gcc-20020514/Build/gcc/testsuite/../g++ version 3.2 20020513 (experimental)
=== g77 tests ===
Running target unix
FAIL: g77.f-torture/execute/6367.f execution, -O0
FAIL: g77.f-torture/execute/6367.f execution, -O1
FAIL: g77.f-torture/execute/6367.f execution, -O2
FAIL: g77.f-torture/execute/6367.f execution, -O3 -fomit-frame-pointer
FAIL: g77.f-torture/execute/6367.f execution, -O3 -fomit-frame-pointer -funroll-loops
FAIL: g77.f-torture/execute/6367.f execution, -O3 -fomit-frame-pointer -funroll-all-loops -finline-functions
FAIL: g77.f-torture/execute/6367.f execution, -O3 -g
FAIL: g77.f-torture/execute/6367.f execution, -Os
=== g77 Summary ===
# of expected passes 1618
# of unexpected failures 8
# of unsupported tests 8
/tmp/cvs/gcc-20020514/Build/gcc/testsuite/../g77 version 3.2 20020513 (experimental)
=== gcc tests ===
Running target unix
FAIL: gcc.c-torture/execute/20011219-1.c compilation, -O2
UNRESOLVED: gcc.c-torture/execute/20011219-1.c execution, -O2
FAIL: gcc.c-torture/execute/20011219-1.c compilation, -Os
UNRESOLVED: gcc.c-torture/execute/20011219-1.c execution, -Os
FAIL: cmdlne-dM-M.c: #define line not printed
XPASS: gcc.dg/c99-intconst-1.c (test for excess errors)
=== gcc Summary ===
# of expected passes 18192
# of unexpected failures 3
# of unexpected successes 1
# of expected failures 84
# of unresolved testcases 2
# of unsupported tests 112
/tmp/cvs/gcc-20020514/Build/gcc/xgcc version 3.2 20020513 (experimental)
=== objc tests ===
Running target unix
=== objc Summary ===
# of expected passes 1036
# of expected failures 6
/tmp/cvs/gcc-20020514/Build/gcc/xgcc version 3.2 20020513 (experimental)
=== libjava tests ===
Running target unix
FAIL: calls run
WARNING: program timed out.
FAIL: cxxtest run
FAIL: field run
FAIL: final_method run
FAIL: findclass run
FAIL: invoke run
FAIL: martin run
FAIL: noclass run
FAIL: overload run
FAIL: register run
FAIL: simple_int run
FAIL: throwit run
FAIL: virtual run
FAIL: KeepInline output from source compiled test
FAIL: KeepInline output from bytecode->native test
FAIL: KeepInline -O output from source compiled test
FAIL: KeepInline -O output from bytecode->native test
=== libjava Summary ===
# of expected passes 2114
# of unexpected failures 17
# of expected failures 18
# of untested testcases 27
=== libstdc++-v3 tests ===
Running target unix
FAIL: 20_util/temporary_buffer.cc (test for excess errors)
WARNING: 20_util/temporary_buffer.cc compilation failed to produce executable
XPASS: 22_locale/collate_byname.cc execution test
XPASS: 22_locale/collate_members_char.cc execution test
XPASS: 22_locale/collate_members_wchar_t.cc execution test
XPASS: 22_locale/ctype_members_char.cc execution test
XPASS: 22_locale/ctype_scan_wchar_t.cc execution test
XPASS: 22_locale/members.cc execution test
XPASS: 22_locale/messages_byname.cc execution test
XPASS: 22_locale/messages_members_char.cc execution test
XPASS: 22_locale/money_get_members_char.cc execution test
XPASS: 22_locale/money_put_members_char.cc execution test
XPASS: 22_locale/moneypunct_byname.cc execution test
XPASS: 22_locale/moneypunct_members_char.cc execution test
XPASS: 22_locale/moneypunct_members_wchar_t.cc execution test
XPASS: 22_locale/num_get_members_char.cc execution test
XPASS: 22_locale/num_get_members_wchar_t.cc execution test
XPASS: 22_locale/num_put_members_char.cc execution test
XPASS: 22_locale/num_put_members_wchar_t.cc execution test
XPASS: 22_locale/numpunct_byname.cc execution test
XPASS: 22_locale/numpunct_members_char.cc execution test
XPASS: 22_locale/numpunct_members_wchar_t.cc execution test
XPASS: 22_locale/time_get_members_char.cc execution test
XPASS: 22_locale/time_get_members_wchar_t.cc execution test
XPASS: 22_locale/time_put_members_char.cc execution test
XPASS: 22_locale/time_put_members_wchar_t.cc execution test
FAIL: 25_algorithms/binary_search.cc (test for excess errors)
WARNING: 25_algorithms/binary_search.cc compilation failed to produce executable
FAIL: 26_numerics/c99_classification_macros_c.cc (test for excess errors)
FAIL: ext/concept_checks.cc (test for excess errors)
WARNING: ext/concept_checks.cc compilation failed to produce executable
=== libstdc++-v3 Summary ===
# of expected passes 371
# of unexpected failures 4
# of unexpected successes 24
# of expected failures 2
Compiler version: 3.2 20020513 (experimental)
Platform: ia64-suse-linux-gnu
configure flags: --host=ia64-suse-linux --enable-shared --enable-threads --with-system-zlib