This is the mail archive of the
gcc-testresults@gcc.gnu.org
mailing list for the GCC project.
Results for 3.2 20020513 (experimental) testsuite on powerpc-ibm-aix4.3.3.0
- From: David Edelsohn <dje at watson dot ibm dot com>
- To: gcc-testresults at gcc dot gnu dot org
- Date: Tue, 14 May 2002 10:59:49 -0400
- Subject: Results for 3.2 20020513 (experimental) testsuite on powerpc-ibm-aix4.3.3.0
LAST_UPDATED: Mon May 13 14:54:53 UTC 2002
Native configuration is powerpc-ibm-aix4.3.3.0
=== g++ tests ===
Running target unix
FAIL: g++.dg/eh/new1.C (test for excess errors)
WARNING: g++.dg/eh/new1.C compilation failed to produce executable
FAIL: g++.dg/template/typename2.C (test for excess errors)
FAIL: g++.dg/warn/Wunused-2.C (test for warnings, line 5)
FAIL: g++.dg/warn/weak1.C (test for excess errors)
FAIL: g++.dg/special/conpr-1.C execution test
FAIL: g++.dg/special/conpr-2.C execution test
FAIL: g++.dg/special/conpr-3.C execution test
FAIL: g++.dg/special/conpr-3.C execution test
FAIL: g++.dg/special/initp1.C execution test
FAIL: g++.abi/cxa_vec.C (test for excess errors)
FAIL: g++.abi/ptrflags.C (test for excess errors)
FAIL: g++.abi/vmihint.C (test for excess errors)
FAIL: g++.brendan/new3.C Execution test
FAIL: g++.eh/ia64-1.C (test for excess errors)
FAIL: g++.eh/spec1.C (test for excess errors)
FAIL: g++.eh/spec2.C (test for excess errors)
FAIL: g++.eh/spec3.C (test for excess errors)
FAIL: g++.eh/spec4.C (test for excess errors)
FAIL: g++.ext/attrib5.C (test for excess errors)
FAIL: g++.jason/thunk3.C (test for excess errors)
FAIL: g++.law/virtual3.C (test for excess errors)
FAIL: g++.mike/dyncast1.C (test for excess errors)
FAIL: g++.mike/dyncast2.C (test for excess errors)
FAIL: g++.mike/dyncast7.C (test for excess errors)
FAIL: g++.mike/p755.C (test for excess errors)
FAIL: g++.ns/new1.C (test for excess errors)
FAIL: g++.other/comdat3.C (test for excess errors)
FAIL: g++.other/mangle3.C (test for excess errors)
FAIL: g++.other/new7.C (test for excess errors)
XPASS: g++.pt/const2.C (test for excess errors)
XPASS: g++.pt/const2.C Execution test
FAIL: g++.pt/static3.C (test for excess errors)
FAIL: g++.pt/static6.C (test for excess errors)
=== g++ Summary ===
# of expected passes 7180
# of unexpected failures 31
# of unexpected successes 2
# of expected failures 104
# of untested testcases 23
# of unsupported tests 4
/gcc/dje/build/powerpc-ibm-aix4.3.3.0-20020513/gcc/testsuite/../g++ version 3.2 20020513 (experimental)
=== g77 tests ===
Running target unix
FAIL: g77.f-torture/execute/6367.f execution, -O0
FAIL: g77.f-torture/execute/6367.f execution, -O1
FAIL: g77.f-torture/execute/6367.f execution, -O2
FAIL: g77.f-torture/execute/6367.f execution, -O3 -fomit-frame-pointer
FAIL: g77.f-torture/execute/6367.f execution, -O3 -fomit-frame-pointer -funroll-loops
FAIL: g77.f-torture/execute/6367.f execution, -O3 -fomit-frame-pointer -funroll-all-loops -finline-functions
FAIL: g77.f-torture/execute/6367.f execution, -O3 -g
FAIL: g77.f-torture/execute/6367.f execution, -Os
=== g77 Summary ===
# of expected passes 1618
# of unexpected failures 8
# of unsupported tests 8
/gcc/dje/build/powerpc-ibm-aix4.3.3.0-20020513/gcc/testsuite/../g77 version 3.2 20020513 (experimental)
=== gcc tests ===
Running target unix
FAIL: gcc.c-torture/compile/981001-2.c, -O3 -fomit-frame-pointer
FAIL: gcc.c-torture/compile/981001-2.c, -O3 -g
FAIL: gcc.c-torture/compile/990801-1.c, -O3 -fomit-frame-pointer -funroll-all-loops -finline-functions
FAIL: gcc.c-torture/compile/20011119-1.c, -O3 -fomit-frame-pointer
FAIL: gcc.c-torture/compile/20011119-1.c, -O3 -g
FAIL: gcc.c-torture/compile/20011119-2.c, -O0
FAIL: gcc.c-torture/compile/20011119-2.c, -O1
FAIL: gcc.c-torture/compile/20011119-2.c, -O2
FAIL: gcc.c-torture/compile/20011119-2.c, -O3 -fomit-frame-pointer
FAIL: gcc.c-torture/compile/20011119-2.c, -O3 -g
FAIL: gcc.c-torture/compile/20011119-2.c, -Os
FAIL: gcc.c-torture/execute/20020412-1.c execution, -O0
FAIL: gcc.c-torture/execute/20020412-1.c execution, -O1
FAIL: gcc.c-torture/execute/20020412-1.c execution, -O2
FAIL: gcc.c-torture/execute/20020412-1.c execution, -O3 -fomit-frame-pointer
FAIL: gcc.c-torture/execute/20020412-1.c execution, -O3 -fomit-frame-pointer -funroll-loops
FAIL: gcc.c-torture/execute/20020412-1.c execution, -O3 -fomit-frame-pointer -funroll-all-loops -finline-functions
FAIL: gcc.c-torture/execute/20020412-1.c execution, -O3 -g
FAIL: gcc.c-torture/execute/20020412-1.c execution, -Os
FAIL: gcc.c-torture/execute/conversion.c execution, -O2
FAIL: gcc.c-torture/execute/conversion.c execution, -Os
FAIL: gcc.c-torture/execute/eeprof-1.c execution, -O0
FAIL: gcc.c-torture/execute/eeprof-1.c execution, -O1
FAIL: gcc.c-torture/execute/eeprof-1.c execution, -O2
FAIL: gcc.c-torture/execute/eeprof-1.c execution, -O3 -fomit-frame-pointer
FAIL: gcc.c-torture/execute/eeprof-1.c execution, -O3 -g
FAIL: gcc.c-torture/execute/eeprof-1.c execution, -Os
FAIL: gcc.c-torture/execute/ieee/20010114-2.c execution, -O1
FAIL: gcc.c-torture/execute/ieee/20010114-2.c execution, -O2
FAIL: gcc.c-torture/execute/ieee/20010114-2.c execution, -Os
FAIL: gcc.c-torture/execute/ieee/980619-1.c execution, -O1
FAIL: gcc.c-torture/execute/ieee/980619-1.c execution, -O2
FAIL: gcc.c-torture/execute/ieee/980619-1.c execution, -O3 -fomit-frame-pointer
FAIL: gcc.c-torture/execute/ieee/980619-1.c execution, -O3 -fomit-frame-pointer -funroll-loops
FAIL: gcc.c-torture/execute/ieee/980619-1.c execution, -O3 -fomit-frame-pointer -funroll-all-loops -finline-functions
FAIL: gcc.c-torture/execute/ieee/980619-1.c execution, -O3 -g
FAIL: gcc.c-torture/execute/ieee/980619-1.c execution, -Os
FAIL: gcc.c-torture/execute/ieee/rbug.c execution, -O2
FAIL: gcc.c-torture/execute/ieee/rbug.c execution, -Os
FAIL: cmdlne-dM-M.c: #define line not printed
FAIL: gcc.dg/20020103-1.c scan-assembler-not LC
FAIL: gcc.dg/20020118-1.c execution test
FAIL: gcc.dg/altivec-7.c (test for excess errors)
FAIL: gcc.dg/altivec-8.c (test for excess errors)
FAIL: gcc.dg/asm-fs-1.c scan-assembler-not \\*_bar
FAIL: gcc.dg/asm-names.c (test for excess errors)
FAIL: gcc.dg/c99-float-1.c (test for excess errors)
FAIL: gcc.dg/weak-1.c scan-assembler weak[^ ]*[ ]_?a
FAIL: gcc.dg/weak-1.c scan-assembler weak[^ ]*[ ]_?b
FAIL: gcc.dg/weak-1.c scan-assembler weak[^ ]*[ ]_?c
FAIL: gcc.dg/weak-1.c scan-assembler weak[^ ]*[ ]_?d
FAIL: gcc.dg/weak-1.c scan-assembler weak[^ ]*[ ]_?e
FAIL: gcc.dg/weak-1.c scan-assembler weak[^ ]*[ ]_?g
FAIL: gcc.dg/weak-1.c scan-assembler weak[^ ]*[ ]_?j
FAIL: gcc.dg/weak-2.c applying #pragma weak (test for warnings, line 33)
FAIL: gcc.dg/weak-2.c scan-assembler weak[^ ]*[ ]ffoo1a
FAIL: gcc.dg/weak-2.c scan-assembler weak[^ ]*[ ]ffoo1b
FAIL: gcc.dg/weak-2.c scan-assembler weak[^ ]*[ ]ffoo1c
FAIL: gcc.dg/weak-2.c scan-assembler weak[^ ]*[ ]ffoo1e
FAIL: gcc.dg/weak-3.c (test for excess errors)
FAIL: gcc.dg/weak-3.c scan-assembler weak[^ ]*[ ]ffoo1a
FAIL: gcc.dg/weak-3.c scan-assembler weak[^ ]*[ ]ffoo1b
FAIL: gcc.dg/weak-3.c scan-assembler weak[^ ]*[ ]ffoo1c
FAIL: gcc.dg/weak-3.c scan-assembler weak[^ ]*[ ]ffoo1e
FAIL: gcc.dg/weak-3.c scan-assembler weak[^ ]*[ ]ffoo1f
FAIL: gcc.dg/weak-3.c scan-assembler weak[^ ]*[ ]ffoo1g
FAIL: gcc.dg/weak-4.c applying #pragma weak (test for warnings, line 41)
FAIL: gcc.dg/weak-4.c applying #pragma weak (test for warnings, line 73)
FAIL: gcc.dg/weak-4.c scan-assembler weak[^ ]*[ ]vfoo1a
FAIL: gcc.dg/weak-4.c scan-assembler weak[^ ]*[ ]vfoo1b
FAIL: gcc.dg/weak-4.c scan-assembler weak[^ ]*[ ]vfoo1c
FAIL: gcc.dg/weak-4.c scan-assembler weak[^ ]*[ ]vfoo1d
FAIL: gcc.dg/weak-4.c scan-assembler weak[^ ]*[ ]vfoo1e
FAIL: gcc.dg/weak-4.c scan-assembler weak[^ ]*[ ]vfoo1f
FAIL: gcc.dg/weak-4.c scan-assembler weak[^ ]*[ ]vfoo1g
FAIL: gcc.dg/weak-4.c scan-assembler weak[^ ]*[ ]vfoo1h
FAIL: gcc.dg/weak-4.c scan-assembler weak[^ ]*[ ]vfoo1i
FAIL: gcc.dg/weak-4.c scan-assembler weak[^ ]*[ ]vfoo1j
FAIL: gcc.dg/weak-4.c scan-assembler weak[^ ]*[ ]vfoo1k
FAIL: gcc.dg/weak-5.c (test for excess errors)
FAIL: gcc.dg/weak-5.c scan-assembler weak[^ ]*[ ]vfoo1a
FAIL: gcc.dg/weak-5.c scan-assembler weak[^ ]*[ ]vfoo1b
FAIL: gcc.dg/weak-5.c scan-assembler weak[^ ]*[ ]vfoo1c
FAIL: gcc.dg/weak-5.c scan-assembler weak[^ ]*[ ]vfoo1d
FAIL: gcc.dg/weak-5.c scan-assembler weak[^ ]*[ ]vfoo1e
FAIL: gcc.dg/weak-5.c scan-assembler weak[^ ]*[ ]vfoo1f
FAIL: gcc.dg/weak-5.c scan-assembler weak[^ ]*[ ]vfoo1g
FAIL: gcc.dg/weak-5.c scan-assembler weak[^ ]*[ ]vfoo1h
FAIL: gcc.dg/weak-5.c scan-assembler weak[^ ]*[ ]vfoo1i
FAIL: gcc.dg/weak-5.c scan-assembler weak[^ ]*[ ]vfoo1j
FAIL: gcc.dg/weak-5.c scan-assembler weak[^ ]*[ ]vfoo1k
FAIL: gcc.dg/weak-5.c scan-assembler weak[^ ]*[ ]vfoo1l
FAIL: gcc.dg/weak-6.c (test for errors, line 4)
FAIL: gcc.dg/weak-7.c (test for excess errors)
FAIL: alias-1.c
FAIL: alias-2.c
FAIL: 20000419-2.c
=== gcc Summary ===
# of expected passes 18263
# of unexpected failures 97
# of expected failures 62
# of unsupported tests 119
/gcc/dje/build/powerpc-ibm-aix4.3.3.0-20020513/gcc/xgcc version 3.2 20020513 (experimental)
=== objc tests ===
Running target unix
=== objc Summary ===
# of expected passes 1036
# of expected failures 6
/gcc/dje/build/powerpc-ibm-aix4.3.3.0-20020513/gcc/xgcc version 3.2 20020513 (experimental)
=== libstdc++-v3 tests ===
Running target unix
FAIL: 19_diagnostics/stdexceptions.cc (test for excess errors)
WARNING: 19_diagnostics/stdexceptions.cc compilation failed to produce executable
FAIL: 20_util/allocator_members.cc execution test
FAIL: 21_strings/append.cc (test for excess errors)
WARNING: 21_strings/append.cc compilation failed to produce executable
FAIL: 21_strings/ctor_copy_dtor.cc (test for excess errors)
WARNING: 21_strings/ctor_copy_dtor.cc compilation failed to produce executable
FAIL: 21_strings/element_access.cc (test for excess errors)
WARNING: 21_strings/element_access.cc compilation failed to produce executable
FAIL: 21_strings/insert.cc (test for excess errors)
WARNING: 21_strings/insert.cc compilation failed to produce executable
FAIL: 21_strings/inserters_extractors.cc (test for excess errors)
WARNING: 21_strings/inserters_extractors.cc compilation failed to produce executable
FAIL: 21_strings/substr.cc (test for excess errors)
WARNING: 21_strings/substr.cc compilation failed to produce executable
XPASS: 22_locale/collate_members_wchar_t.cc execution test
FAIL: 22_locale/ctype_members_char.cc (test for excess errors)
WARNING: 22_locale/ctype_members_char.cc compilation failed to produce executable
FAIL: 22_locale/ctype_scan_char.cc (test for excess errors)
WARNING: 22_locale/ctype_scan_char.cc compilation failed to produce executable
XPASS: 22_locale/ctype_scan_wchar_t.cc execution test
FAIL: 22_locale/facet.cc (test for excess errors)
WARNING: 22_locale/facet.cc compilation failed to produce executable
FAIL: 22_locale/global_templates.cc (test for excess errors)
WARNING: 22_locale/global_templates.cc compilation failed to produce executable
FAIL: 22_locale/money_get_members_char.cc (test for excess errors)
WARNING: 22_locale/money_get_members_char.cc compilation failed to produce executable
XPASS: 22_locale/money_get_members_wchar_t.cc execution test
FAIL: 22_locale/money_put_members_char.cc (test for excess errors)
WARNING: 22_locale/money_put_members_char.cc compilation failed to produce executable
XPASS: 22_locale/money_put_members_wchar_t.cc execution test
XPASS: 22_locale/moneypunct_members_wchar_t.cc execution test
FAIL: 22_locale/num_get_members_char.cc (test for excess errors)
WARNING: 22_locale/num_get_members_char.cc compilation failed to produce executable
XPASS: 22_locale/num_get_members_wchar_t.cc execution test
FAIL: 22_locale/num_put_members_char.cc (test for excess errors)
WARNING: 22_locale/num_put_members_char.cc compilation failed to produce executable
XPASS: 22_locale/num_put_members_wchar_t.cc execution test
XPASS: 22_locale/numpunct_members_wchar_t.cc execution test
FAIL: 22_locale/operators.cc (test for excess errors)
WARNING: 22_locale/operators.cc compilation failed to produce executable
FAIL: 22_locale/static_members.cc (test for excess errors)
WARNING: 22_locale/static_members.cc compilation failed to produce executable
FAIL: 22_locale/time_get_members_char.cc (test for excess errors)
WARNING: 22_locale/time_get_members_char.cc compilation failed to produce executable
XPASS: 22_locale/time_get_members_wchar_t.cc execution test
FAIL: 22_locale/time_put_members_char.cc (test for excess errors)
WARNING: 22_locale/time_put_members_char.cc compilation failed to produce executable
XPASS: 22_locale/time_put_members_wchar_t.cc execution test
FAIL: 23_containers/bitset_ctor.cc (test for excess errors)
WARNING: 23_containers/bitset_ctor.cc compilation failed to produce executable
FAIL: 23_containers/bitset_members.cc (test for excess errors)
WARNING: 23_containers/bitset_members.cc compilation failed to produce executable
FAIL: 23_containers/vector_element_access.cc (test for excess errors)
WARNING: 23_containers/vector_element_access.cc compilation failed to produce executable
FAIL: 26_numerics/complex_inserters_extractors.cc (test for excess errors)
WARNING: 26_numerics/complex_inserters_extractors.cc compilation failed to produce executable
FAIL: 27_io/filebuf_members.cc (test for excess errors)
WARNING: 27_io/filebuf_members.cc compilation failed to produce executable
FAIL: 27_io/filebuf_virtuals.cc (test for excess errors)
WARNING: 27_io/filebuf_virtuals.cc compilation failed to produce executable
FAIL: 27_io/ios_base_storage.cc (test for excess errors)
WARNING: 27_io/ios_base_storage.cc compilation failed to produce executable
FAIL: 27_io/ios_init.cc (test for excess errors)
WARNING: 27_io/ios_init.cc compilation failed to produce executable
FAIL: 27_io/ios_manip_basefield.cc (test for excess errors)
WARNING: 27_io/ios_manip_basefield.cc compilation failed to produce executable
FAIL: 27_io/ios_manip_fmtflags.cc (test for excess errors)
WARNING: 27_io/ios_manip_fmtflags.cc compilation failed to produce executable
FAIL: 27_io/ios_members.cc (test for excess errors)
WARNING: 27_io/ios_members.cc compilation failed to produce executable
FAIL: 27_io/istream_extractor_arith.cc (test for excess errors)
WARNING: 27_io/istream_extractor_arith.cc compilation failed to produce executable
FAIL: 27_io/istringstream_members.cc (test for excess errors)
WARNING: 27_io/istringstream_members.cc compilation failed to produce executable
FAIL: 27_io/ostream_inserter_arith.cc (test for excess errors)
WARNING: 27_io/ostream_inserter_arith.cc compilation failed to produce executable
FAIL: 27_io/ostringstream_members.cc (test for excess errors)
WARNING: 27_io/ostringstream_members.cc compilation failed to produce executable
FAIL: 27_io/streambuf.cc (test for excess errors)
WARNING: 27_io/streambuf.cc compilation failed to produce executable
FAIL: 27_io/stringstream.cc (test for excess errors)
WARNING: 27_io/stringstream.cc compilation failed to produce executable
FAIL: 27_io/stringstream_members.cc (test for excess errors)
WARNING: 27_io/stringstream_members.cc compilation failed to produce executable
=== libstdc++-v3 Summary ===
# of expected passes 298
# of unexpected failures 38
# of unexpected successes 10
# of expected failures 9
# of unsupported tests 6
Compiler version: 3.2 20020513 (experimental)
Platform: powerpc-ibm-aix4.3.3.0
configure flags: --host=powerpc-ibm-aix4.3.3.0 --prefix=/gcc/dje/install/powerpc-ibm-aix4.3.3.0-20020513 --disable-win32-registry --disable-nls